000
CXUS54 KFWD 010830
CF6GOP
PRELIMINARY LOCAL CLIMATOLOGICAL DATA (WS FORM: F-6)
STATION: GATESVILLE
MONTH: NOVEMBER
YEAR: 2022
LATITUDE: 31 25 N
LONGITUDE: 97 48 W
TEMPERATURE IN F: :PCPN: SNOW: WIND :SUNSHINE: SKY :PK WND
================================================================================
1 2 3 4 5 6A 6B 7 8 9 10 11 12 13 14 15 16 17 18
12Z AVG MX 2MIN
DY MAX MIN AVG DEP HDD CDD WTR SNW DPTH SPD SPD DIR MIN PSBL S-S WX SPD DR
================================================================================
1 75 54 65 4 0 0 0.00 M M M M M M M 1 1 M M
2 75 55 65 4 0 0 0.00 M M M M M M M 5 12 M M
3 81 66 74 14 0 9 0.00 M M M M M M M 7 1 M M
4 84 52 68 8 0 3 0.00 M M M M M M M 5 M M
5 72 43 58 -2 7 0 0.00 M M M M M M M 0 M M
6 86 48 67 8 0 2 0.00 M M M M M M M 0 M M
7 77 66 72 13 0 7 0.67 M M M M M M M 5 12 M M
8 75 63 69 10 0 4 0.00 M M M M M M M 6 12 M M
9 79 66 73 15 0 8 0.00 M M M M M M M 3 M M
10 77 64 71 13 0 6 0.00 M M M M M M M 6 1 M M
11 68 39 54 -4 11 0 0.67 M M M M M M M 7 13 M M
12 52 34 43 -14 22 0 0.00 M M M M M M M 0 M M
13 55 28 42 -15 23 0 0.00 M M M M M M M 0 8 M M
14 50 43 47 -9 18 0 0.10 M M M M M M M 10 1 M M
15 48 37 43 -13 22 0 0.00 M M M M M M M 4 8 M M
16 52 37 45 -11 20 0 0.00 M M M M M M M 2 18 M M
17 59 36 48 -7 17 0 0.00 M M M M M M M 0 8 M M
18 54 37 46 -9 19 0 0.00 M M M M M M M 7 M M
19 43 36 40 -14 25 0 0.00 M M M M M M M 6 M M
20 45 30 38 -16 27 0 0.03 M M M M M M M 1 M M
21 45 39 42 -12 23 0 0.07 M M M M M M M 9 18 M M
22 57 43 50 -3 15 0 0.00 M M M M M M M 8 1 M M
23 59 50 55 2 10 0 0.06 M M M M M M M 9 M M
24 61 55 58 6 7 0 2.17 M M M M M M M 10 123 M M
25 55 50 53 1 12 0 0.35 M M M M M M M 10 1 M M
26 55 41 48 -4 17 0 0.63 M M M M M M M 6 1 M M
27 66 37 52 1 13 0 0.00 M M M M M M M 0 M M
28 72 37 55 4 10 0 0.00 M M M M M M M 1 M M
29 84 46 65 14 0 0 0.00 M M M M M M M 3 M M
30 52 34 43 -7 22 0 0.00 M M M M M M M 0 M M
================================================================================
SM 1913 1366 340 39 4.75 M M M 131
================================================================================
AV 63.8 45.5 M FASTST M M 4 MAX(MPH)
MISC ----> M M M M
================================================================================
NOTES:
# LAST OF SEVERAL OCCURRENCES
COLUMN 17 PEAK WIND IN M.P.H.
PRELIMINARY LOCAL CLIMATOLOGICAL DATA (WS FORM: F-6) , PAGE 2
STATION: GATESVILLE
MONTH: NOVEMBER
YEAR: 2022
LATITUDE: 31 25 N
LONGITUDE: 97 48 W
[TEMPERATURE DATA] [PRECIPITATION DATA] SYMBOLS USED IN COLUMN 16
AVERAGE MONTHLY: 54.7 TOTAL FOR MONTH: 4.75 1 = FOG OR MIST
DPTR FM NORMAL: -1.0 DPTR FM NORMAL: M 2 = FOG REDUCING VISIBILITY
HIGHEST: 86 ON 6 GRTST 24HR 2.17 ON 24-24 TO 1/4 MILE OR LESS
LOWEST: 28 ON 13 3 = THUNDER
SNOW, ICE PELLETS, HAIL 4 = ICE PELLETS
TOTAL MONTH: M 5 = HAIL
GRTST 24HR M ON M 6 = FREEZING RAIN OR DRIZZLE
GRTST DEPTH: M ON M 7 = DUSTSTORM OR SANDSTORM:
VSBY 1/2 MILE OR LESS
8 = SMOKE OR HAZE
[NO. OF DAYS WITH] [WEATHER - DAYS WITH] 9 = BLOWING SNOW
X = TORNADO
MAX 32 OR BELOW: 0 0.01 INCH OR MORE: 9
MAX 90 OR ABOVE: 0 0.10 INCH OR MORE: 5
MIN 32 OR BELOW: 2 0.50 INCH OR MORE: 4
MIN 0 OR BELOW: 0 1.00 INCH OR MORE: 1
[HDD (BASE 65) ]
TOTAL THIS MO. 340 CLEAR (SCALE 0-3) 13
DPTR FM NORMAL 39 PTCLDY (SCALE 4-7) 11
TOTAL FM JUL 1 391 CLOUDY (SCALE 8-10) 6
DPTR FM NORMAL -2
[CDD (BASE 65) ]
TOTAL THIS MO. 39
DPTR FM NORMAL 15 [PRESSURE DATA]
TOTAL FM JAN 1 3293 HIGHEST SLP M ON M
DPTR FM NORMAL 979 LOWEST SLP M ON M
[REMARKS]
#FINAL-11-22#