000
CXUS55 KMSO 072303
CLMGPI
CLIMATE REPORT
NATIONAL WEATHER SERVICE MISSOULA MT
403 PM MST THU DEC 07 2023
...................................
...THE KALISPELL MT CLIMATE SUMMARY FOR THE MONTH OF NOVEMBER 2023...
CLIMATE NORMAL PERIOD 1991 TO 2020
CLIMATE RECORD PERIOD 1894 TO 2023
WEATHER OBSERVED NORMAL DEPART LAST YEAR`S
VALUE DATE(S) VALUE FROM VALUE
NORMAL
..............................................................
TEMPERATURE (F)
RECORD
HIGH 69 11/12/1999
LOW -28 11/16/1959
HIGHEST 56 11/03 MM MM 47
LOWEST 9 11/25 MM MM -1
11/28
AVG. MAXIMUM 40.0 39.4 0.6 30.4
AVG. MINIMUM 23.1 23.5 -0.4 17.0
MEAN 31.5 31.4 0.1
DAYS MAX >= 90 0 0.0 0.0 0
DAYS MAX <= 32 5 5.6 -0.6 20
DAYS MIN <= 32 30 25.4 4.6 29
DAYS MIN <= 0 0 0.5 -0.5 1
PRECIPITATION (INCHES)
RECORD
MAXIMUM 4.44 1959
MINIMUM 0.17 1929
TOTALS 2.48 1.35 1.13
DAILY AVG. 0.08 0.04 0.04 0.05
DAYS >= .01 9 12.2 -3.2 14
DAYS >= .10 5 4.5 0.5 4
DAYS >= .50 1 0.3 0.7 1
DAYS >= 1.00 1 0.0 1.0 0
GREATEST
24 HR. TOTAL 1.41 11/02 TO 11/02 0.58
SNOWFALL (INCHES)
TOTALS 1.2 8.0 -6.8 10.2
SINCE 7/1 2.1 9.1 -7.0 MM
DAYS >= TRACE 3 5.5 -2.5 15
DAYS >= 1.0 1 2.8 -1.8 3
GREATEST
SNOW DEPTH MM
24 HR TOTAL MM MM
DEGREE DAYS
HEATING TOTAL 996 1006 -10
SINCE 7/1 1966 2225 -259
COOLING TOTAL 0 0 0
SINCE 1/1 245 143 102
..............................................................
WIND (MPH)
AVERAGE WIND SPEED 3.0
HIGHEST WIND SPEED/DIRECTION 25/040 DATE 11/23
HIGHEST GUST SPEED/DIRECTION 34/210 DATE 11/11
34/040 11/23
SKY COVER
POSSIBLE SUNSHINE (PERCENT) MM
AVERAGE SKY COVER 0.65
NUMBER OF DAYS FAIR 7
NUMBER OF DAYS PC 10
NUMBER OF DAYS CLOUDY 13
AVERAGE RH (PERCENT) 82
WEATHER CONDITIONS. NUMBER OF DAYS WITH
THUNDERSTORM 0 MIXED PRECIP 0
HEAVY RAIN 0 RAIN 3
LIGHT RAIN 9 FREEZING RAIN 0
LT FREEZING RAIN 2 HAIL 0
HEAVY SNOW 0 SNOW 0
LIGHT SNOW 3 SLEET 0
FOG 22 FOG W/VIS <= 1/4 MILE 7
HAZE 2
- INDICATES NEGATIVE NUMBERS.
R INDICATES RECORD WAS SET OR TIED.
MM INDICATES DATA IS MISSING.
T INDICATES TRACE AMOUNT.
$$