000
CXUS53 KGRR 011010
CF6GRR
PRELIMINARY LOCAL CLIMATOLOGICAL DATA (WS FORM: F-6)
STATION: GRAND RAPIDS
MONTH: JANUARY
YEAR: 2024
LATITUDE: 42 52 N
LONGITUDE: 85 31 W
TEMPERATURE IN F: :PCPN: SNOW: WIND :SUNSHINE: SKY :PK WND
================================================================================
1 2 3 4 5 6A 6B 7 8 9 10 11 12 13 14 15 16 17 18
12Z AVG MX 2MIN
DY MAX MIN AVG DEP HDD CDD WTR SNW DPTH SPD SPD DIR MIN PSBL S-S WX SPD DR
================================================================================
1 33 30 32 5 33 0 T T 0 9.3 18 240 M M 10 1 23 230
2 36 30 33 6 32 0 T T 0 15.3 26 240 M M 10 32 230
3 34 30 32 6 33 0 0.01 T 0 9.3 18 350 M M 10 1 24 330
4 32 24 28 2 37 0 0.00 0.0 0 7.5 17 350 M M 9 23 340
5 33 29 31 5 34 0 0.00 0.0 0 8.1 15 200 M M 10 18 210
6 33 28 31 5 34 0 T T 0 8.2 15 100 M M 10 18 19 110
7 36 30 33 7 32 0 0.05 0.3 T 4.9 14 300 M M 10 18 18 310
8 34 31 33 7 32 0 T T 0 10.2 18 100 M M 10 18 24 90
9 34 32 33 8 32 0 0.94 4.1 1 13.6 24 90 M M 10 128 31 70
10 34 30 32 7 33 0 0.06 1.5 5 11.9 22 290 M M 10 1 34 290
11 37 30 34 9 31 0 0.12 0.9 5 7.7 17 290 M M 10 1 22 290
12 34 28 31 6 34 0 0.71 7.0 3 14.7 28 80 M M 10 129 38 80
13 33 21 27 2 38 0 0.22 3.9 10 16.9 31 200 M M 10 189 45 200
14 21 -4 9 -16 56 0 0.62 7.6 15 18.8 30 230 M M 10 19 40 220
15 10 -5 3 -22 62 0 T 0.3 13 12.1 18 200 M M 10 189 24 190
16 11 2 7 -17 58 0 0.04 1.2 12 15.0 25 240 M M 9 19 33 250
17 20 4 12 -12 53 0 0.04 1.8 13 14.2 23 240 M M 9 19 30 250
18 23 17 20 -4 45 0 0.04 1.2 13 6.2 13 260 M M 10 1 16 250
19 21 9 15 -9 50 0 0.07 0.8 12 6.5 14 360 M M 9 1 17 360
20 24 2 13 -11 52 0 0.01 0.2 11 8.8 21 310 M M 7 1 28 290
21 22 14 18 -6 47 0 T T 11 9.8 16 210 M M 8 1 21 220
22 32 14 23 -1 42 0 0.05 0.3 10 11.6 20 210 M M 9 146 24 220
23 34 32 33 9 32 0 0.41 0.1 9 7.3 13 100 M M 10 1246 16 100
24 36 33 35 11 30 0 0.22 0.0 8 5.2 8 80 M M 10 12 9 80
25 38 33 36 12 29 0 0.14 0.0 6 7.3 16 60 M M 10 12 20 60
26 37 34 36 12 29 0 0.81 0.0 4 7.5 18 60 M M 10 1 21 50
27 38 33 36 12 29 0 0.01 0.0 1 4.0 9 40 M M 10 12 12 40
28 40 32 36 12 29 0 0.03 0.0 T 10.1 16 20 M M 10 1 21 360
29 35 31 33 9 32 0 0.00 0.0 T 10.0 15 200 M M 9 1 20 290
30 35 32 34 10 31 0 0.02 0.1 T 7.1 16 200 M M 10 12 23 200
31 39 34 37 13 28 0 0.00 0.0 0 12.1 22 240 M M 10 12 31 240
================================================================================
SM 959 720 1169 0 4.62 31.3 311.2 M 299
================================================================================
AV 30.9 23.2 10.0 FASTST M M 10 MAX(MPH)
MISC ----> 31 200 45 200
================================================================================
NOTES:
# LAST OF SEVERAL OCCURRENCES
COLUMN 17 PEAK WIND IN M.P.H.
PRELIMINARY LOCAL CLIMATOLOGICAL DATA (WS FORM: F-6) , PAGE 2
STATION: GRAND RAPIDS
MONTH: JANUARY
YEAR: 2024
LATITUDE: 42 52 N
LONGITUDE: 85 31 W
[TEMPERATURE DATA] [PRECIPITATION DATA] SYMBOLS USED IN COLUMN 16
AVERAGE MONTHLY: 27.1 TOTAL FOR MONTH: 4.62 1 = FOG OR MIST
DPTR FM NORMAL: 2.3 DPTR FM NORMAL: 2.10 2 = FOG REDUCING VISIBILITY
HIGHEST: 40 ON 28 GRTST 24HR 5.92 ON 15-15 TO 1/4 MILE OR LESS
LOWEST: -5 ON 15 3 = THUNDER
SNOW, ICE PELLETS, HAIL 4 = ICE PELLETS
TOTAL MONTH: 31.3 INCHES 5 = HAIL
GRTST 24HR 7.6 ON 14-14 6 = FREEZING RAIN OR DRIZZLE
GRTST DEPTH: 15 ON 14 7 = DUSTSTORM OR SANDSTORM:
VSBY 1/2 MILE OR LESS
8 = SMOKE OR HAZE
[NO. OF DAYS WITH] [WEATHER - DAYS WITH] 9 = BLOWING SNOW
X = TORNADO
MAX 32 OR BELOW: 10 0.01 INCH OR MORE: 21
MAX 90 OR ABOVE: 0 0.10 INCH OR MORE: 9
MIN 32 OR BELOW: 26 0.50 INCH OR MORE: 4
MIN 0 OR BELOW: 2 1.00 INCH OR MORE: 0
[HDD (BASE 65) ]
TOTAL THIS MO. 1169 CLEAR (SCALE 0-3) 0
DPTR FM NORMAL -77 PTCLDY (SCALE 4-7) 1
TOTAL FM JUL 1 3233 CLOUDY (SCALE 8-10) 30
DPTR FM NORMAL -398
[CDD (BASE 65) ]
TOTAL THIS MO. 0
DPTR FM NORMAL 0 [PRESSURE DATA]
TOTAL FM JAN 1 0 HIGHEST SLP 30.62 ON 21
DPTR FM NORMAL 0 LOWEST SLP 28.92 ON 9
[REMARKS]
#FINAL-01-24#