000
CXGM50 PGUM 010005
CF6GSN
PRELIMINARY LOCAL CLIMATOLOGICAL DATA (WS FORM: F-6)
STATION: SAIPAN/ISLEY_(CGS) MP
MONTH: JULY
YEAR: 2020
LATITUDE: 15 7 N
LONGITUDE: 145-44 E
TEMPERATURE IN F: :PCPN: SNOW: WIND :SUNSHINE: SKY :PK WND
================================================================================
1 2 3 4 5 6A 6B 7 8 9 10 11 12 13 14 15 16 17 18
12Z AVG MX 2MIN
DY MAX MIN AVG DEP HDD CDD WTR SNW DPTH SPD SPD DIR MIN PSBL S-S WX SPD DR
================================================================================
1 90 77 84 M 0 19 0.13 0.0 0 14.0 40 100 M M 2 53 100
2 92 82 87 M 0 22 0.03 0.0 0 12.5 18 100 M M 3 23 80
3 91 80 86 M 0 21 0.27 0.0 0 11.5 24 70 M M 2 29 70
4 92 81 87 M 0 22 T 0.0 0 13.4 21 90 M M 3 24 80
5 91 79 85 M 0 20 0.10 0.0 0 11.5 20 90 M M 3 25 90
6 91 80 86 M 0 21 0.19 0.0 0 8.6 17 110 M M 3 20 100
7 91 81 86 M 0 21 0.01 0.0 0 7.8 15 110 M M 2 19 90
8 90 80 85 M 0 20 0.03 0.0 0 7.5 14 140 M M 3 18 100
9 92 81 87 M 0 22 T 0.0 0 7.9 14 130 M M 2 19 120
10 92 80 86 M 0 21 0.17 0.0 0 8.5 15 90 M M 4 21 90
11 92 80 86 M 0 21 0.02 0.0 0 10.9 20 60 M M 3 23 70
12 91 80 86 M 0 21 0.12 0.0 0 9.2 18 80 M M 3 3 20 80
13 90 80 85 M 0 20 0.18 0.0 0 9.4 16 110 M M 3 22 90
14 92 82 87 M 0 22 T 0.0 0 13.2 22 80 M M 2 27 90
15 92 80 86 M 0 21 0.02 0.0 0 13.3 25 60 M M 2 33 60
16 93 80 87 M 0 22 0.01 0.0 0 15.4 21 50 M M 3 26 90
17 93 79 86 M 0 21 0.12 0.0 0 15.3 25 70 M M 3 33 110
18 92 80 86 M 0 21 0.04 0.0 0 15.6 25 100 M M 3 31 110
19 92 80 86 M 0 21 0.13 0.0 0 12.9 26 80 M M 3 30 80
20 92 80 86 M 0 21 0.12 0.0 0 14.3 22 90 M M 4 30 60
21 92 78 85 M 0 20 0.25 0.0 0 10.7 22 70 M M 4 26 70
22 91 80 86 M 0 21 0.11 0.0 0 10.7 21 100 M M 4 27 100
23 91 82 87 M 0 22 0.04 0.0 0 10.8 18 100 M M 4 24 110
24 92 79 86 M 0 21 0.08 0.0 0 14.6 22 90 M M 3 29 120
25 92 79 86 M 0 21 0.25 0.0 0 12.7 28 70 M M 3 18 34 70
26 90 78 84 M 0 19 0.18 0.0 0 12.5 26 70 M M 3 31 80
27 90 81 86 M 0 21 0.08 0.0 0 10.9 18 70 M M 2 23 90
28 89 79 84 M 0 19 0.15 0.0 0 6.8 23 100 M M 4 1 27 100
29 89 77 83 M 0 18 0.45 0.0 0 10.3 23 110 M M 4 1 28 100
30 90 82 86 M 0 21 0.00 0.0 0 11.1 17 60 M M 2 21 50
31 91 82 87 M 0 22 0.33 0.0 0 12.2 21 80 M M 3 28 80
================================================================================
SM 2828 2479 0 645 3.61 0.0 356.0 M 92
================================================================================
AV 91.2 80.0 11.5 FASTST M M 3 MAX(MPH)
MISC ----> # 40 100 # 53 100
================================================================================
NOTES:
# LAST OF SEVERAL OCCURRENCES
COLUMN 17 PEAK WIND IN M.P.H.
PRELIMINARY LOCAL CLIMATOLOGICAL DATA (WS FORM: F-6) , PAGE 2
STATION: SAIPAN/ISLEY_(CGS) MP
MONTH: JULY
YEAR: 2020
LATITUDE: 15 7 N
LONGITUDE: 145-44 E
[TEMPERATURE DATA] [PRECIPITATION DATA] SYMBOLS USED IN COLUMN 16
AVERAGE MONTHLY: 85.6 TOTAL FOR MONTH: 3.61 1 = FOG OR MIST
DPTR FM NORMAL: M DPTR FM NORMAL: -4.66 2 = FOG REDUCING VISIBILITY
HIGHEST: 93 ON 17,16 GRTST 24HR 0.45 ON 29-29 TO 1/4 MILE OR LESS
LOWEST: 77 ON 29, 1 3 = THUNDER
SNOW, ICE PELLETS, HAIL 4 = ICE PELLETS
TOTAL MONTH: 0.0 INCH 5 = HAIL
GRTST 24HR 0.0 6 = FREEZING RAIN OR DRIZZLE
GRTST DEPTH: 0 7 = DUSTSTORM OR SANDSTORM:
VSBY 1/2 MILE OR LESS
8 = SMOKE OR HAZE
[NO. OF DAYS WITH] [WEATHER - DAYS WITH] 9 = BLOWING SNOW
X = TORNADO
MAX 32 OR BELOW: 0 0.01 INCH OR MORE: 27
MAX 90 OR ABOVE: 29 0.10 INCH OR MORE: 17
MIN 32 OR BELOW: 0 0.50 INCH OR MORE: 0
MIN 0 OR BELOW: 0 1.00 INCH OR MORE: 0
[HDD (BASE 65) ]
TOTAL THIS MO. 0 CLEAR (SCALE 0-3) 20
DPTR FM NORMAL M PTCLDY (SCALE 4-7) 11
TOTAL FM JUL 1 0 CLOUDY (SCALE 8-10) 0
DPTR FM NORMAL M
[CDD (BASE 65) ]
TOTAL THIS MO. 645
DPTR FM NORMAL M [PRESSURE DATA]
TOTAL FM JAN 1 4038 HIGHEST SLP M ON M
DPTR FM NORMAL M LOWEST SLP 29.82 ON 27
[REMARKS]
#FINAL-07-20#