000
CXUS52 KRAH 170937 RRB
CLSGSO
CLIMATE REPORT
NATIONAL WEATHER SERVICE RALEIGH NC
522 AM EDT SUN SEP 17 2023
...................................
...THE GREENSBORO NC CLIMATE SUMMARY FOR THE SEASON, FROM
6/1/2023 TO 8/31/2023...
CLIMATE NORMAL PERIOD 1991 TO 2020
CLIMATE RECORD PERIOD 1903 TO 2023
WEATHER OBSERVED NORMAL DEPART LAST YEAR`S
VALUE DATE(S) VALUE FROM VALUE
NORMAL
..............................................................
TEMPERATURE (F)
RECORD
HIGH 104 07/27/1914
06/12/1914
LOW 42 06/08/1977
06/12/1972
06/11/1972
HIGHEST 95 07/28
LOWEST 50 06/09
AVG. MAXIMUM 85.1 86.8 -1.7
AVG. MINIMUM 66.3 67.6 -1.3
MEAN 75.7 77.2 -1.5
DAYS MAX >= 90 24 29.4 -5.4
DAYS MAX <= 32 0 0.0 0.0
DAYS MIN <= 32 0 0.0 0.0
DAYS MIN <= 0 0 0.0 0.0
PRECIPITATION (INCHES)
RECORD
MAXIMUM 24.00 1906
MINIMUM 3.51 1990
TOTALS 9.69 12.63 -2.94
DAYS >= .01 30 32.1 -2.1
DAYS >= 1.00 1 3.4 -2.4
GREATEST
24 HR. TOTAL 1.62 07/09 TO 07/09
DEGREE DAYS
COOLING TOTAL 1021 1127 -106
SINCE 1/1 1138 1310 -172
..............................................................
WIND (MPH)
AVERAGE WIND SPEED 6.3
HIGHEST WIND SPEED/DIRECTION 36/310 DATE 07/09
HIGHEST GUST SPEED/DIRECTION 44/310 DATE 08/07
SKY COVER
POSSIBLE SUNSHINE (PERCENT) MM
AVERAGE SKY COVER 0.60
NUMBER OF DAYS FAIR 17
NUMBER OF DAYS PC 49
NUMBER OF DAYS CLOUDY 26
AVERAGE RH (PERCENT) 70
WEATHER CONDITIONS. NUMBER OF DAYS WITH
THUNDERSTORM 26 MIXED PRECIP 0
HEAVY RAIN 12 RAIN 14
LIGHT RAIN 40 FREEZING RAIN 0
LT FREEZING RAIN 0 HAIL 0
HEAVY SNOW 0 SNOW 0
LIGHT SNOW 0 SLEET 0
FOG 33 FOG W/VIS <= 1/4 MILE 2
HAZE 16
- INDICATES NEGATIVE NUMBERS.
R INDICATES RECORD WAS SET OR TIED.
MM INDICATES DATA IS MISSING.
T INDICATES TRACE AMOUNT.
&&
THE AVERAGE MEAN TEMPERATURE OF 75.7 DEGREES F IS THE 39TH WARMEST ON RECORD.
THE TOTAL PRECIPITATION OF 9.69" IS THE 27TH DRIEST ON RECORD.
$$