000
CXUS56 KTFX 011110
CF6GTF
PRELIMINARY LOCAL CLIMATOLOGICAL DATA (WS FORM: F-6)
STATION: GREAT FALLS MT
MONTH: APRIL
YEAR: 2023
LATITUDE: 47 28 N
LONGITUDE: 111 22 W
TEMPERATURE IN F: :PCPN: SNOW: WIND :SUNSHINE: SKY :PK WND
================================================================================
1 2 3 4 5 6A 6B 7 8 9 10 11 12 13 14 15 16 17 18
12Z AVG MX 2MIN
DY MAX MIN AVG DEP HDD CDD WTR SNW DPTH SPD SPD DIR MIN PSBL S-S WX SPD DR
================================================================================
1 54 30 42 3 23 0 T 0.0 0 18.6 38 270 M M 4 50 270
2 45 23 34 -5 31 0 T T 0 17.4 32 260 M M 4 42 260
3 41 15 28 -12 37 0 T T 0 8.3 21 30 M M 6 30 30
4 28 17 23 -17 42 0 T T 0 6.2 13 40 M M 9 1 17 50
5 45 11 28 -12 37 0 T T 0 10.7 25 250 M M 3 32 250
6 53 26 40 0 25 0 0.00 0.0 0 14.6 24 250 M M 1 36 240
7 63 35 49 9 16 0 0.00 0.0 0 17.2 26 200 M M 0 34 190
8 59 40 50 9 15 0 0.00 0.0 0 20.2 36 240 M M 2 49 220
9 65 40 53 12 12 0 0.00 0.0 0 17.7 30 260 M M 0 38 200
10 78 52 65 24 0 0 0.00 0.0 0 19.8 29 190 M M 0 38 180
11 71 38 55 14 10 0 0.00 0.0 0 19.6 38 270 M M 2 48 270
12 46 29 38 -4 27 0 0.47 2.8 0 7.7 15 90 M M 9 1 19 110
13 32 22 27 -15 38 0 0.58 7.8 4 10.8 18 350 M M 9 12 24 10
14 40 15 28 -14 37 0 0.00 0.0 5 6.6 14 220 M M 2 17 330
15 50 22 36 -6 29 0 0.00 0.0 2 12.0 20 200 M M 0 27 200
16 65 37 51 9 14 0 0.00 0.0 0 15.5 29 240 M M 2 37 240
17 60 33 47 4 18 0 0.06 0.0 0 13.0 26 240 M M 5 36 230
18 51 31 41 -2 24 0 0.69 3.5 0 10.8 28 310 M M 9 1235 36 310
19 33 28 31 -12 34 0 0.30 6.1 7 16.0 26 260 M M 10 12 34 260
20 31 27 29 -14 36 0 0.12 0.6 6 7.9 15 340 M M 10 18 19 320
21 32 18 25 -19 40 0 0.04 T 6 6.8 12 230 M M 8 18 13 40
22 43 16 30 -14 35 0 T T 3 6.0 10 200 M M 3 12 190
23 51 27 39 -5 26 0 0.00 0.0 2 9.5 16 190 M M 1 19 190
24 61 36 49 5 16 0 0.12 0.0 T 9.2 16 10 M M 8 3 23 20
25 62 36 49 4 16 0 0.00 0.0 0 13.2 26 230 M M 2 34 210
26 65 33 49 4 16 0 0.00 0.0 0 15.0 29 230 M M 2 36 260
27 54 33 44 -1 21 0 T T 0 17.5 35 330 M M 6 1 46 320
28 71 37 54 8 11 0 0.00 0.0 0 11.2 22 210 M M 0 28 200
29 71 35 53 7 12 0 0.00 0.0 0 5.7 16 70 M M 0 20 70
30 77 40 59 13 6 0 0.00 0.0 0 7.3 16 90 M M 0 25 110
================================================================================
SM 1597 882 704 0 2.38 20.8 372.0 M 117
================================================================================
AV 53.2 29.4 12.4 FASTST M M 4 MAX(MPH)
MISC ----> # 38 270 50 270
================================================================================
NOTES:
# LAST OF SEVERAL OCCURRENCES
COLUMN 17 PEAK WIND IN M.P.H.
PRELIMINARY LOCAL CLIMATOLOGICAL DATA (WS FORM: F-6) , PAGE 2
STATION: GREAT FALLS MT
MONTH: APRIL
YEAR: 2023
LATITUDE: 47 28 N
LONGITUDE: 111 22 W
[TEMPERATURE DATA] [PRECIPITATION DATA] SYMBOLS USED IN COLUMN 16
AVERAGE MONTHLY: 41.3 TOTAL FOR MONTH: 2.38 1 = FOG OR MIST
DPTR FM NORMAL: -1.1 DPTR FM NORMAL: 0.65 2 = FOG REDUCING VISIBILITY
HIGHEST: 78 ON 10 GRTST 24HR 1.05 ON 12-13 TO 1/4 MILE OR LESS
LOWEST: 11 ON 5 3 = THUNDER
SNOW, ICE PELLETS, HAIL 4 = ICE PELLETS
TOTAL MONTH: 20.8 INCHES 5 = HAIL
GRTST 24HR 7.8 ON 13-13 6 = FREEZING RAIN OR DRIZZLE
GRTST DEPTH: 7 ON 19 7 = DUSTSTORM OR SANDSTORM:
VSBY 1/2 MILE OR LESS
8 = SMOKE OR HAZE
[NO. OF DAYS WITH] [WEATHER - DAYS WITH] 9 = BLOWING SNOW
X = TORNADO
MAX 32 OR BELOW: 4 0.01 INCH OR MORE: 8
MAX 90 OR ABOVE: 0 0.10 INCH OR MORE: 6
MIN 32 OR BELOW: 16 0.50 INCH OR MORE: 2
MIN 0 OR BELOW: 0 1.00 INCH OR MORE: 0
[HDD (BASE 65) ]
TOTAL THIS MO. 704 CLEAR (SCALE 0-3) 17
DPTR FM NORMAL 26 PTCLDY (SCALE 4-7) 7
TOTAL FM JUL 1 7371 CLOUDY (SCALE 8-10) 6
DPTR FM NORMAL 264
[CDD (BASE 65) ]
TOTAL THIS MO. 0
DPTR FM NORMAL 0 [PRESSURE DATA]
TOTAL FM JAN 1 0 HIGHEST SLP 30.49 ON 21
DPTR FM NORMAL 0 LOWEST SLP 29.54 ON 11
[REMARKS]
#FINAL-04-23#