000
CXGM50 PGUM 010030
CF6GUM
PRELIMINARY LOCAL CLIMATOLOGICAL DATA (WS FORM: F-6)
STATION: GUAM INTERNATIONAL AIRPORT
MONTH: FEBRUARY
YEAR: 2024
LATITUDE: 13 29 N
LONGITUDE: 144-48 E
TEMPERATURE IN F: :PCPN: SNOW: WIND :SUNSHINE: SKY :PK WND
================================================================================
1 2 3 4 5 6A 6B 7 8 9 10 11 12 13 14 15 16 17 18
12Z AVG MX 2MIN
DY MAX MIN AVG DEP HDD CDD WTR SNW DPTH SPD SPD DIR MIN PSBL S-S WX SPD DR
================================================================================
1 85 75 80 0 0 15 T 0.0 0 16.0 26 70 M M 3 35 70
2 85 77 81 1 0 16 0.05 0.0 0 15.9 25 60 M M 6 36 60
3 84 75 80 0 0 15 0.03 0.0 0 15.7 26 50 M M 5 36 50
4 85 74 80 0 0 15 0.24 0.0 0 17.7 29 60 M M 7 39 70
5 86 76 81 1 0 16 T 0.0 0 16.9 28 50 M M 4 37 40
6 85 72 79 -1 0 14 0.00 0.0 0 11.5 21 50 M M 3 29 70
7 85 72 79 -1 0 14 T 0.0 0 11.4 20 50 M M 3 26 50
8 85 70 78 -2 0 13 0.00 0.0 0 12.0 21 80 M M 2 26 60
9 85 77 81 1 0 16 0.00 0.0 0 12.8 22 70 M M 2 31 70
10 85 75 80 0 0 15 0.01 0.0 0 14.8 24 70 M M 3 35 50
11 86 75 81 1 0 16 T 0.0 0 13.3 23 80 M M 3 30 70
12 86 75 81 1 0 16 0.01 0.0 0 13.9 23 70 M M 3 30 80
13 85 76 81 1 0 16 0.03 0.0 0 17.1 29 70 M M 3 38 70
14 84 76 80 0 0 15 0.00 0.0 0 14.1 25 60 M M 3 32 60
15 83 74 79 -1 0 14 0.32 0.0 0 16.4 30 50 M M 7 40 60
16 84 73 79 -1 0 14 0.21 0.0 0 13.2 25 80 M M 7 35 80
17 87 74 81 1 0 16 T 0.0 0 9.1 17 60 M M 3 21 60
18 86 76 81 1 0 16 0.06 0.0 0 10.5 17 90 M M 5 24 90
19 82 74 78 -2 0 13 0.12 0.0 0 13.5 28 50 M M 6 37 40
20 85 75 80 -1 0 15 0.06 0.0 0 14.9 23 70 M M 5 31 70
21 84 74 79 -2 0 14 0.20 0.0 0 15.4 25 40 M M 5 33 80
22 85 72 79 -2 0 14 0.38 0.0 0 17.0 29 80 M M 7 40 80
23 84 75 80 -1 0 15 0.02 0.0 0 14.5 25 70 M M 4 33 70
24 86 75 81 0 0 16 0.14 0.0 0 15.0 28 50 M M 9 35 50
25 86 76 81 0 0 16 T 0.0 0 12.3 21 60 M M 6 31 50
26 84 74 79 -2 0 14 0.00 0.0 0 9.4 18 50 M M 7 22 70
27 85 73 79 -2 0 14 0.00 0.0 0 8.9 18 340 M M 4 23 340
28 86 72 79 -2 0 14 0.00 0.0 0 11.9 20 20 M M 2 27 50
29 85 75 80 -1 0 15 T 0.0 0 16.0 24 50 M M 5 37 60
================================================================================
SM 2463 2157 0 432 1.88 0.0 401.1 M 132
================================================================================
AV 84.9 74.4 13.8 FASTST M M 5 MAX(MPH)
MISC ----> 30 50 # 40 60
================================================================================
NOTES:
# LAST OF SEVERAL OCCURRENCES
COLUMN 17 PEAK WIND IN M.P.H.
PRELIMINARY LOCAL CLIMATOLOGICAL DATA (WS FORM: F-6) , PAGE 2
STATION: GUAM INTERNATIONAL AIRPORT
MONTH: FEBRUARY
YEAR: 2024
LATITUDE: 13 29 N
LONGITUDE: 144-48 E
[TEMPERATURE DATA] [PRECIPITATION DATA] SYMBOLS USED IN COLUMN 16
AVERAGE MONTHLY: 79.7 TOTAL FOR MONTH: 1.88 1 = FOG OR MIST
DPTR FM NORMAL: -0.8 DPTR FM NORMAL: -2.27 2 = FOG REDUCING VISIBILITY
HIGHEST: 87 ON 17 GRTST 24HR 0.49 ON 21-22 TO 1/4 MILE OR LESS
LOWEST: 70 ON 8 3 = THUNDER
SNOW, ICE PELLETS, HAIL 4 = ICE PELLETS
TOTAL MONTH: 0.0 INCH 5 = HAIL
GRTST 24HR 0.0 6 = FREEZING RAIN OR DRIZZLE
GRTST DEPTH: 0 7 = DUSTSTORM OR SANDSTORM:
VSBY 1/2 MILE OR LESS
8 = SMOKE OR HAZE
[NO. OF DAYS WITH] [WEATHER - DAYS WITH] 9 = BLOWING SNOW
X = TORNADO
MAX 32 OR BELOW: 0 0.01 INCH OR MORE: 15
MAX 90 OR ABOVE: 0 0.10 INCH OR MORE: 7
MIN 32 OR BELOW: 0 0.50 INCH OR MORE: 0
MIN 0 OR BELOW: 0 1.00 INCH OR MORE: 0
[HDD (BASE 65) ]
TOTAL THIS MO. 0 CLEAR (SCALE 0-3) 9
DPTR FM NORMAL 0 PTCLDY (SCALE 4-7) 19
TOTAL FM JUL 1 0 CLOUDY (SCALE 8-10) 1
DPTR FM NORMAL 0
[CDD (BASE 65) ]
TOTAL THIS MO. 432
DPTR FM NORMAL -2 [PRESSURE DATA]
TOTAL FM JAN 1 909 HIGHEST SLP 30.02 ON 1
DPTR FM NORMAL -10 LOWEST SLP 29.92 ON 1
[REMARKS]
#FINAL-02-24#