000
CXUS52 KFFC 011010
CF6GVL
PRELIMINARY LOCAL CLIMATOLOGICAL DATA (WS FORM: F-6)
STATION: GAINESVILLE
MONTH: MARCH
YEAR: 2021
LATITUDE: 34 16 N
LONGITUDE: 83 50 W
TEMPERATURE IN F: :PCPN: SNOW: WIND :SUNSHINE: SKY :PK WND
================================================================================
1 2 3 4 5 6A 6B 7 8 9 10 11 12 13 14 15 16 17 18
12Z AVG MX 2MIN
DY MAX MIN AVG DEP HDD CDD WTR SNW DPTH SPD SPD DIR MIN PSBL S-S WX SPD DR
================================================================================
1 68 47 58 9 7 0 0.11 M M 10.0 21 350 M M 8 34 310
2 47 42 45 -4 20 0 T M M 7.5 15 100 M M 3 31 140
3 65 37 51 2 14 0 0.04 M M 5.9 15 250 M M 3 19 250
4 71 44 58 8 7 0 0.00 M M 7.5 17 320 M M 0 30 310
5 66 42 54 4 11 0 0.00 M M 5.9 14 80 M M 0 20 100
6 53 40 47 -3 18 0 T M M 7.4 15 70 M M 6 22 50
7 61 32 47 -3 18 0 0.00 M M 6.8 17 300 M M 0 24 300
8 67 34 51 0 14 0 0.00 M M 4.3 13 240 M M 0 18 250
9 69 38 54 3 11 0 0.00 M M 3.5 13 270 M M 0 8 18 260
10 72 40 56 5 9 0 0.00 M M 2.8 12 240 M M 0 8 20 210
11 72 50 61 10 4 0 0.00 M M 4.2 13 260 M M 0 8 18 280
12 76 47 62 10 3 0 0.00 M M 5.4 16 250 M M 0 22 240
13 74 55 65 13 0 0 0.00 M M 4.5 14 90 M M 5 19 60
14 78 55 67 15 0 2 T M M 5.3 15 80 M M 3 22 80
15 66 49 58 6 7 0 0.09 M M 13.1 24 100 M M 7 8 39 120
16 50 43 47 -6 18 0 0.25 M M 7.0 17 90 M M 10 18 26 70
17 53 47 50 -3 15 0 0.37 M M 7.2 15 80 M M 10 123 22 110
18 72 46 59 6 6 0 1.49 M M 12.7 24 260 M M 8 123 41 280
19 61 43 52 -1 13 0 T M M 10.3 21 290 M M 6 37 290
20 57 38 48 -6 17 0 0.00 M M 10.9 22 70 M M 1 33 100
21 64 44 54 0 11 0 0.00 M M 11.2 20 90 M M 9 33 110
22 69 47 58 4 7 0 0.00 M M 9.0 18 80 M M 0 29 110
23 67 53 60 5 5 0 0.00 M M 9.4 17 100 M M 2 25 70
24 71 57 64 9 1 0 T M M 6.2 15 100 M M 7 1 22 90
25 63 58 61 6 4 0 2.47 M M 8.0 21 290 M M 9 123 33 290
26 77 62 70 15 0 5 0.05 M M 5.9 16 260 M M 7 13 23 260
27 83 60 72 16 0 7 T M M 4.7 16 230 M M 8 1 26 230
28 70 50 60 4 5 0 0.27 0.0 M 11.6 23 270 M M 5 18 40 290
29 67 38 53 -3 12 0 0.00 0.0 M 4.8 10 330 M M 0 23 330
30 73 46 60 4 5 0 T 0.0 M 6.6 13 150 M M 3 19 120
31 64 45 55 -2 10 0 0.92 0.0 M 6.9 18 310 M M 10 1 38 320
================================================================================
SM 2066 1429 272 14 6.06 0.0 226.5 M 130
================================================================================
AV 66.6 46.1 7.3 FASTST M M 4 MAX(MPH)
MISC ----> # 24 100 41 280
================================================================================
NOTES:
# LAST OF SEVERAL OCCURRENCES
COLUMN 17 PEAK WIND IN M.P.H.
PRELIMINARY LOCAL CLIMATOLOGICAL DATA (WS FORM: F-6) , PAGE 2
STATION: GAINESVILLE
MONTH: MARCH
YEAR: 2021
LATITUDE: 34 16 N
LONGITUDE: 83 50 W
[TEMPERATURE DATA] [PRECIPITATION DATA] SYMBOLS USED IN COLUMN 16
AVERAGE MONTHLY: 56.4 TOTAL FOR MONTH: 6.06 1 = FOG OR MIST
DPTR FM NORMAL: 3.7 DPTR FM NORMAL: 0.64 2 = FOG REDUCING VISIBILITY
HIGHEST: 83 ON 27 GRTST 24HR 2.52 ON 25-26 TO 1/4 MILE OR LESS
LOWEST: 32 ON 7 3 = THUNDER
SNOW, ICE PELLETS, HAIL 4 = ICE PELLETS
TOTAL MONTH: 0.0 INCH 5 = HAIL
GRTST 24HR 0.0 6 = FREEZING RAIN OR DRIZZLE
GRTST DEPTH: M ON M 7 = DUSTSTORM OR SANDSTORM:
VSBY 1/2 MILE OR LESS
8 = SMOKE OR HAZE
[NO. OF DAYS WITH] [WEATHER - DAYS WITH] 9 = BLOWING SNOW
X = TORNADO
MAX 32 OR BELOW: 0 0.01 INCH OR MORE: 10
MAX 90 OR ABOVE: 0 0.10 INCH OR MORE: 7
MIN 32 OR BELOW: 1 0.50 INCH OR MORE: 3
MIN 0 OR BELOW: 0 1.00 INCH OR MORE: 2
[HDD (BASE 65) ]
TOTAL THIS MO. 272 CLEAR (SCALE 0-3) 15
DPTR FM NORMAL -116 PTCLDY (SCALE 4-7) 8
TOTAL FM JUL 1 2423 CLOUDY (SCALE 8-10) 8
DPTR FM NORMAL -429
[CDD (BASE 65) ]
TOTAL THIS MO. 14
DPTR FM NORMAL 9 [PRESSURE DATA]
TOTAL FM JAN 1 14 HIGHEST SLP 30.56 ON 8
DPTR FM NORMAL 9 LOWEST SLP 29.61 ON 18
[REMARKS]
#FINAL-03-21#