000
CXUS54 KJAN 012216
CF6GWO
PRELIMINARY LOCAL CLIMATOLOGICAL DATA (WS FORM: F-6)
STATION: GREENWOOD
MONTH: JULY
YEAR: 2023
LATITUDE: 33 30 N
LONGITUDE: 90 5 W
TEMPERATURE IN F: :PCPN: SNOW: WIND :SUNSHINE: SKY :PK WND
================================================================================
1 2 3 4 5 6A 6B 7 8 9 10 11 12 13 14 15 16 17 18
12Z AVG MX 2MIN
DY MAX MIN AVG DEP HDD CDD WTR SNW DPTH SPD SPD DIR MIN PSBL S-S WX SPD DR
================================================================================
1 96 78 87 6 0 22 0.00 0.0 0 5.3 15 210 M M 1 22 210
2 94 75 85 4 0 20 0.14 0.0 0 3.7 28 190 M M 2 138 40 180
3 93 74 84 3 0 19 0.26 0.0 0 3.6 14 200 M M 2 13 25 280
4 94 74 84 3 0 19 0.88 0.0 0 4.4 20 140 M M 2 13 25 160
5 94 73 84 3 0 19 0.19 0.0 0 3.3 23 360 M M 3 13 34 360
6 93 72 83 2 0 18 0.00 0.0 0 3.3 10 230 M M 2 13 18 220
7 88 74 81 0 0 16 0.06 0.0 0 1.8 10 150 M M 3 3 15 160
8 93 75 84 3 0 19 0.48 0.0 0 5.9 17 360 M M 4 13 30 310
9 90 72 81 0 0 16 0.30 0.0 0 3.5 12 350 M M 5 1 17 220
10 88 72 80 -1 0 15 0.00 0.0 0 2.9 7 300 M M 6 1 12 290
11 90 69 80 -1 0 15 0.00 0.0 0 3.0 8 200 M M 4 1 13 220
12 90 74 82 0 0 17 0.08 0.0 0 4.8 13 210 M M 5 1 17 210
13 91 79 85 3 0 20 0.29 0.0 0 3.9 10 190 M M 5 138 21 290
14 96 79 88 6 0 23 0.00 0.0 0 4.4 14 70 M M 3 18 17 70
15 91 73 82 0 0 17 0.35 0.0 0 4.1 17 230 M M 4 13 27 220
16 95 71 83 1 0 18 0.00 0.0 0 1.0 7 210 M M 0 1 9 330
17 93 73 83 1 0 18 0.00 0.0 0 2.7 8 220 M M 1 12 12 200
18 98 75 87 5 0 22 T 0.0 0 5.8 14 210 M M 0 18 220
19 98 79 89 7 0 24 0.00 0.0 0 6.6 16 220 M M 0 22 220
20 97 78 88 6 0 23 0.00 0.0 0 4.6 10 230 M M 0 16 220
21 96 77 87 5 0 22 0.04 0.0 0 3.3 16 10 M M 1 13 25 20
22 90 70 80 -2 0 15 0.92 0.0 0 4.0 13 50 M M 5 13 22 260
23 92 67 80 -2 0 15 0.00 0.0 0 2.3 9 30 M M 0 1 14 20
24 94 69 82 0 0 17 0.00 0.0 0 1.4 7 230 M M 0 1 10 250
25 95 70 83 1 0 18 0.00 0.0 0 3.0 10 180 M M 0 1 17 190
26 94 73 84 2 0 19 0.00 0.0 0 3.6 13 190 M M 0 1 16 200
27 98 76 87 5 0 22 0.00 0.0 0 2.5 10 210 M M 0 13 200
28 97 76 87 5 0 22 0.00 0.0 0 2.0 9 210 M M 0 14 200
29 100 75 88 6 0 23 0.00 0.0 0 2.1 8 340 M M 0 1 13 350
30 99 76 88 6 0 23 0.00 0.0 0 3.3 12 20 M M 1 1 17 20
31 98 74 86 4 0 21 0.00 0.0 0 3.7 10 80 M M 0 14 100
================================================================================
SM 2915 2292 0 597 3.99 0.0 109.8 M 59
================================================================================
AV 94.0 73.9 3.5 FASTST M M 2 MAX(MPH)
MISC ----> 28 190 40 180
================================================================================
NOTES:
# LAST OF SEVERAL OCCURRENCES
COLUMN 17 PEAK WIND IN M.P.H.
PRELIMINARY LOCAL CLIMATOLOGICAL DATA (WS FORM: F-6) , PAGE 2
STATION: GREENWOOD
MONTH: JULY
YEAR: 2023
LATITUDE: 33 30 N
LONGITUDE: 90 5 W
[TEMPERATURE DATA] [PRECIPITATION DATA] SYMBOLS USED IN COLUMN 16
AVERAGE MONTHLY: 84.0 TOTAL FOR MONTH: 3.99 1 = FOG OR MIST
DPTR FM NORMAL: 2.5 DPTR FM NORMAL: 0.17 2 = FOG REDUCING VISIBILITY
HIGHEST: 100 ON 29 GRTST 24HR 0.96 ON 21-22 TO 1/4 MILE OR LESS
LOWEST: 67 ON 23 3 = THUNDER
SNOW, ICE PELLETS, HAIL 4 = ICE PELLETS
TOTAL MONTH: 0.0 INCH 5 = HAIL
GRTST 24HR 0.0 6 = FREEZING RAIN OR DRIZZLE
GRTST DEPTH: 0 7 = DUSTSTORM OR SANDSTORM:
VSBY 1/2 MILE OR LESS
8 = SMOKE OR HAZE
[NO. OF DAYS WITH] [WEATHER - DAYS WITH] 9 = BLOWING SNOW
X = TORNADO
MAX 32 OR BELOW: 0 0.01 INCH OR MORE: 12
MAX 90 OR ABOVE: 29 0.10 INCH OR MORE: 9
MIN 32 OR BELOW: 0 0.50 INCH OR MORE: 2
MIN 0 OR BELOW: 0 1.00 INCH OR MORE: 0
[HDD (BASE 65) ]
TOTAL THIS MO. 0 CLEAR (SCALE 0-3) 21
DPTR FM NORMAL 0 PTCLDY (SCALE 4-7) 10
TOTAL FM JUL 1 0 CLOUDY (SCALE 8-10) 0
DPTR FM NORMAL 0
[CDD (BASE 65) ]
TOTAL THIS MO. 597
DPTR FM NORMAL 84 [PRESSURE DATA]
TOTAL FM JAN 1 1550 HIGHEST SLP 30.17 ON 25
DPTR FM NORMAL 262 LOWEST SLP 29.84 ON 14
[REMARKS]
#FINAL-07-23#