000
CXUS54 KEWX 011010
CF6GYB
PRELIMINARY LOCAL CLIMATOLOGICAL DATA (WS FORM: F-6)
STATION: GIDDINGS-LEE COUNTY AIRPORT
MONTH: APRIL
YEAR: 2023
LATITUDE: 30 10 N
LONGITUDE: 96 59 W
TEMPERATURE IN F: :PCPN: SNOW: WIND :SUNSHINE: SKY :PK WND
================================================================================
1 2 3 4 5 6A 6B 7 8 9 10 11 12 13 14 15 16 17 18
12Z AVG MX 2MIN
DY MAX MIN AVG DEP HDD CDD WTR SNW DPTH SPD SPD DIR MIN PSBL S-S WX SPD DR
================================================================================
1 83 56 70 M 0 5 0.00 M M 2.9 9 90 M M 0 1 18 20
2 84 62 73 M 0 8 0.00 M M 5.1 13 180 M M 5 1 24 180
3 87 71 79 M 0 14 0.00 M M 7.3 13 180 M M 5 22 160
4 84 73 79 M 0 14 0.00 M M 11.0 17 160 M M 7 1 32 170
5 75 52 64 M 1 0 0.19 M M 9.9 15 20 M M 7 1 38 270
6 53 49 51 M 14 0 3.40 M M 7.2 13 350 M M 9 27 360
7 53 49 51 M 14 0 0.31 M M 7.9 13 20 M M 10 1 20 20
8 61 52 57 M 8 0 0.00 M M 1.6 9 350 M M 10 1 M M
9 72 55 64 M 1 0 0.00 M M 0.3 8 50 M M 8 1 M M
10 71 55 63 M 2 0 0.00 M M 0.5 7 90 M M 5 1 M M
11 74 52 63 M 2 0 0.00 M M 2.7 9 90 M M 2 1 16 70
12 77 51 64 M 1 0 0.00 M M 2.7 15 80 M M 1 20 80
13 78 51 65 M 0 0 0.00 M M 2.4 6 150 M M 2 M M
14 73 58 66 M 0 1 0.00 M M 4.9 10 180 M M 7 21 170
15 86 61 74 M 0 9 0.01 M M 4.9 17 250 M M 4 25 10
16 72 51 62 M 3 0 0.00 M M 7.3 13 50 M M 0 20 30
17 77 47 62 M 3 0 0.00 M M 4.2 10 140 M M 1 16 140
18 82 61 72 M 0 7 0.00 M M 7.9 14 170 M M 5 23 170
19 82 68 75 M 0 10 0.00 M M 7.9 15 180 M M 8 24 180
20 84 64 74 M 0 9 1.13 M M 7.3 16 160 M M 8 1 25 160
21 76 62 69 M 0 4 0.09 M M 3.6 18 140 M M 6 18 24 140
22 78 57 68 M 0 3 0.00 M M 5.1 13 130 M M 3 22 130
23 65 55 60 M 5 0 0.04 M M 8.1 15 50 M M 8 25 50
24 70 53 62 M 3 0 0.00 M M 4.4 9 90 M M 8 17 50
25 77 61 69 M 0 4 0.67 M M 3.0 8 120 M M 8 38 0
26 83 63 73 M 0 8 0.13 M M 6.5 13 70 M M 7 1 22 140
27 78 58 68 M 0 3 0.49 M M 3.4 9 300 M M 4 1 M M
28 83 57 70 M 0 5 0.68 M M 6.4 16 350 M M 6 1 43 160
29 72 51 62 M 3 0 0.00 M M 12.4 23 330 M M 1 35 320
30 86 48 67 M 0 2 0.00 M M 4.9 10 200 M M 0 17 200
================================================================================
SM 2276 1703 60 106 7.14 M 163.7 M 155
================================================================================
AV 75.9 56.8 5.5 FASTST M M 5 MAX(MPH)
MISC ----> 23 330 43 160
================================================================================
NOTES:
# LAST OF SEVERAL OCCURRENCES
COLUMN 17 PEAK WIND IN M.P.H.
PRELIMINARY LOCAL CLIMATOLOGICAL DATA (WS FORM: F-6) , PAGE 2
STATION: GIDDINGS-LEE COUNTY AIRPORT
MONTH: APRIL
YEAR: 2023
LATITUDE: 30 10 N
LONGITUDE: 96 59 W
[TEMPERATURE DATA] [PRECIPITATION DATA] SYMBOLS USED IN COLUMN 16
AVERAGE MONTHLY: 66.3 TOTAL FOR MONTH: 7.14 1 = FOG OR MIST
DPTR FM NORMAL: 0.0 DPTR FM NORMAL: M 2 = FOG REDUCING VISIBILITY
HIGHEST: 87 ON 3 GRTST 24HR 3.40 ON 6- 6 TO 1/4 MILE OR LESS
LOWEST: 47 ON 17 3 = THUNDER
SNOW, ICE PELLETS, HAIL 4 = ICE PELLETS
TOTAL MONTH: M 5 = HAIL
GRTST 24HR M ON M 6 = FREEZING RAIN OR DRIZZLE
GRTST DEPTH: M ON M 7 = DUSTSTORM OR SANDSTORM:
VSBY 1/2 MILE OR LESS
8 = SMOKE OR HAZE
[NO. OF DAYS WITH] [WEATHER - DAYS WITH] 9 = BLOWING SNOW
X = TORNADO
MAX 32 OR BELOW: 0 0.01 INCH OR MORE: 11
MAX 90 OR ABOVE: 0 0.10 INCH OR MORE: 8
MIN 32 OR BELOW: 0 0.50 INCH OR MORE: 4
MIN 0 OR BELOW: 0 1.00 INCH OR MORE: 2
[HDD (BASE 65) ]
TOTAL THIS MO. 60 CLEAR (SCALE 0-3) 8
DPTR FM NORMAL M PTCLDY (SCALE 4-7) 18
TOTAL FM JUL 1 1476 CLOUDY (SCALE 8-10) 4
DPTR FM NORMAL M
[CDD (BASE 65) ]
TOTAL THIS MO. 106
DPTR FM NORMAL M [PRESSURE DATA]
TOTAL FM JAN 1 256 HIGHEST SLP M ON M
DPTR FM NORMAL M LOWEST SLP M ON M
[REMARKS]
#FINAL-04-23#