000
CXUS54 KJAN 231410
CF6HBG
PRELIMINARY LOCAL CLIMATOLOGICAL DATA (WS FORM: F-6)
STATION: HATTIESBURG
MONTH: APRIL
YEAR: 2024
LATITUDE: 31 16 N
LONGITUDE: 89 15 W
TEMPERATURE IN F: :PCPN: SNOW: WIND :SUNSHINE: SKY :PK WND
================================================================================
1 2 3 4 5 6A 6B 7 8 9 10 11 12 13 14 15 16 17 18
12Z AVG MX 2MIN
DY MAX MIN AVG DEP HDD CDD WTR SNW DPTH SPD SPD DIR MIN PSBL S-S WX SPD DR
================================================================================
1 M M M M M M M M M M M M M M M M M
2 85 68 77 14 0 12 0.38 0.0 0 9.2 24 180 M M 7 13 32 170
3 73 54 64 1 1 0 0.00 0.0 0 12.7 25 310 M M 1 36 320
4 75 41 58 -6 7 0 0.00 0.0 0 6.1 21 300 M M 0 29 290
5 79 43 61 -3 4 0 0.00 0.0 0 3.1 16 330 M M 0 28 320
6 78 45 62 -2 3 0 0.00 0.0 0 2.7 10 70 M M 0 15 80
7 81 51 66 2 0 1 0.00 0.0 M 7.0 16 190 M M 5 12 23 190
8 72 62 67 3 0 2 0.41 0.0 0 5.3 16 300 M M 8 123 20 300
9 77 66 72 8 0 7 0.00 0.0 M 10.4 23 150 M M 9 32 140
10 70 65 68 3 0 3 1.76 0.0 0 8.8 21 80 M M 9 13 30 70
11 72 54 63 -2 2 0 0.05 0.0 0 10.1 24 310 M M 6 1 37 310
12 79 47 63 -2 2 0 0.00 0.0 0 4.1 16 310 M M 0 28 320
13 85 46 66 1 0 1 0.00 0.0 0 3.2 12 210 M M 0 17 210
14 83 52 68 2 0 3 0.00 0.0 0 5.7 18 190 M M 0 25 210
15 85 58 72 6 0 7 0.00 0.0 0 6.1 14 150 M M 4 12 24 140
16 84 67 76 10 0 11 0.00 0.0 M 9.8 21 180 M M 4 30 140
17 81 67 74 8 0 9 0.00 0.0 M 5.3 14 200 M M 5 20 170
18 83 66 75 9 0 10 0.00 0.0 M 5.2 16 140 M M 5 12 22 190
19 88 69 79 12 0 14 0.00 0.0 0 3.4 12 250 M M 5 1 17 230
20 83 60 72 5 0 7 0.11 0.0 0 5.4 15 350 M M 8 138 24 350
21 69 54 62 -5 3 0 0.19 0.0 0 8.9 20 310 M M 6 1 33 300
22 72 44 58 -9 7 0 0.00 0.0 0 4.3 15 20 M M 0 22 20
================================================================================
SM 1654 1179 29 87 2.90 0.0 136.8 M 82
================================================================================
AV 78.8 56.1 6.5 FASTST M M 4 MAX(MPH)
MISC ----> 25 310 37 310
================================================================================
NOTES:
# LAST OF SEVERAL OCCURRENCES
COLUMN 17 PEAK WIND IN M.P.H.
PRELIMINARY LOCAL CLIMATOLOGICAL DATA (WS FORM: F-6) , PAGE 2
STATION: HATTIESBURG
MONTH: APRIL
YEAR: 2024
LATITUDE: 31 16 N
LONGITUDE: 89 15 W
[TEMPERATURE DATA] [PRECIPITATION DATA] SYMBOLS USED IN COLUMN 16
AVERAGE MONTHLY: 67.5 TOTAL FOR MONTH: 2.90 1 = FOG OR MIST
DPTR FM NORMAL: 2.4 DPTR FM NORMAL: -1.17 2 = FOG REDUCING VISIBILITY
HIGHEST: 88 ON 19 GRTST 24HR 1.76 ON 10-10 TO 1/4 MILE OR LESS
LOWEST: 41 ON 4 3 = THUNDER
SNOW, ICE PELLETS, HAIL 4 = ICE PELLETS
TOTAL MONTH: 0.0 INCH 5 = HAIL
GRTST 24HR 0.0 6 = FREEZING RAIN OR DRIZZLE
GRTST DEPTH: 0 7 = DUSTSTORM OR SANDSTORM:
VSBY 1/2 MILE OR LESS
8 = SMOKE OR HAZE
[NO. OF DAYS WITH] [WEATHER - DAYS WITH] 9 = BLOWING SNOW
X = TORNADO
MAX 32 OR BELOW: 0 0.01 INCH OR MORE: 6
MAX 90 OR ABOVE: 0 0.10 INCH OR MORE: 5
MIN 32 OR BELOW: 0 0.50 INCH OR MORE: 1
MIN 0 OR BELOW: 0 1.00 INCH OR MORE: 1
[HDD (BASE 65) ]
TOTAL THIS MO. 29 CLEAR (SCALE 0-3) 8
DPTR FM NORMAL -35 PTCLDY (SCALE 4-7) 10
TOTAL FM JUL 1 1599 CLOUDY (SCALE 8-10) 3
DPTR FM NORMAL -303
[CDD (BASE 65) ]
TOTAL THIS MO. 87
DPTR FM NORMAL 24 [PRESSURE DATA]
TOTAL FM JAN 1 142 HIGHEST SLP M ON M
DPTR FM NORMAL 13 LOWEST SLP 29.53 ON 10
[REMARKS]