000
CXUS53 KGID 250830
CF6HDE
PRELIMINARY LOCAL CLIMATOLOGICAL DATA (WS FORM: F-6)
STATION: HOLDREGE NE
MONTH: APRIL
YEAR: 2024
LATITUDE: 40 27 N
LONGITUDE: 99 20 W
TEMPERATURE IN F: :PCPN: SNOW: WIND :SUNSHINE: SKY :PK WND
================================================================================
1 2 3 4 5 6A 6B 7 8 9 10 11 12 13 14 15 16 17 18
12Z AVG MX 2MIN
DY MAX MIN AVG DEP HDD CDD WTR SNW DPTH SPD SPD DIR MIN PSBL S-S WX SPD DR
================================================================================
1 43 34 39 M 26 0 T M M 19.0 25 360 M M 10 1 33 80
2 59 33 46 M 19 0 0.00 M M 22.4 36 360 M M 4 46 350
3 60 28 44 M 21 0 0.00 M M 14.4 25 340 M M 0 31 340
4 64 28 46 M 19 0 0.00 M M 6.0 10 100 M M 0 M M
5 68 33 51 M 14 0 0.00 M M 17.5 28 140 M M 0 35 140
6 71 44 58 M 7 0 0.04 M M 26.7 41 140 M M 4 3 51 180
7 56 39 48 M 17 0 T M M 24.8 40 240 M M 7 52 240
8 64 32 48 M 17 0 0.00 M M 12.3 27 310 M M 0 33 310
9 67 30 49 M 16 0 0.00 M M 7.2 16 280 M M 0 24 290
10 69 37 53 M 12 0 0.00 M M 13.9 30 340 M M 2 37 340
11 62 36 49 M 16 0 0.00 M M 16.2 29 360 M M 0 39 360
12 72 28 50 M 15 0 0.00 M M 8.9 20 180 M M 0 29 180
13 85 48 67 M 0 2 0.00 M M 8.8 15 190 M M 0 21 180
14 85 47 66 M 0 1 0.00 M M 12.3 21 50 M M 0 29 60
15 84 53 69 M 0 4 0.00 M M 22.7 36 150 M M 2 46 140
16 67 49 58 M 7 0 0.77 M M 18.2 39 310 M M 5 3 53 320
17 69 47 58 M 7 0 0.00 M M 9.7 22 30 M M 1 36 50
18 52 36 44 M 21 0 T M M 17.8 30 10 M M 6 41 10
19 49 34 42 M 23 0 0.00 M M 5.6 14 10 M M 9 23 350
20 48 31 40 M 25 0 0.00 M M 6.4 9 290 M M 7 17 320
21 60 30 45 M 20 0 0.00 M M 7.7 13 210 M M 0 18 220
22 73 43 58 M 7 0 0.00 M M 13.3 23 210 M M 0 30 220
23 67 40 54 M 11 0 0.00 M M 12.6 25 350 M M 1 33 350
24 69 39 54 M 11 0 0.00 M M 10.4 20 170 M M 6 29 160
================================================================================
SM 1563 899 331 7 0.81 M 334.8 M 64
================================================================================
AV 65.1 37.5 13.9 FASTST M M 3 MAX(MPH)
MISC ----> 41 140 53 320
================================================================================
NOTES:
# LAST OF SEVERAL OCCURRENCES
COLUMN 17 PEAK WIND IN M.P.H.
PRELIMINARY LOCAL CLIMATOLOGICAL DATA (WS FORM: F-6) , PAGE 2
STATION: HOLDREGE NE
MONTH: APRIL
YEAR: 2024
LATITUDE: 40 27 N
LONGITUDE: 99 20 W
[TEMPERATURE DATA] [PRECIPITATION DATA] SYMBOLS USED IN COLUMN 16
AVERAGE MONTHLY: 51.3 TOTAL FOR MONTH: 0.81 1 = FOG OR MIST
DPTR FM NORMAL: 0.0 DPTR FM NORMAL: -0.88 2 = FOG REDUCING VISIBILITY
HIGHEST: 85 ON 14,13 GRTST 24HR 0.77 ON 16-16 TO 1/4 MILE OR LESS
LOWEST: 28 ON 12, 4 3 = THUNDER
SNOW, ICE PELLETS, HAIL 4 = ICE PELLETS
TOTAL MONTH: M 5 = HAIL
GRTST 24HR M ON M 6 = FREEZING RAIN OR DRIZZLE
GRTST DEPTH: M ON M 7 = DUSTSTORM OR SANDSTORM:
VSBY 1/2 MILE OR LESS
8 = SMOKE OR HAZE
[NO. OF DAYS WITH] [WEATHER - DAYS WITH] 9 = BLOWING SNOW
X = TORNADO
MAX 32 OR BELOW: 0 0.01 INCH OR MORE: 2
MAX 90 OR ABOVE: 0 0.10 INCH OR MORE: 1
MIN 32 OR BELOW: 7 0.50 INCH OR MORE: 1
MIN 0 OR BELOW: 0 1.00 INCH OR MORE: 0
[HDD (BASE 65) ]
TOTAL THIS MO. 331 CLEAR (SCALE 0-3) 15
DPTR FM NORMAL M PTCLDY (SCALE 4-7) 7
TOTAL FM JUL 1 5073 CLOUDY (SCALE 8-10) 2
DPTR FM NORMAL M
[CDD (BASE 65) ]
TOTAL THIS MO. 7
DPTR FM NORMAL M [PRESSURE DATA]
TOTAL FM JAN 1 7 HIGHEST SLP M ON M
DPTR FM NORMAL M LOWEST SLP M ON M
[REMARKS]