000
CXUS53 KBIS 010830
CF6HEI
PRELIMINARY LOCAL CLIMATOLOGICAL DATA (WS FORM: F-6)
STATION: HETTINGER ND
MONTH: APRIL
YEAR: 2021
LATITUDE: 46 0 N
LONGITUDE: 102 39 W
TEMPERATURE IN F: :PCPN: SNOW: WIND :SUNSHINE: SKY :PK WND
================================================================================
1 2 3 4 5 6A 6B 7 8 9 10 11 12 13 14 15 16 17 18
12Z AVG MX 2MIN
DY MAX MIN AVG DEP HDD CDD WTR SNW DPTH SPD SPD DIR MIN PSBL S-S WX SPD DR
================================================================================
1 68 20 44 8 21 0 0.00 M M 9.5 21 220 M M 0 28 200
2 73 17 45 9 20 0 0.00 M M 9.8 23 330 M M 0 31 340
3 77 32 55 18 10 0 0.00 M M 9.0 22 300 M M 0 32 330
4 79 27 53 16 12 0 0.00 M M 6.3 22 290 M M 0 30 290
5 63 32 48 10 17 0 0.00 M M 13.2 29 10 M M 0 39 10
6 50 27 39 1 26 0 0.00 M M 9.3 17 50 M M 7 23 20
7 64 22 43 4 22 0 0.00 M M 9.1 18 340 M M 0 25 350
8 72 17 45 6 20 0 0.00 M M 6.7 31 330 M M 1 41 340
9 54 16 35 -4 30 0 0.00 M M 18.1 32 320 M M 3 46 310
10 69 17 43 3 22 0 0.00 M M 9.0 22 350 M M 0 34 350
11 M M M M M M M M M 22.3 36 310 M M 9 18 48 310
12 M M M M M M M M M 26.3 40 300 M M 10 54 310
13 M M M M M M T M M 21.0 31 300 M M 10 40 310
14 42 22 32 -9 33 0 T M M 7.7 17 320 M M 8 1 21 330
15 38 26 32 -10 33 0 T M M 5.4 12 40 M M 10 18 15 30
16 42 19 31 -11 34 0 T M M 8.0 17 330 M M 8 1 22 330
17 58 16 37 -5 28 0 0.00 M M 5.6 16 330 M M 1 1 22 330
18 52 28 40 -3 25 0 0.00 M M 14.1 28 350 M M 6 43 350
19 39 23 31 -12 34 0 T M M 10.0 22 310 M M 9 32 330
20 38 14 26 -18 39 0 T M M 11.8 28 340 M M 8 18 34 340
21 53 11 32 -12 33 0 0.00 M M 6.6 15 240 M M 0 23 280
22 60 18 39 -5 26 0 0.00 M M 10.7 25 180 M M 1 38 220
23 39 24 32 -13 33 0 M M M 10.0 25 350 M M 8 1 33 340
24 52 22 37 -8 28 0 M M M 10.0 23 130 M M 7 12 31 140
25 54 32 43 -3 22 0 T M M 13.5 26 110 M M 6 1 36 120
26 47 37 42 -4 23 0 0.03 M M 4.7 10 110 M M 10 1 M M
27 65 41 53 7 12 0 0.02 M M 5.0 9 280 M M 4 1 M M
28 70 35 53 7 12 0 0.00 M M 10.2 24 290 M M 3 33 280
29 74 23 49 2 16 0 0.00 M M 10.0 28 330 M M 3 39 280
30 84 39 62 15 3 0 0.00 M M 12.0 29 270 M M 0 37 260
================================================================================
SM 1576 657 634 0 0.05 M 324.9 M 132
================================================================================
AV 58.4 24.3 10.8 FASTST M M 4 MAX(MPH)
MISC ----> 40 300 54 310
================================================================================
NOTES:
# LAST OF SEVERAL OCCURRENCES
COLUMN 17 PEAK WIND IN M.P.H.
PRELIMINARY LOCAL CLIMATOLOGICAL DATA (WS FORM: F-6) , PAGE 2
STATION: HETTINGER ND
MONTH: APRIL
YEAR: 2021
LATITUDE: 46 0 N
LONGITUDE: 102 39 W
[TEMPERATURE DATA] [PRECIPITATION DATA] SYMBOLS USED IN COLUMN 16
AVERAGE MONTHLY: 41.4 TOTAL FOR MONTH: 0.05 1 = FOG OR MIST
DPTR FM NORMAL: -0.5 DPTR FM NORMAL: -1.42 2 = FOG REDUCING VISIBILITY
HIGHEST: 84 ON 30 GRTST 24HR 0.05 ON 11-11 TO 1/4 MILE OR LESS
LOWEST: 11 ON 21 3 = THUNDER
SNOW, ICE PELLETS, HAIL 4 = ICE PELLETS
TOTAL MONTH: M 5 = HAIL
GRTST 24HR M ON M 6 = FREEZING RAIN OR DRIZZLE
GRTST DEPTH: M ON M 7 = DUSTSTORM OR SANDSTORM:
VSBY 1/2 MILE OR LESS
8 = SMOKE OR HAZE
[NO. OF DAYS WITH] [WEATHER - DAYS WITH] 9 = BLOWING SNOW
X = TORNADO
MAX 32 OR BELOW: 0 0.01 INCH OR MORE: 2
MAX 90 OR ABOVE: 0 0.10 INCH OR MORE: 0
MIN 32 OR BELOW: 23 0.50 INCH OR MORE: 0
MIN 0 OR BELOW: 0 1.00 INCH OR MORE: 0
[HDD (BASE 65) ]
TOTAL THIS MO. 634 CLEAR (SCALE 0-3) 13
DPTR FM NORMAL -61 PTCLDY (SCALE 4-7) 10
TOTAL FM JUL 1 7541 CLOUDY (SCALE 8-10) 7
DPTR FM NORMAL -563
[CDD (BASE 65) ]
TOTAL THIS MO. 0
DPTR FM NORMAL 0 [PRESSURE DATA]
TOTAL FM JAN 1 0 HIGHEST SLP M ON M
DPTR FM NORMAL 0 LOWEST SLP 29.52 ON 10
[REMARKS]
#FINAL-04-21#