000
CXUS54 KHGX 011410
CF6HGX
PRELIMINARY LOCAL CLIMATOLOGICAL DATA (WS FORM: F-6)
STATION: DICKINSON WFO
MONTH: AUGUST
YEAR: 2021
LATITUDE: 29 28 N
LONGITUDE: 95 5 W
TEMPERATURE IN F: :PCPN: SNOW: WIND :SUNSHINE: SKY :PK WND
================================================================================
1 2 3 4 5 6A 6B 7 8 9 10 11 12 13 14 15 16 17 18
12Z AVG MX 2MIN
DY MAX MIN AVG DEP HDD CDD WTR SNW DPTH SPD SPD DIR MIN PSBL S-S WX SPD DR
================================================================================
1 94 78 86 2 0 21 0.00 0.0 0 M M M M M M M M
2 96 79 88 4 0 23 0.00 0.0 0 M M M M M M M M
3 92 76 84 0 0 19 0.60 0.0 0 M M M M M M 3 M M
4 86 78 82 -3 0 17 0.02 0.0 0 M M M M M M M M
5 88 74 81 -4 0 16 T 0.0 0 M M M M M M M M
6 91 73 82 -3 0 17 0.22 0.0 0 M M M M M M M M
7 92 76 84 -1 0 19 0.00 0.0 0 M M M M M M M M
8 92 76 84 -1 0 19 0.00 0.0 0 M M M M M M M M
9 93 81 87 2 0 22 0.00 0.0 0 M M M M M M M M
10 94 79 87 3 0 22 0.13 0.0 0 M M M M M M M M
11 94 78 86 2 0 21 0.00 0.0 0 M M M M M M M M
12 94 78 86 2 0 21 0.00 0.0 0 M M M M M M M M
13 90 77 84 0 0 19 0.09 0.0 0 M M M M M M M M
14 93 77 85 1 0 20 T 0.0 0 M M M M M M M M
15 93 77 85 1 0 20 0.04 0.0 0 M M M M M M M M
16 92 77 85 1 0 20 0.05 0.0 0 M M M M M M M M
17 93 76 85 1 0 20 0.11 0.0 0 M M M M M M M M
18 92 79 86 2 0 21 0.32 0.0 0 M M M M M M 3 M M
19 93 82 88 4 0 23 0.00 0.0 0 M M M M M M M M
20 93 81 87 3 0 22 0.00 0.0 0 M M M M M M M M
21 93 78 86 2 0 21 0.00 0.0 0 M M M M M M M M
22 93 76 85 1 0 20 0.00 0.0 0 M M M M M M M M
23 94 74 84 0 0 19 0.00 0.0 0 M M M M M M M M
24 95 77 86 2 0 21 0.00 0.0 0 M M M M M M M M
25 97 78 88 4 0 23 0.00 0.0 0 M M M M M M M M
26 94 75 85 1 0 20 0.56 0.0 0 M M M M M M M M
27 89 74 82 -1 0 17 0.72 0.0 0 M M M M M M 3 M M
28 90 78 84 1 0 19 0.21 0.0 0 M M M M M M 3 M M
29 94 75 85 2 0 20 0.09 0.0 0 M M M M M M M M
30 97 78 88 5 0 23 0.00 0.0 0 M M M M M M M M
31 96 79 88 5 0 23 0.00 0.0 0 M M M M M M M M
================================================================================
SM 2877 2394 0 628 3.16 0.0 M M M
================================================================================
AV 92.8 77.2 M FASTST M M M MAX(MPH)
MISC ----> M M M M
================================================================================
NOTES:
# LAST OF SEVERAL OCCURRENCES
COLUMN 17 PEAK WIND IN M.P.H.
PRELIMINARY LOCAL CLIMATOLOGICAL DATA (WS FORM: F-6) , PAGE 2
STATION: DICKINSON WFO
MONTH: AUGUST
YEAR: 2021
LATITUDE: 29 28 N
LONGITUDE: 95 5 W
[TEMPERATURE DATA] [PRECIPITATION DATA] SYMBOLS USED IN COLUMN 16
AVERAGE MONTHLY: 85.0 TOTAL FOR MONTH: 3.16 1 = FOG OR MIST
DPTR FM NORMAL: 0.9 DPTR FM NORMAL: -3.48 2 = FOG REDUCING VISIBILITY
HIGHEST: 97 ON 30,25 GRTST 24HR 0.72 ON 27-27 TO 1/4 MILE OR LESS
LOWEST: 73 ON 6 3 = THUNDER
SNOW, ICE PELLETS, HAIL 4 = ICE PELLETS
TOTAL MONTH: 0.0 INCH 5 = HAIL
GRTST 24HR 0.0 6 = FREEZING RAIN OR DRIZZLE
GRTST DEPTH: 0 7 = DUSTSTORM OR SANDSTORM:
VSBY 1/2 MILE OR LESS
8 = SMOKE OR HAZE
[NO. OF DAYS WITH] [WEATHER - DAYS WITH] 9 = BLOWING SNOW
X = TORNADO
MAX 32 OR BELOW: 0 0.01 INCH OR MORE: 13
MAX 90 OR ABOVE: 28 0.10 INCH OR MORE: 8
MIN 32 OR BELOW: 0 0.50 INCH OR MORE: 3
MIN 0 OR BELOW: 0 1.00 INCH OR MORE: 0
[HDD (BASE 65) ]
TOTAL THIS MO. 0 CLEAR (SCALE 0-3) 0
DPTR FM NORMAL 0 PTCLDY (SCALE 4-7) 0
TOTAL FM JUL 1 0 CLOUDY (SCALE 8-10) 31
DPTR FM NORMAL 0
[CDD (BASE 65) ]
TOTAL THIS MO. 628
DPTR FM NORMAL 36 [PRESSURE DATA]
TOTAL FM JAN 1 2372 HIGHEST SLP M ON M
DPTR FM NORMAL -16 LOWEST SLP M ON M
[REMARKS]
#FINAL-08-21#