000
CXUS56 KPQR 011551
CLMHIO
CLIMATE REPORT
NATIONAL WEATHER SERVICE PORTLAND OREGON
851 AM PDT TUE AUG 01 2023
...................................
...THE HILLSBORO OR CLIMATE SUMMARY FOR THE MONTH OF JULY 2023...
CLIMATE NORMAL PERIOD 1991 TO 2020
CLIMATE RECORD PERIOD 1929 TO 2023
WEATHER OBSERVED NORMAL DEPART LAST YEAR`S
VALUE DATE(S) VALUE FROM VALUE DATE(S)
NORMAL
................................................................
TEMPERATURE (F)
HIGHEST 97 102 07/30
LOWEST 48 47 07/04
07/18
AVG. MAXIMUM 85.6 82.1 3.5 85.2
AVG. MINIMUM 53.5 52.2 1.3 54.9
MEAN 69.5 67.2 2.3 70.0
DAYS MAX >= 90 8 6.4 1.6 12
DAYS MAX <= 32 0 0.0 0.0 0
DAYS MIN <= 32 0 0.0 0.0 0
DAYS MIN <= 0 0 0.0 0.0 0
PRECIPITATION (INCHES)
RECORD
MAXIMUM 2.81 1983
MINIMUM 0.00 1994
TOTALS 0.02 0.37 -0.35 0.13
DAYS >= .01 1 2.9 -1.9 3
DAYS >= .10 0 1.0 -1.0 0
DAYS >= .50 0 0.0 0.0 0
DAYS >= 1.00 0 0.0 0.0 0
GREATEST
24 HR. TOTAL 0.02 07/24 TO 07/24
DEGREE DAYS
HEATING TOTAL 3 36 -33 18
SINCE 7/1 3 40 -37 MM
COOLING TOTAL 152 102 50 181
SINCE 1/1 255 140 115 MM
................................................................
WIND (MPH)
AVERAGE WIND SPEED 5.3
RESULTANT WIND SPEED/DIRECTION 3/320
HIGHEST WIND SPEED/DIRECTION 22/320 DATE 07/15
HIGHEST GUST SPEED/DIRECTION 26/330 DATE 07/15
SKY COVER
POSSIBLE SUNSHINE (PERCENT) MM
AVERAGE SKY COVER 0.14
AVERAGE RH (PERCENT) 58
WEATHER CONDITIONS. NUMBER OF DAYS WITH
THUNDERSTORM 0 MIXED PRECIP 0
HEAVY RAIN 0 RAIN 0
LIGHT RAIN 2 FREEZING RAIN 0
LT FREEZING RAIN 0 HAIL 0
HEAVY SNOW 0 SNOW 0
LIGHT SNOW 0 SLEET 0
FOG 0 FOG W/VIS <= 1/4 MILE 0
HAZE 0
- INDICATES NEGATIVE NUMBERS.
R INDICATES RECORD WAS SET OR TIED.
MM INDICATES DATA IS MISSING.
T INDICATES TRACE AMOUNT.
$$