000
CXUS53 KGID 020244
CF6HJH
PRELIMINARY LOCAL CLIMATOLOGICAL DATA (WS FORM: F-6)
STATION: HEBRON NE
MONTH: FEBRUARY
YEAR: 2024
LATITUDE: 40 9 N
LONGITUDE: 97 35 W
TEMPERATURE IN F: :PCPN: SNOW: WIND :SUNSHINE: SKY :PK WND
================================================================================
1 2 3 4 5 6A 6B 7 8 9 10 11 12 13 14 15 16 17 18
12Z AVG MX 2MIN
DY MAX MIN AVG DEP HDD CDD WTR SNW DPTH SPD SPD DIR MIN PSBL S-S WX SPD DR
================================================================================
1 60 35 48 M 17 0 0.00 M M 3.3 8 150 M M 2 M M
2 64 40 52 M 13 0 T M M 5.6 13 140 M M 4 21 130
3 50 43 47 M 18 0 0.77 M M 11.8 17 90 M M 10 1 23 90
4 46 35 41 M 24 0 0.07 M M 10.2 15 30 M M 9 1 20 30
5 42 31 37 M 28 0 0.00 M M 2.7 7 300 M M 6 12 M M
6 54 29 42 M 23 0 0.00 M M 6.8 15 160 M M 2 12 20 170
7 56 44 50 M 15 0 T M M 17.1 27 180 M M 4 33 180
8 56 37 47 M 18 0 0.00 M M 12.1 22 200 M M 3 35 200
9 50 30 40 M 25 0 0.00 M M 6.0 13 30 M M 4 17 10
10 38 28 33 M 32 0 0.00 M M 5.7 12 30 M M 7 17 30
11 44 26 35 M 30 0 0.00 M M 2.9 10 10 M M 7 M M
12 56 24 40 M 25 0 0.00 M M 2.5 9 320 M M 0 M M
13 58 28 43 M 22 0 0.00 M M 1.1 6 220 M M 1 M M
14 62 31 47 M 18 0 0.00 M M 8.2 27 340 M M 1 38 0
15 43 28 36 M 29 0 0.00 M M 9.0 20 10 M M 5 25 10
16 34 13 24 M 41 0 M M M 13.1 20 50 M M 8 25 50
17 38 10 24 M 41 0 0.00 M M 9.5 15 280 M M 0 20 280
18 54 22 38 M 27 0 0.00 M M 3.9 9 250 M M 0 M M
19 60 26 43 M 22 0 0.00 M M 4.5 10 230 M M 0 16 210
20 73 25 49 M 16 0 0.00 M M 6.3 15 210 M M 0 24 230
21 70 31 51 M 14 0 0.00 M M 4.3 12 50 M M 0 17 30
22 65 37 51 M 14 0 0.00 M M 8.4 18 350 M M 3 24 360
23 64 32 48 M 17 0 0.00 M M 9.3 21 320 M M 1 30 320
24 69 24 47 M 18 0 0.00 M M 4.8 18 270 M M 0 27 270
25 73 29 51 M 14 0 0.00 M M 5.0 17 320 M M 0 25 320
26 81 34 58 M 7 0 0.00 M M 6.1 20 260 M M 0 27 280
27 47 18 33 M 32 0 T M M 14.9 30 360 M M 3 8 39 360
28 42 10 26 M 39 0 0.00 M M 7.7 21 350 M M 0 31 350
29 60 31 46 M 19 0 0.00 M M 17.1 30 200 M M 0 39 200
================================================================================
SM 1609 831 658 0 M M 219.9 M 80
================================================================================
AV 55.5 28.7 7.6 FASTST M M 3 MAX(MPH)
MISC ----> # 30 360 # M M
================================================================================
NOTES:
# LAST OF SEVERAL OCCURRENCES
COLUMN 17 PEAK WIND IN M.P.H.
PRELIMINARY LOCAL CLIMATOLOGICAL DATA (WS FORM: F-6) , PAGE 2
STATION: HEBRON NE
MONTH: FEBRUARY
YEAR: 2024
LATITUDE: 40 9 N
LONGITUDE: 97 35 W
[TEMPERATURE DATA] [PRECIPITATION DATA] SYMBOLS USED IN COLUMN 16
AVERAGE MONTHLY: 42.1 TOTAL FOR MONTH: M 1 = FOG OR MIST
DPTR FM NORMAL: M DPTR FM NORMAL: M 2 = FOG REDUCING VISIBILITY
HIGHEST: 81 ON 26 GRTST 24HR M ON M TO 1/4 MILE OR LESS
LOWEST: 10 ON 28,17 3 = THUNDER
SNOW, ICE PELLETS, HAIL 4 = ICE PELLETS
TOTAL MONTH: M 5 = HAIL
GRTST 24HR M ON M 6 = FREEZING RAIN OR DRIZZLE
GRTST DEPTH: M ON M 7 = DUSTSTORM OR SANDSTORM:
VSBY 1/2 MILE OR LESS
8 = SMOKE OR HAZE
[NO. OF DAYS WITH] [WEATHER - DAYS WITH] 9 = BLOWING SNOW
X = TORNADO
MAX 32 OR BELOW: 0 0.01 INCH OR MORE: M
MAX 90 OR ABOVE: 0 0.10 INCH OR MORE: M
MIN 32 OR BELOW: 21 0.50 INCH OR MORE: M
MIN 0 OR BELOW: 0 1.00 INCH OR MORE: M
[HDD (BASE 65) ]
TOTAL THIS MO. 658 CLEAR (SCALE 0-3) 19
DPTR FM NORMAL M PTCLDY (SCALE 4-7) 8
TOTAL FM JUL 1 3764 CLOUDY (SCALE 8-10) 2
DPTR FM NORMAL M
[CDD (BASE 65) ]
TOTAL THIS MO. 0
DPTR FM NORMAL M [PRESSURE DATA]
TOTAL FM JAN 1 0 HIGHEST SLP M ON M
DPTR FM NORMAL M LOWEST SLP M ON M
[REMARKS]
#FINAL-02-24#