000
CXUS56 KHNX 100618
CF6HJO
PRELIMINARY LOCAL CLIMATOLOGICAL DATA (WS FORM: F-6)
STATION: HANFORD CA AIRPORT
MONTH: MAY
YEAR: 2023
LATITUDE: 36 19 N
LONGITUDE: 119 38 W
TEMPERATURE IN F: :PCPN: SNOW: WIND :SUNSHINE: SKY :PK WND
================================================================================
1 2 3 4 5 6A 6B 7 8 9 10 11 12 13 14 15 16 17 18
12Z AVG MX 2MIN
DY MAX MIN AVG DEP HDD CDD WTR SNW DPTH SPD SPD DIR MIN PSBL S-S WX SPD DR
================================================================================
1 69 48 59 -7 6 0 0.03 0.0 0 8.3 18 320 M M 6 8 22 320
2 67 48 58 -8 7 0 0.02 0.0 0 6.1 17 180 M M 7 22 180
3 67 47 57 -9 8 0 T 0.0 0 6.0 14 290 M M 6 18 260
4 68 51 60 -6 5 0 0.02 0.0 0 3.4 16 270 M M 9 21 260
5 72 50 61 -6 4 0 0.01 0.0 0 3.5 15 330 M M 6 18 330
6 71 54 63 -4 2 0 0.00 0.0 0 8.1 15 320 M M 3 18 320
7 77 51 64 -3 1 0 0.00 0.0 0 7.2 15 320 M M 1 18 330
8 78 51 65 -2 0 0 0.00 0.0 0 10.1 17 330 M M 0 22 330
9 75 52 64 -4 1 0 0.00 0.0 0 10.2 18 310 M M 0 24 320
10 77 48 63 -5 2 0 0.00 0.0 0 7.1 16 320 M M 0 20 320
11 80 51 66 -2 0 1 0.00 0.0 0 9.3 16 320 M M 0 22 310
12 87 54 71 3 0 6 0.00 0.0 0 7.0 16 320 M M 0 18 320
13 94 56 75 6 0 10 0.00 0.0 0 4.2 13 320 M M 0 18 15 320
14 99 61 80 11 0 15 0.00 0.0 0 6.3 17 210 M M 0 18 22 200
15 98 60 79 10 0 14 0.00 0.0 0 7.5 20 310 M M 0 24 300
16 95 61 78 9 0 13 0.00 0.0 0 7.4 21 310 M M 0 26 310
17 98 61 80 10 0 15 0.00 0.0 0 8.2 18 330 M M 0 23 330
18 98 59 79 9 0 14 0.00 0.0 0 9.2 17 320 M M 0 22 320
19 96 59 78 8 0 13 0.00 0.0 0 8.5 18 320 M M 0 26 330
20 93 59 76 6 0 11 0.00 0.0 0 8.2 16 330 M M 0 21 330
21 95 62 79 9 0 14 0.00 0.0 0 7.7 15 320 M M 0 18 330
22 98 62 80 9 0 15 0.00 0.0 0 6.0 16 320 M M 0 20 320
23 92 62 77 6 0 12 0.00 0.0 0 5.7 15 320 M M 0 20 320
24 81 54 68 -3 0 3 0.00 0.0 0 4.2 13 160 M M 0 17 140
25 83 52 68 -3 0 3 0.00 0.0 0 4.7 13 310 M M 1 16 260
26 82 57 70 -2 0 5 0.00 0.0 0 6.3 13 320 M M 1 16 310
27 87 58 73 1 0 8 0.00 0.0 0 7.6 14 330 M M 0 18 320
28 89 61 75 3 0 10 0.00 0.0 0 8.0 18 320 M M 0 23 320
29 84 56 70 -2 0 5 0.00 0.0 0 4.9 13 260 M M 1 18 280
30 81 60 71 -1 0 6 0.00 0.0 0 7.9 16 320 M M 3 22 330
31 84 59 72 0 0 7 0.00 0.0 0 6.9 17 320 M M 3 22 330
================================================================================
SM 2615 1724 36 200 0.08 0.0 215.7 M 47
================================================================================
AV 84.4 55.6 7.0 FASTST M M 2 MAX(MPH)
MISC ----> 21 310 # 26 310
================================================================================
NOTES:
# LAST OF SEVERAL OCCURRENCES
COLUMN 17 PEAK WIND IN M.P.H.
PRELIMINARY LOCAL CLIMATOLOGICAL DATA (WS FORM: F-6) , PAGE 2
STATION: HANFORD CA AIRPORT
MONTH: MAY
YEAR: 2023
LATITUDE: 36 19 N
LONGITUDE: 119 38 W
[TEMPERATURE DATA] [PRECIPITATION DATA] SYMBOLS USED IN COLUMN 16
AVERAGE MONTHLY: 70.0 TOTAL FOR MONTH: 0.08 1 = FOG OR MIST
DPTR FM NORMAL: 0.8 DPTR FM NORMAL: -0.27 2 = FOG REDUCING VISIBILITY
HIGHEST: 99 ON 14 GRTST 24HR 0.05 ON 1- 2 TO 1/4 MILE OR LESS
LOWEST: 47 ON 3 3 = THUNDER
SNOW, ICE PELLETS, HAIL 4 = ICE PELLETS
TOTAL MONTH: 0.0 INCH 5 = HAIL
GRTST 24HR 0.0 6 = FREEZING RAIN OR DRIZZLE
GRTST DEPTH: 0 7 = DUSTSTORM OR SANDSTORM:
VSBY 1/2 MILE OR LESS
8 = SMOKE OR HAZE
[NO. OF DAYS WITH] [WEATHER - DAYS WITH] 9 = BLOWING SNOW
X = TORNADO
MAX 32 OR BELOW: 0 0.01 INCH OR MORE: 4
MAX 90 OR ABOVE: 11 0.10 INCH OR MORE: 0
MIN 32 OR BELOW: 0 0.50 INCH OR MORE: 0
MIN 0 OR BELOW: 0 1.00 INCH OR MORE: 0
[HDD (BASE 65) ]
TOTAL THIS MO. 36 CLEAR (SCALE 0-3) 25
DPTR FM NORMAL 4 PTCLDY (SCALE 4-7) 5
TOTAL FM JUL 1 2554 CLOUDY (SCALE 8-10) 1
DPTR FM NORMAL 137
[CDD (BASE 65) ]
TOTAL THIS MO. 200
DPTR FM NORMAL 38 [PRESSURE DATA]
TOTAL FM JAN 1 260 HIGHEST SLP 30.12 ON 7
DPTR FM NORMAL 53 LOWEST SLP 29.73 ON 23
[REMARKS]
#FINAL-05-23#