000
CXUS56 KHNX 120758 CCA
CF6HJO
PRELIMINARY LOCAL CLIMATOLOGICAL DATA (WS FORM: F-6)
STATION: HANFORD CA AIRPORT
MONTH: JANUARY
YEAR: 2023
LATITUDE: 36 19 N
LONGITUDE: 119 38 W
TEMPERATURE IN F: :PCPN: SNOW: WIND :SUNSHINE: SKY :PK WND
================================================================================
1 2 3 4 5 6A 6B 7 8 9 10 11 12 13 14 15 16 17 18
12Z AVG MX 2MIN
DY MAX MIN AVG DEP HDD CDD WTR SNW DPTH SPD SPD DIR MIN PSBL S-S WX SPD DR
================================================================================
1 58 39 49 3 16 0 0.21 0.0 0 6.9 24 330 M M 5 1 31 330
2 50 36 43 -3 22 0 0.14 0.0 0 3.8 10 80 M M 4 17 80
3 60 42 51 5 14 0 0.00 0.0 0 2.5 8 160 M M 3 1 10 170
4 69 42 56 10 9 0 0.19 0.0 0 7.1 17 150 M M 6 1 25 220
5 62 45 54 8 11 0 0.33 0.0 0 7.9 28 150 M M 7 123 33 160
6 59 40 50 4 15 0 0.00 0.0 0 2.5 8 170 M M 5 12 12 80
7 62 44 53 7 12 0 0.00 0.0 0 2.9 13 80 M M 1 1 18 80
8 62 51 57 11 8 0 0.09 0.0 0 5.1 13 120 M M 9 1 19 120
9 61 54 58 12 7 0 1.30 0.0 0 10.3 23 150 M M 10 1 30 150
10 63 47 55 9 10 0 0.15 0.0 0 9.2 25 160 M M 4 1 32 200
11 59 44 52 6 13 0 T 0.0 0 3.2 8 140 M M 6 10 130
12 66 42 54 8 11 0 0.00 0.0 0 2.2 9 210 M M 0 1 10 210
13 65 47 56 10 9 0 0.01 0.0 0 4.6 13 240 M M 2 1 18 230
14 57 50 54 7 11 0 0.50 0.0 0 6.1 15 130 M M 8 1 21 120
15 56 46 51 4 14 0 0.09 0.0 0 4.9 12 160 M M 6 14 160
16 55 40 48 1 17 0 0.11 0.0 0 7.0 25 310 M M 8 1 34 310
17 54 39 47 0 18 0 0.00 0.0 0 2.7 12 330 M M 6 12 14 330
18 57 33 45 -2 20 0 0.00 0.0 0 1.3 5 190 M M 2 12 M M
19 55 41 48 1 17 0 0.03 0.0 0 5.8 17 310 M M 6 18 23 310
20 55 36 46 -1 19 0 0.00 0.0 0 3.1 8 320 M M 2 10 310
21 56 32 44 -3 21 0 0.00 0.0 0 2.0 9 320 M M 1 128 11 300
22 55 33 44 -3 21 0 0.00 0.0 0 2.3 13 310 M M 6 128 14 310
23 56 32 44 -3 21 0 0.00 0.0 0 0.8 7 80 M M 1 128 8 60
24 59 32 46 -2 19 0 0.00 0.0 0 1.5 7 310 M M 0 18 11 20
25 61 32 47 -1 18 0 0.00 0.0 0 1.2 9 330 M M 3 128 12 330
26 65 33 49 1 16 0 0.00 0.0 0 1.3 7 340 M M 2 128 9 340
27 63 33 48 0 17 0 0.00 0.0 0 2.1 7 70 M M 3 128 8 80
28 62 35 49 1 16 0 0.00 0.0 0 2.4 8 80 M M 0 18 11 70
29 57 36 47 -1 18 0 0.01 0.0 0 4.6 12 170 M M 6 12 17 110
30 55 35 45 -3 20 0 0.00 0.0 0 6.4 18 310 M M 4 12 23 310
31 55 33 44 -4 21 0 0.00 0.0 0 0.6 6 80 M M 5 12 10 130
================================================================================
SM 1829 1224 481 0 3.16 0.0 124.3 M 131
================================================================================
AV 59.0 39.5 4.0 FASTST M M 4 MAX(MPH)
MISC ----> 28 150 34 310
================================================================================
NOTES:
# LAST OF SEVERAL OCCURRENCES
COLUMN 17 PEAK WIND IN M.P.H.
PRELIMINARY LOCAL CLIMATOLOGICAL DATA (WS FORM: F-6) , PAGE 2
STATION: HANFORD CA AIRPORT
MONTH: JANUARY
YEAR: 2023
LATITUDE: 36 19 N
LONGITUDE: 119 38 W
[TEMPERATURE DATA] [PRECIPITATION DATA] SYMBOLS USED IN COLUMN 16
AVERAGE MONTHLY: 49.2 TOTAL FOR MONTH: 3.16 1 = FOG OR MIST
DPTR FM NORMAL: 2.4 DPTR FM NORMAL: 1.60 2 = FOG REDUCING VISIBILITY
HIGHEST: 69 ON 4 GRTST 24HR 1.30 ON 9- 9 TO 1/4 MILE OR LESS
LOWEST: 32 ON 25,24 3 = THUNDER
SNOW, ICE PELLETS, HAIL 4 = ICE PELLETS
TOTAL MONTH: 0.0 INCH 5 = HAIL
GRTST 24HR 0.0 6 = FREEZING RAIN OR DRIZZLE
GRTST DEPTH: 0 7 = DUSTSTORM OR SANDSTORM:
VSBY 1/2 MILE OR LESS
8 = SMOKE OR HAZE
[NO. OF DAYS WITH] [WEATHER - DAYS WITH] 9 = BLOWING SNOW
X = TORNADO
MAX 32 OR BELOW: 0 0.01 INCH OR MORE: 13
MAX 90 OR ABOVE: 0 0.10 INCH OR MORE: 8
MIN 32 OR BELOW: 4 0.50 INCH OR MORE: 2
MIN 0 OR BELOW: 0 1.00 INCH OR MORE: 1
[HDD (BASE 65) ]
TOTAL THIS MO. 481 CLEAR (SCALE 0-3) 13
DPTR FM NORMAL -83 PTCLDY (SCALE 4-7) 16
TOTAL FM JUL 1 1561 CLOUDY (SCALE 8-10) 2
DPTR FM NORMAL -31
[CDD (BASE 65) ]
TOTAL THIS MO. 0
DPTR FM NORMAL 0 [PRESSURE DATA]
TOTAL FM JAN 1 0 HIGHEST SLP 30.52 ON 26
DPTR FM NORMAL 0 LOWEST SLP 29.42 ON 16
[REMARKS]
#FINAL-01-23#