000
CXUS56 KHNX 011539
CF6HJO
PRELIMINARY LOCAL CLIMATOLOGICAL DATA (WS FORM: F-6)
STATION: HANFORD CA AIRPORT
MONTH: FEBRUARY
YEAR: 2022
LATITUDE: 36 19 N
LONGITUDE: 119 38 W
TEMPERATURE IN F: :PCPN: SNOW: WIND :SUNSHINE: SKY :PK WND
================================================================================
1 2 3 4 5 6A 6B 7 8 9 10 11 12 13 14 15 16 17 18
12Z AVG MX 2MIN
DY MAX MIN AVG DEP HDD CDD WTR SNW DPTH SPD SPD DIR MIN PSBL S-S WX SPD DR
================================================================================
1 57 34 46 -2 19 0 0.00 0.0 0 4.6 18 320 M M 2 128 22 320
2 57 29 43 -6 22 0 0.00 0.0 0 2.6 10 320 M M 0 18 13 310
3 60 30 45 -4 20 0 0.00 0.0 0 1.6 8 120 M M 0 1 10 120
4 66 30 48 -1 17 0 0.00 0.0 0 1.8 8 210 M M 0 18 11 210
5 65 31 48 -1 17 0 0.00 0.0 0 2.2 8 310 M M 0 18 10 310
6 66 31 49 0 16 0 0.00 0.0 0 1.1 6 60 M M 0 18 8 30
7 72 31 52 3 13 0 0.00 0.0 0 2.6 6 320 M M 1 128 8 290
8 71 34 53 3 12 0 0.00 0.0 0 1.7 7 70 M M 0 18 9 70
9 72 35 54 4 11 0 0.00 0.0 0 1.2 6 130 M M 0 18 11 140
10 75 37 56 6 9 0 0.00 0.0 0 1.9 6 170 M M 0 18 8 240
11 77 39 58 8 7 0 0.00 0.0 0 1.9 7 60 M M 0 18 9 300
12 81 40 61 11 4 0 0.00 0.0 0 1.6 7 300 M M 0 18 8 300
13 81 39 60 10 5 0 0.00 0.0 0 1.7 7 260 M M 0 18 8 250
14 77 41 59 8 6 0 0.00 0.0 0 5.2 22 330 M M 0 18 27 330
15 59 36 48 -3 17 0 0.00 0.0 0 8.5 23 330 M M 1 28 320
16 64 31 48 -3 17 0 0.00 0.0 0 2.2 8 70 M M 0 10 70
17 69 32 51 0 14 0 0.00 0.0 0 2.1 8 160 M M 0 18 11 140
18 69 34 52 0 13 0 0.00 0.0 0 1.5 7 20 M M 0 18 8 20
19 74 33 54 2 11 0 0.00 0.0 0 2.6 10 320 M M 0 18 12 320
20 69 36 53 1 12 0 0.00 0.0 0 2.4 12 330 M M 0 18 15 320
21 61 37 49 -3 16 0 0.00 0.0 0 6.1 15 330 M M 3 20 320
22 52 37 45 -7 20 0 0.17 0.0 0 3.3 20 280 M M 8 13 28 270
23 53 32 43 -10 22 0 0.00 0.0 0 5.6 16 320 M M 2 1 23 310
24 58 28 43 -10 22 0 0.00 0.0 0 2.3 8 290 M M 0 1 11 310
25 62 30 46 -7 19 0 0.00 0.0 0 2.2 8 310 M M 0 1 12 20
26 63 31 47 -6 18 0 0.00 0.0 0 2.4 8 220 M M 0 18 10 250
27 67 38 53 -1 12 0 0.00 0.0 0 2.2 8 330 M M 0 18 11 280
28 73 35 54 0 11 0 0.00 0.0 0 3.1 10 320 M M 0 18 12 320
================================================================================
SM 1870 951 402 0 0.17 0.0 78.2 M 17
================================================================================
AV 66.8 34.0 2.8 FASTST M M 1 MAX(MPH)
MISC ----> 23 330 # 28 320
================================================================================
NOTES:
# LAST OF SEVERAL OCCURRENCES
COLUMN 17 PEAK WIND IN M.P.H.
PRELIMINARY LOCAL CLIMATOLOGICAL DATA (WS FORM: F-6) , PAGE 2
STATION: HANFORD CA AIRPORT
MONTH: FEBRUARY
YEAR: 2022
LATITUDE: 36 19 N
LONGITUDE: 119 38 W
[TEMPERATURE DATA] [PRECIPITATION DATA] SYMBOLS USED IN COLUMN 16
AVERAGE MONTHLY: 50.4 TOTAL FOR MONTH: 0.17 1 = FOG OR MIST
DPTR FM NORMAL: -0.5 DPTR FM NORMAL: -1.27 2 = FOG REDUCING VISIBILITY
HIGHEST: 81 ON 13,12 GRTST 24HR 0.17 ON 22-22 TO 1/4 MILE OR LESS
LOWEST: 28 ON 24 3 = THUNDER
SNOW, ICE PELLETS, HAIL 4 = ICE PELLETS
TOTAL MONTH: 0.0 INCH 5 = HAIL
GRTST 24HR 0.0 6 = FREEZING RAIN OR DRIZZLE
GRTST DEPTH: 0 7 = DUSTSTORM OR SANDSTORM:
VSBY 1/2 MILE OR LESS
8 = SMOKE OR HAZE
[NO. OF DAYS WITH] [WEATHER - DAYS WITH] 9 = BLOWING SNOW
X = TORNADO
MAX 32 OR BELOW: 0 0.01 INCH OR MORE: 1
MAX 90 OR ABOVE: 0 0.10 INCH OR MORE: 1
MIN 32 OR BELOW: 12 0.50 INCH OR MORE: 0
MIN 0 OR BELOW: 0 1.00 INCH OR MORE: 0
[HDD (BASE 65) ]
TOTAL THIS MO. 402 CLEAR (SCALE 0-3) 27
DPTR FM NORMAL 9 PTCLDY (SCALE 4-7) 1
TOTAL FM JUL 1 1876 CLOUDY (SCALE 8-10) 0
DPTR FM NORMAL -109
[CDD (BASE 65) ]
TOTAL THIS MO. 0
DPTR FM NORMAL 0 [PRESSURE DATA]
TOTAL FM JAN 1 0 HIGHEST SLP 30.48 ON 4
DPTR FM NORMAL 0 LOWEST SLP 29.85 ON 20
[REMARKS]
#FINAL-02-22#