000
CXUS54 KMAF 082034
CF6HOB
PRELIMINARY LOCAL CLIMATOLOGICAL DATA (WS FORM: F-6)
STATION: LEA AIRPORT, HOBBS
MONTH: JUNE
YEAR: 2022
LATITUDE: 32 40 N
LONGITUDE: 103-12 E
TEMPERATURE IN F: :PCPN: SNOW: WIND :SUNSHINE: SKY :PK WND
================================================================================
1 2 3 4 5 6A 6B 7 8 9 10 11 12 13 14 15 16 17 18
12Z AVG MX 2MIN
DY MAX MIN AVG DEP HDD CDD WTR SNW DPTH SPD SPD DIR MIN PSBL S-S WX SPD DR
================================================================================
1 88 59 74 M 0 9 0.11 M M 13.4 29 20 M M 7 38 20
2 73 57 65 M 0 0 1.52 M M 10.7 21 310 M M 9 13 29 310
3 81 59 70 M 0 5 0.00 M M 11.9 30 40 M M 3 45 100
4 93 59 76 M 0 11 0.00 M M 8.1 16 160 M M 0 23 110
5 97 61 79 M 0 14 0.00 M M 10.3 20 310 M M 1 29 310
6 99 68 84 M 0 19 0.00 M M 10.5 16 360 M M 0 15 340
7 97 66 82 M 0 17 0.00 M M 9.5 21 350 M M 0 21 80
8 90 70 80 M 0 15 0.00 M M 13.2 35 20 M M 2 7 46 20
9 95 68 82 M 0 17 0.00 M M 11.8 17 170 M M 2 24 170
10 100 66 83 M 0 18 0.00 M M 9.2 15 140 M M 0 21 140
11 104 72 88 M 0 23 0.00 M M 11.6 16 200 M M 0 22 180
12 104 73 89 M 0 24 0.00 M M 13.0 17 140 M M 0 31 140
13 102 77 90 M 0 25 0.00 M M 16.5 24 150 M M 0 29 160
14 100 73 87 M 0 22 0.00 M M 8.8 14 170 M M 0 18 200
15 97 66 82 M 0 17 0.00 M M 12.1 17 160 M M 0 21 160
16 95 73 84 M 0 19 0.00 M M 14.6 18 120 M M 0 28 140
17 M 68 M M M M 0.00 M M 16.0 23 130 M M 0 29 130
18 93 64 79 M 0 14 0.00 M M 14.9 20 140 M M 1 26 140
19 93 70 82 M 0 17 0.00 M M 17.8 22 140 M M 0 31 130
20 93 68 81 M 0 16 0.00 M M 12.0 17 140 M M 2 24 150
21 91 81 86 M 0 21 0.00 M M 14.2 20 160 M M 3 26 150
22 93 66 80 M 0 15 0.00 M M 11.1 16 130 M M 1 24 150
23 95 66 81 M 0 16 0.00 M M 11.4 18 170 M M 0 24 160
24 99 68 84 M 0 19 0.00 M M 10.8 18 180 M M 0 21 140
25 99 70 85 M 0 20 0.00 M M 10.6 21 10 M M 0 38 10
26 90 70 80 M 0 15 0.00 M M 16.9 25 90 M M 3 33 90
27 88 64 76 M 0 11 0.00 M M 9.7 15 40 M M 4 24 20
28 86 64 75 M 0 10 0.01 M M 5.4 15 70 M M 4 3 M M
29 88 64 76 M 0 11 0.01 M M 6.2 14 130 M M 3 17 30
30 95 66 81 M 0 16 0.00 M M 7.1 12 210 M M 1 18 180
================================================================================
SM 2718 2016 0 456 1.65 M 349.4 M 46
================================================================================
AV 93.7 67.2 11.6 FASTST M M 2 MAX(MPH)
MISC ----> 35 20 46 20
================================================================================
NOTES:
# LAST OF SEVERAL OCCURRENCES
COLUMN 17 PEAK WIND IN M.P.H.
PRELIMINARY LOCAL CLIMATOLOGICAL DATA (WS FORM: F-6) , PAGE 2
STATION: LEA AIRPORT, HOBBS
MONTH: JUNE
YEAR: 2022
LATITUDE: 32 40 N
LONGITUDE: 103-12 E
[TEMPERATURE DATA] [PRECIPITATION DATA] SYMBOLS USED IN COLUMN 16
AVERAGE MONTHLY: 80.5 TOTAL FOR MONTH: 1.65 1 = FOG OR MIST
DPTR FM NORMAL: 0.0 DPTR FM NORMAL: M 2 = FOG REDUCING VISIBILITY
HIGHEST: 104 ON 12,11 GRTST 24HR 1.52 ON 2- 2 TO 1/4 MILE OR LESS
LOWEST: 57 ON 2 3 = THUNDER
SNOW, ICE PELLETS, HAIL 4 = ICE PELLETS
TOTAL MONTH: M 5 = HAIL
GRTST 24HR M ON M 6 = FREEZING RAIN OR DRIZZLE
GRTST DEPTH: M ON M 7 = DUSTSTORM OR SANDSTORM:
VSBY 1/2 MILE OR LESS
8 = SMOKE OR HAZE
[NO. OF DAYS WITH] [WEATHER - DAYS WITH] 9 = BLOWING SNOW
X = TORNADO
MAX 32 OR BELOW: 0 0.01 INCH OR MORE: 4
MAX 90 OR ABOVE: 23 0.10 INCH OR MORE: 2
MIN 32 OR BELOW: 0 0.50 INCH OR MORE: 1
MIN 0 OR BELOW: 0 1.00 INCH OR MORE: 1
[HDD (BASE 65) ]
TOTAL THIS MO. 0 CLEAR (SCALE 0-3) 26
DPTR FM NORMAL M PTCLDY (SCALE 4-7) 3
TOTAL FM JUL 1 2819 CLOUDY (SCALE 8-10) 1
DPTR FM NORMAL M
[CDD (BASE 65) ]
TOTAL THIS MO. 456
DPTR FM NORMAL M [PRESSURE DATA]
TOTAL FM JAN 1 868 HIGHEST SLP M ON M
DPTR FM NORMAL M LOWEST SLP M ON M
[REMARKS]
#FINAL-06-22#