000
CXUS53 KFSD 011842
CF6HON
PRELIMINARY LOCAL CLIMATOLOGICAL DATA (WS FORM: F-6)
STATION: HURON
MONTH: MAY
YEAR: 2023
LATITUDE: 44 22 N
LONGITUDE: 98 13 W
TEMPERATURE IN F: :PCPN: SNOW: WIND :SUNSHINE: SKY :PK WND
================================================================================
1 2 3 4 5 6A 6B 7 8 9 10 11 12 13 14 15 16 17 18
12Z AVG MX 2MIN
DY MAX MIN AVG DEP HDD CDD WTR SNW DPTH SPD SPD DIR MIN PSBL S-S WX SPD DR
================================================================================
1 61 30 46 -6 19 0 0.00 0.0 0 15.8 32 340 M M 0 46 330
2 66 25 46 -6 19 0 0.00 0.0 0 10.1 22 350 M M 0 29 10
3 78 35 57 4 8 0 0.00 0.0 0 7.6 15 170 M M 0 22 170
4 84 53 69 16 0 4 0.00 0.0 0 10.2 18 140 M M 1 24 140
5 82 39 61 7 4 0 0.00 0.0 0 7.9 16 60 M M 1 23 50
6 71 45 58 4 7 0 0.45 0.0 0 12.4 25 290 M M 6 12 34 290
7 72 43 58 4 7 0 0.00 0.0 0 8.8 15 10 M M 3 1 25 320
8 73 41 57 2 8 0 0.00 0.0 0 5.8 12 40 M M 1 1 17 340
9 78 47 63 8 2 0 0.02 0.0 0 10.6 22 150 M M 3 30 140
10 74 56 65 9 0 0 0.01 0.0 0 10.1 16 140 M M 3 1 26 150
11 82 57 70 14 0 5 0.70 0.0 0 8.1 17 150 M M 5 13 26 150
12 72 61 67 11 0 2 0.04 0.0 0 12.1 21 80 M M 6 13 29 110
13 65 57 61 4 4 0 0.08 0.0 0 14.7 23 70 M M 10 13 33 50
14 69 52 61 4 4 0 0.00 0.0 0 12.3 22 50 M M 5 30 60
15 75 41 58 0 7 0 0.00 0.0 0 2.3 8 100 M M 3 12 14 110
16 80 46 63 5 2 0 0.00 0.0 0 6.6 15 300 M M 0 21 270
17 80 49 65 7 0 0 T 0.0 0 8.7 26 340 M M 2 38 36 330
18 76 43 60 1 5 0 0.00 0.0 0 12.9 33 350 M M 7 18 42 360
19 66 38 52 -7 13 0 0.00 0.0 0 11.7 24 350 M M 3 33 340
20 76 35 56 -4 9 0 0.00 0.0 0 6.1 15 210 M M 0 12 21 190
21 84 51 68 8 0 3 0.00 0.0 0 5.8 13 140 M M 1 8 20 150
22 85 58 72 12 0 7 0.00 0.0 0 11.6 21 180 M M 0 29 190
23 86 58 72 11 0 7 0.00 0.0 0 9.6 18 170 M M 0 26 190
24 86 59 73 12 0 8 0.00 0.0 0 9.9 21 160 M M 2 29 180
25 86 58 72 10 0 7 0.00 0.0 0 12.5 23 150 M M 1 33 160
26 85 59 72 10 0 7 0.00 0.0 0 14.4 26 160 M M 0 38 150
27 85 60 73 11 0 8 0.00 0.0 0 15.0 24 150 M M 1 35 150
28 86 58 72 9 0 7 T 0.0 0 13.2 24 170 M M 2 3 35 150
29 89 58 74 11 0 9 T 0.0 0 9.7 23 270 M M 2 3 33 240
30 92 56 74 11 0 9 T 0.0 0 4.9 14 310 M M 1 19 270
31 90 61 76 12 0 11 0.00 0.0 0 7.4 17 210 M M 0 25 220
================================================================================
SM 2434 1529 118 94 1.30 0.0 308.8 M 69
================================================================================
AV 78.5 49.3 10.0 FASTST M M 2 MAX(MPH)
MISC ----> 33 350 46 330
================================================================================
NOTES:
# LAST OF SEVERAL OCCURRENCES
-COLUMN 17 PEAK WIND IN M.P.H.
-PRECIPITATION AMOUNTS IN COLUMNS 7,8 AND 9 ARE THE OFFICIAL
PRECIPITATION AMOUNTS FOR HURON, SD.
-SNOW DEPTH IN COLUMN 9 IS RECORDED AT 6 AM CST (12Z).
PRELIMINARY LOCAL CLIMATOLOGICAL DATA (WS FORM: F-6) , PAGE 2
STATION: HURON
MONTH: MAY
YEAR: 2023
LATITUDE: 44 22 N
LONGITUDE: 98 13 W
[TEMPERATURE DATA] [PRECIPITATION DATA] SYMBOLS USED IN COLUMN 16
AVERAGE MONTHLY: 63.9 TOTAL FOR MONTH: 1.30 1 = FOG OR MIST
DPTR FM NORMAL: 6.0 DPTR FM NORMAL: -1.85 2 = FOG REDUCING VISIBILITY
HIGHEST: 92 ON 30 GRTST 24HR 0.71 ON 10-11 TO 1/4 MILE OR LESS
LOWEST: 25 ON 2 3 = THUNDER
SNOW, ICE PELLETS, HAIL 4 = ICE PELLETS
TOTAL MONTH: 0.0 INCH 5 = HAIL
GRTST 24HR 0.0 6 = FREEZING RAIN OR DRIZZLE
GRTST DEPTH: 0 7 = DUSTSTORM OR SANDSTORM:
VSBY 1/2 MILE OR LESS
8 = SMOKE OR HAZE
[NO. OF DAYS WITH] [WEATHER - DAYS WITH] 9 = BLOWING SNOW
X = TORNADO
MAX 32 OR BELOW: 0 0.01 INCH OR MORE: 6
MAX 90 OR ABOVE: 2 0.10 INCH OR MORE: 2
MIN 32 OR BELOW: 2 0.50 INCH OR MORE: 1
MIN 0 OR BELOW: 0 1.00 INCH OR MORE: 0
[HDD (BASE 65) ]
TOTAL THIS MO. 118 CLEAR (SCALE 0-3) 22
DPTR FM NORMAL -134 PTCLDY (SCALE 4-7) 8
TOTAL FM JUL 1 7947 CLOUDY (SCALE 8-10) 1
DPTR FM NORMAL 309
[CDD (BASE 65) ]
TOTAL THIS MO. 94
DPTR FM NORMAL 61 [PRESSURE DATA]
TOTAL FM JAN 1 100 HIGHEST SLP 30.49 ON 15
DPTR FM NORMAL 65 LOWEST SLP 29.67 ON 29
[REMARKS]
MONTHLY AVERAGE TEMPERATURE OF 63.9 DEGREES IS THE 7TH HIGHEST ON
RECORD FOR MAY. THE AVERAGE MONTHLY MAXIMUM TEMPERATURE OF 78.5 DEGREES
WAS THE 3RD HIGHEST ON RECORD FOR MAY.
#FINAL-05-23#