000
CXUS53 KFSD 011535
CF6HON
PRELIMINARY LOCAL CLIMATOLOGICAL DATA (WS FORM: F-6)
STATION: HURON
MONTH: SEPTEMBER
YEAR: 2022
LATITUDE: 44 22 N
LONGITUDE: 98 13 W
TEMPERATURE IN F: :PCPN: SNOW: WIND :SUNSHINE: SKY :PK WND
================================================================================
1 2 3 4 5 6A 6B 7 8 9 10 11 12 13 14 15 16 17 18
12Z AVG MX 2MIN
DY MAX MIN AVG DEP HDD CDD WTR SNW DPTH SPD SPD DIR MIN PSBL S-S WX SPD DR
================================================================================
1 96 56 76 8 0 11 0.00 0.0 0 7.4 17 190 M M 0 1 28 170
2 89 52 71 3 0 6 0.01 0.0 0 11.0 25 360 M M 0 33 360
3 81 43 62 -5 3 0 0.00 0.0 0 5.7 12 70 M M 0 17 60
4 83 49 66 -1 0 1 0.00 0.0 0 9.4 18 150 M M 0 26 180
5 87 60 74 7 0 9 0.00 0.0 0 14.4 24 160 M M 0 33 140
6 94 61 78 12 0 13 0.00 0.0 0 5.8 14 160 M M 0 1 21 160
7 93 60 77 11 0 12 0.00 0.0 0 9.6 20 180 M M 0 1 28 180
8 98 62 80 14 0 15 T 0.0 0 14.9 33 360 M M 0 47 10
9 73 50 62 -3 3 0 0.13 0.0 0 9.4 20 350 M M 7 1 30 10
10 77 41 59 -6 6 0 0.00 0.0 0 4.5 18 330 M M 1 25 360
11 80 38 59 -6 6 0 0.00 0.0 0 3.8 13 320 M M 0 18 260
12 85 44 65 1 0 0 0.00 0.0 0 7.2 14 140 M M 0 19 130
13 88 51 70 6 0 5 0.00 0.0 0 7.0 13 120 M M 0 18 120
14 93 58 76 12 0 11 0.01 0.0 0 12.9 28 150 M M 0 3 42 150
15 87 62 75 12 0 10 0.00 0.0 0 12.5 25 190 M M 2 36 210
16 80 58 69 6 0 4 0.00 0.0 0 5.4 13 320 M M 5 16 320
17 85 53 69 7 0 4 0.00 0.0 0 8.5 23 290 M M 1 1 28 280
18 78 49 64 2 1 0 0.00 0.0 0 3.7 13 180 M M 3 12 17 190
19 87 56 72 11 0 7 0.00 0.0 0 9.7 22 170 M M 0 33 170
20 92 57 75 14 0 10 0.00 0.0 0 12.4 26 360 M M 1 12 35 360
21 70 39 55 -5 10 0 T 0.0 0 11.8 25 320 M M 2 38 330
22 66 37 52 -8 13 0 0.00 0.0 0 7.1 18 180 M M 1 28 170
23 77 53 65 5 0 0 T 0.0 0 11.6 24 290 M M 7 35 190
24 71 45 58 -1 7 0 0.00 0.0 0 10.7 23 310 M M 1 30 300
25 73 41 57 -2 8 0 0.00 0.0 0 13.8 29 330 M M 0 39 330
26 74 38 56 -2 9 0 0.00 0.0 0 2.5 9 120 M M 4 13 130
27 73 40 57 -1 8 0 0.00 0.0 0 6.5 14 50 M M 1 20 80
28 74 38 56 -1 9 0 0.00 0.0 0 12.7 23 150 M M 0 32 170
29 82 50 66 9 0 1 0.00 0.0 0 17.3 26 180 M M 0 41 180
30 82 58 70 14 0 5 0.01 0.0 0 14.9 26 160 M M 1 38 160
================================================================================
SM 2468 1499 83 124 0.16 0.0 284.1 M 37
================================================================================
AV 82.3 50.0 9.5 FASTST M M 1 MAX(MPH)
MISC ----> 33 360 47 10
================================================================================
NOTES:
# LAST OF SEVERAL OCCURRENCES
-COLUMN 17 PEAK WIND IN M.P.H.
-PRECIPITATION AMOUNTS IN COLUMNS 7,8 AND 9 ARE THE OFFICIAL
PRECIPITATION AMOUNTS FOR HURON, SD.
-SNOW DEPTH IN COLUMN 9 IS RECORDED AT 6 AM CST (12Z).
PRELIMINARY LOCAL CLIMATOLOGICAL DATA (WS FORM: F-6) , PAGE 2
STATION: HURON
MONTH: SEPTEMBER
YEAR: 2022
LATITUDE: 44 22 N
LONGITUDE: 98 13 W
[TEMPERATURE DATA] [PRECIPITATION DATA] SYMBOLS USED IN COLUMN 16
AVERAGE MONTHLY: 66.1 TOTAL FOR MONTH: 0.16 1 = FOG OR MIST
DPTR FM NORMAL: 3.5 DPTR FM NORMAL: -2.27 2 = FOG REDUCING VISIBILITY
HIGHEST: 98 ON 8 GRTST 24HR 0.13 ON 9 TO 1/4 MILE OR LESS
LOWEST: 37 ON 22 3 = THUNDER
SNOW, ICE PELLETS, HAIL 4 = ICE PELLETS
TOTAL MONTH: 0.0 INCH 5 = HAIL
GRTST 24HR 0.0 6 = FREEZING RAIN OR DRIZZLE
GRTST DEPTH: 0 7 = DUSTSTORM OR SANDSTORM:
VSBY 1/2 MILE OR LESS
8 = SMOKE OR HAZE
[NO. OF DAYS WITH] [WEATHER - DAYS WITH] 9 = BLOWING SNOW
X = TORNADO
MAX 32 OR BELOW: 0 0.01 INCH OR MORE: 4
MAX 90 OR ABOVE: 6 0.10 INCH OR MORE: 1
MIN 32 OR BELOW: 0 0.50 INCH OR MORE: 0
MIN 0 OR BELOW: 0 1.00 INCH OR MORE: 0
[HDD (BASE 65) ]
TOTAL THIS MO. 83 CLEAR (SCALE 0-3) 26
DPTR FM NORMAL -67 PTCLDY (SCALE 4-7) 4
TOTAL FM JUL 1 85 CLOUDY (SCALE 8-10) 0
DPTR FM NORMAL -90
[CDD (BASE 65) ]
TOTAL THIS MO. 124
DPTR FM NORMAL 47 [PRESSURE DATA]
TOTAL FM JAN 1 942 HIGHEST SLP 30.44 ON 28
DPTR FM NORMAL 195 LOWEST SLP 29.57 ON 8
[REMARKS]
RECORD HIGH DAILY MINIMUM TEMPERATURE WAS TIED ON THE 30TH WITH 58 DEGREES.
THE PREVIOUS RECORD WAS ESTABLISHED IN 1989.
MONTHLY TOTAL PRECIPITATION OF 0.16 INCHES IS THE 5TH LOWEST ON RECORD.
#FINAL-09-22#