000
CXUS53 KFSD 012228
CF6HON
PRELIMINARY LOCAL CLIMATOLOGICAL DATA (WS FORM: F-6)
STATION: HURON
MONTH: AUGUST
YEAR: 2022
LATITUDE: 44 22 N
LONGITUDE: 98 13 W
TEMPERATURE IN F: :PCPN: SNOW: WIND :SUNSHINE: SKY :PK WND
================================================================================
1 2 3 4 5 6A 6B 7 8 9 10 11 12 13 14 15 16 17 18
12Z AVG MX 2MIN
DY MAX MIN AVG DEP HDD CDD WTR SNW DPTH SPD SPD DIR MIN PSBL S-S WX SPD DR
================================================================================
1 88 57 73 -1 0 8 0.00 0.0 0 8.4 17 190 M M 0 24 120
2 100 70 85 11 0 20 0.01 0.0 0 6.7 43 230 M M 0 3 62 240
3 83 63 73 0 0 8 0.00 0.0 0 9.4 21 350 M M 0 29 340
4 88 59 74 1 0 9 0.00 0.0 0 13.3 23 160 M M 0 33 160
5 99 71 85 12 0 20 T 0.0 0 16.0 29 190 M M 0 42 190
6 83 65 74 1 0 9 T 0.0 0 13.1 33 360 M M 2 48 360
7 70 55 63 -10 2 0 0.76 0.0 0 9.6 21 340 M M 6 13 28 320
8 80 51 66 -7 0 1 0.00 0.0 0 4.8 13 140 M M 1 12 17 140
9 89 60 75 2 0 10 0.00 0.0 0 9.4 17 190 M M 0 24 180
10 89 61 75 3 0 10 0.00 0.0 0 8.6 16 60 M M 0 22 100
11 85 69 77 5 0 12 0.00 0.0 0 12.4 20 110 M M 0 28 110
12 96 68 82 10 0 17 0.00 0.0 0 12.3 20 350 M M 0 27 310
13 82 65 74 2 0 9 0.00 0.0 0 7.1 17 30 M M 6 1 23 30
14 75 63 69 -3 0 4 0.00 0.0 0 8.8 16 120 M M 1 21 190
15 74 63 69 -3 0 4 0.00 0.0 0 7.9 13 170 M M 4 18 180
16 79 57 68 -4 0 3 0.00 0.0 0 7.0 15 180 M M 3 12 23 200
17 85 58 72 1 0 7 0.00 0.0 0 8.8 17 180 M M 0 1 23 190
18 85 60 73 2 0 8 0.00 0.0 0 9.0 22 20 M M 1 30 10
19 77 58 68 -3 0 3 0.20 0.0 0 12.2 23 350 M M 2 32 330
20 82 60 71 0 0 6 0.00 0.0 0 6.5 12 10 M M 1 2 16 20
21 85 58 72 1 0 7 0.00 0.0 0 5.6 12 120 M M 0 1 16 140
22 90 62 76 6 0 11 0.00 0.0 0 9.1 13 120 M M 1 18 160
23 92 67 80 10 0 15 T 0.0 0 6.9 13 60 M M 1 17 140
24 86 64 75 5 0 10 0.03 0.0 0 8.1 16 360 M M 1 1 21 360
25 81 59 70 0 0 5 0.00 0.0 0 7.3 16 30 M M 1 20 60
26 84 60 72 2 0 7 0.07 0.0 0 8.5 18 130 M M 5 13 27 140
27 89 61 75 6 0 10 T 0.0 0 10.6 29 180 M M 1 13 40 170
28 85 58 72 3 0 7 0.00 0.0 0 12.0 24 300 M M 1 1 31 300
29 85 54 70 1 0 5 0.00 0.0 0 12.8 30 310 M M 0 39 310
30 90 48 69 1 0 4 0.00 0.0 0 4.1 13 280 M M 0 1 16 270
31 95 56 76 8 0 11 0.00 0.0 0 4.8 9 20 M M 0 13 120
================================================================================
SM 2651 1880 2 260 1.07 0.0 281.1 M 38
================================================================================
AV 85.5 60.6 9.1 FASTST M M 1 MAX(MPH)
MISC ----> 43 230 62 240
================================================================================
NOTES:
# LAST OF SEVERAL OCCURRENCES
-COLUMN 17 PEAK WIND IN M.P.H.
-PRECIPITATION AMOUNTS IN COLUMNS 7,8 AND 9 ARE THE OFFICIAL
PRECIPITATION AMOUNTS FOR HURON, SD.
-SNOW DEPTH IN COLUMN 9 IS RECORDED AT 6 AM CST (12Z).
PRELIMINARY LOCAL CLIMATOLOGICAL DATA (WS FORM: F-6) , PAGE 2
STATION: HURON
MONTH: AUGUST
YEAR: 2022
LATITUDE: 44 22 N
LONGITUDE: 98 13 W
[TEMPERATURE DATA] [PRECIPITATION DATA] SYMBOLS USED IN COLUMN 16
AVERAGE MONTHLY: 73.1 TOTAL FOR MONTH: 1.07 1 = FOG OR MIST
DPTR FM NORMAL: 1.8 DPTR FM NORMAL: -1.52 2 = FOG REDUCING VISIBILITY
HIGHEST: 100 ON 2 GRTST 24HR 0.76 ON 7- 7 TO 1/4 MILE OR LESS
LOWEST: 48 ON 30 3 = THUNDER
SNOW, ICE PELLETS, HAIL 4 = ICE PELLETS
TOTAL MONTH: 0.0 INCH 5 = HAIL
GRTST 24HR 0.0 6 = FREEZING RAIN OR DRIZZLE
GRTST DEPTH: 0 7 = DUSTSTORM OR SANDSTORM:
VSBY 1/2 MILE OR LESS
8 = SMOKE OR HAZE
[NO. OF DAYS WITH] [WEATHER - DAYS WITH] 9 = BLOWING SNOW
X = TORNADO
MAX 32 OR BELOW: 0 0.01 INCH OR MORE: 5
MAX 90 OR ABOVE: 7 0.10 INCH OR MORE: 2
MIN 32 OR BELOW: 0 0.50 INCH OR MORE: 1
MIN 0 OR BELOW: 0 1.00 INCH OR MORE: 0
[HDD (BASE 65) ]
TOTAL THIS MO. 2 CLEAR (SCALE 0-3) 27
DPTR FM NORMAL -16 PTCLDY (SCALE 4-7) 4
TOTAL FM JUL 1 2 CLOUDY (SCALE 8-10) 0
DPTR FM NORMAL -21
[CDD (BASE 65) ]
TOTAL THIS MO. 260
DPTR FM NORMAL 46 [PRESSURE DATA]
TOTAL FM JAN 1 818 HIGHEST SLP 30.17 ON 30
DPTR FM NORMAL 148 LOWEST SLP 29.48 ON 2
[REMARKS]
NO NEW RECORDS THIS MONTH.
#FINAL-08-22#