000
CXUS53 KFSD 011839
CF6HON
PRELIMINARY LOCAL CLIMATOLOGICAL DATA (WS FORM: F-6)
STATION: HURON
MONTH: AUGUST
YEAR: 2023
LATITUDE: 44 22 N
LONGITUDE: 98 13 W
TEMPERATURE IN F: :PCPN: SNOW: WIND :SUNSHINE: SKY :PK WND
================================================================================
1 2 3 4 5 6A 6B 7 8 9 10 11 12 13 14 15 16 17 18
12Z AVG MX 2MIN
DY MAX MIN AVG DEP HDD CDD WTR SNW DPTH SPD SPD DIR MIN PSBL S-S WX SPD DR
================================================================================
1 86 69 78 4 0 13 0.00 0.0 0 9.6 20 170 M M 0 27 150
2 92 69 81 7 0 16 T 0.0 0 5.7 14 120 M M 2 1 19 120
3 92 68 80 7 0 15 0.00 0.0 0 4.0 14 150 M M 1 1 18 140
4 87 67 77 4 0 12 0.03 0.0 0 7.5 17 130 M M 2 13 23 140
5 76 67 72 -1 0 7 0.74 0.0 0 7.8 20 110 M M 9 13 29 90
6 76 61 69 -4 0 4 0.68 0.0 0 12.1 23 10 M M 7 1 33 20
7 82 55 69 -4 0 4 0.00 0.0 0 4.2 10 300 M M 0 1 14 300
8 81 56 69 -4 0 4 0.00 0.0 0 4.1 12 180 M M 1 1 17 210
9 85 60 73 0 0 8 0.00 0.0 0 3.6 9 200 M M 0 1 14 320
10 88 62 75 3 0 10 T 0.0 0 10.2 23 300 M M 0 13 38 170
11 90 61 76 4 0 11 0.00 0.0 0 7.9 24 270 M M 0 30 260
12 86 56 71 -1 0 6 0.36 0.0 0 5.3 13 230 M M 1 13 16 30
13 71 59 65 -7 0 0 0.27 0.0 0 11.1 31 330 M M 10 1 42 320
14 78 58 68 -4 0 3 0.03 0.0 0 11.0 20 350 M M 5 25 350
15 84 58 71 -1 0 6 0.00 0.0 0 7.2 14 160 M M 0 21 160
16 92 62 77 5 0 12 0.00 0.0 0 12.7 24 330 M M 0 32 340
17 78 54 66 -5 0 1 0.00 0.0 0 8.6 16 340 M M 0 22 330
18 90 59 75 4 0 10 0.00 0.0 0 17.8 28 170 M M 0 43 170
19 92 65 79 8 0 14 0.00 0.0 0 11.3 29 360 M M 1 37 340
20 79 56 68 -3 0 3 0.00 0.0 0 9.0 16 80 M M 4 23 70
21 96 67 82 11 0 17 0.00 0.0 0 10.5 20 170 M M 5 26 150
22 104 74 89 19 0 24 0.00 0.0 0 9.1 17 200 M M 0 25 200
23 92 68 80 10 0 15 0.00 0.0 0 5.6 15 310 M M 4 12 19 290
24 92 67 80 10 0 15 T 0.0 0 4.4 12 360 M M 3 12 16 360
25 86 60 73 3 0 8 0.00 0.0 0 9.9 22 360 M M 2 1 30 340
26 79 51 65 -5 0 0 0.00 0.0 0 4.5 10 30 M M 4 16 10
27 86 55 71 2 0 6 0.00 0.0 0 9.7 17 210 M M 0 24 200
28 89 55 72 3 0 7 0.00 0.0 0 6.3 18 350 M M 0 1 24 10
29 85 56 71 2 0 6 0.00 0.0 0 7.7 17 350 M M 0 18 24 340
30 87 52 70 2 0 5 0.00 0.0 0 7.4 18 140 M M 0 18 26 150
31 91 68 80 12 0 15 T 0.0 0 15.9 28 180 M M 0 3 39 170
================================================================================
SM 2672 1895 0 277 2.11 0.0 261.7 M 61
================================================================================
AV 86.2 61.1 8.4 FASTST M M 2 MAX(MPH)
MISC ----> 31 330 43 170
================================================================================
NOTES:
# LAST OF SEVERAL OCCURRENCES
-COLUMN 17 PEAK WIND IN M.P.H.
-PRECIPITATION AMOUNTS IN COLUMNS 7,8 AND 9 ARE THE OFFICIAL
PRECIPITATION AMOUNTS FOR HURON, SD.
-SNOW DEPTH IN COLUMN 9 IS RECORDED AT 6 AM CST (12Z).
PRELIMINARY LOCAL CLIMATOLOGICAL DATA (WS FORM: F-6) , PAGE 2
STATION: HURON
MONTH: AUGUST
YEAR: 2023
LATITUDE: 44 22 N
LONGITUDE: 98 13 W
[TEMPERATURE DATA] [PRECIPITATION DATA] SYMBOLS USED IN COLUMN 16
AVERAGE MONTHLY: 73.7 TOTAL FOR MONTH: 2.11 1 = FOG OR MIST
DPTR FM NORMAL: 2.4 DPTR FM NORMAL: -0.48 2 = FOG REDUCING VISIBILITY
HIGHEST: 104 ON 22 GRTST 24HR 1.39 ON 5- 6 TO 1/4 MILE OR LESS
LOWEST: 51 ON 26 3 = THUNDER
SNOW, ICE PELLETS, HAIL 4 = ICE PELLETS
TOTAL MONTH: 0.0 INCH 5 = HAIL
GRTST 24HR 0.0 6 = FREEZING RAIN OR DRIZZLE
GRTST DEPTH: 0 7 = DUSTSTORM OR SANDSTORM:
VSBY 1/2 MILE OR LESS
8 = SMOKE OR HAZE
[NO. OF DAYS WITH] [WEATHER - DAYS WITH] 9 = BLOWING SNOW
X = TORNADO
MAX 32 OR BELOW: 0 0.01 INCH OR MORE: 6
MAX 90 OR ABOVE: 11 0.10 INCH OR MORE: 4
MIN 32 OR BELOW: 0 0.50 INCH OR MORE: 2
MIN 0 OR BELOW: 0 1.00 INCH OR MORE: 0
[HDD (BASE 65) ]
TOTAL THIS MO. 0 CLEAR (SCALE 0-3) 23
DPTR FM NORMAL -18 PTCLDY (SCALE 4-7) 6
TOTAL FM JUL 1 10 CLOUDY (SCALE 8-10) 2
DPTR FM NORMAL -13
[CDD (BASE 65) ]
TOTAL THIS MO. 277
DPTR FM NORMAL 63 [PRESSURE DATA]
TOTAL FM JAN 1 879 HIGHEST SLP 30.26 ON 26
DPTR FM NORMAL 209 LOWEST SLP 29.52 ON 10
[REMARKS]
RECORD WARM DAILY LOW TEMPERATURE OF 74 TIED ON THE 22ND (PREV IN 1947)
#FINAL-08-23#