000
CXUS54 KLZK 011230
CF6HOT
PRELIMINARY LOCAL CLIMATOLOGICAL DATA (WS FORM: F-6)
STATION: HOT SPRINGS MEMORIAL FIELD
MONTH: JUNE
YEAR: 2023
LATITUDE: 34 28 N
LONGITUDE: 93 6 W
TEMPERATURE IN F: :PCPN: SNOW: WIND :SUNSHINE: SKY :PK WND
================================================================================
1 2 3 4 5 6A 6B 7 8 9 10 11 12 13 14 15 16 17 18
12Z AVG MX 2MIN
DY MAX MIN AVG DEP HDD CDD WTR SNW DPTH SPD SPD DIR MIN PSBL S-S WX SPD DR
================================================================================
1 89 64 77 1 0 12 0.00 M M 4.0 13 80 M M 0 1 17 120
2 91 65 78 2 0 13 0.00 M M 2.4 12 140 M M 1 3 17 120
3 91 68 80 4 0 15 T M M 4.2 14 150 M M 2 13 20 150
4 90 64 77 0 0 12 0.00 M M 2.9 14 70 M M 0 1 18 90
5 91 68 80 3 0 15 T M M 2.2 13 360 M M 3 3 19 10
6 89 66 78 1 0 13 0.03 M M 2.4 29 240 M M 1 138 42 240
7 92 66 79 2 0 14 0.00 M M 2.8 10 270 M M 0 18 14 280
8 94 65 80 2 0 15 0.00 M M 4.4 17 60 M M 1 138 22 70
9 89 68 79 1 0 14 T M M 3.6 13 90 M M 2 138 17 140
10 85 67 76 -2 0 11 0.12 M M 3.9 18 300 M M 2 13 29 330
11 93 66 80 2 0 15 0.00 M M 5.3 14 270 M M 3 1 19 340
12 76 66 71 -8 0 6 0.02 M M 4.5 15 70 M M 6 1 18 80
13 83 65 74 -5 0 9 0.20 M M 4.3 12 240 M M 5 13 16 140
14 86 68 77 -2 0 12 1.16 M M 4.6 22 60 M M 7 123 26 290
15 92 66 79 0 0 14 0.00 M M 2.3 9 70 M M 3 12 13 250
16 86 69 78 -1 0 13 T M M 3.5 10 350 M M 4 3 18 350
17 90 67 79 -1 0 14 0.00 M M 4.4 10 90 M M 2 13 14 120
18 81 68 75 -5 0 10 0.78 M M 5.3 25 230 M M 5 13 35 240
19 92 66 79 -1 0 14 0.00 M M 3.5 9 280 M M 0 1 14 290
20 92 69 81 1 0 16 0.00 M M 3.5 10 70 M M 2 16 140
21 91 68 80 0 0 15 0.00 M M 4.5 16 60 M M 0 18 22 60
22 88 70 79 -1 0 14 0.00 M M 5.2 14 60 M M 1 18 70
23 91 68 80 -1 0 15 0.00 M M 3.1 10 160 M M 0 14 180
24 95 69 82 1 0 17 0.00 M M 4.6 13 200 M M 1 19 200
25 96 73 85 4 0 20 0.26 M M 6.2 20 80 M M 3 138 24 70
26 93 73 83 2 0 18 0.02 M M 3.7 12 230 M M 2 13 15 230
27 89 72 81 0 0 16 0.29 M M 5.0 20 340 M M 4 138 37 320
28 96 71 84 3 0 19 0.00 M M 4.6 13 200 M M 0 18 190
29 98 77 88 7 0 23 0.00 M M 5.6 15 240 M M 0 20 230
30 98 78 88 6 0 23 0.00 M M 4.7 15 230 M M 1 1 22 230
================================================================================
SM 2707 2050 0 437 2.88 M 121.2 M 61
================================================================================
AV 90.2 68.3 4.0 FASTST M M 2 MAX(MPH)
MISC ----> 29 240 42 240
================================================================================
NOTES:
# LAST OF SEVERAL OCCURRENCES
COLUMN 17 PEAK WIND IN M.P.H.
PRELIMINARY LOCAL CLIMATOLOGICAL DATA (WS FORM: F-6) , PAGE 2
STATION: HOT SPRINGS MEMORIAL FIELD
MONTH: JUNE
YEAR: 2023
LATITUDE: 34 28 N
LONGITUDE: 93 6 W
[TEMPERATURE DATA] [PRECIPITATION DATA] SYMBOLS USED IN COLUMN 16
AVERAGE MONTHLY: 79.3 TOTAL FOR MONTH: 2.88 1 = FOG OR MIST
DPTR FM NORMAL: 0.2 DPTR FM NORMAL: -1.66 2 = FOG REDUCING VISIBILITY
HIGHEST: 98 ON 30,29 GRTST 24HR 1.36 ON 13-14 TO 1/4 MILE OR LESS
LOWEST: 64 ON 1, 4 3 = THUNDER
SNOW, ICE PELLETS, HAIL 4 = ICE PELLETS
TOTAL MONTH: M 5 = HAIL
GRTST 24HR M ON M 6 = FREEZING RAIN OR DRIZZLE
GRTST DEPTH: M ON M 7 = DUSTSTORM OR SANDSTORM:
VSBY 1/2 MILE OR LESS
8 = SMOKE OR HAZE
[NO. OF DAYS WITH] [WEATHER - DAYS WITH] 9 = BLOWING SNOW
X = TORNADO
MAX 32 OR BELOW: 0 0.01 INCH OR MORE: 9
MAX 90 OR ABOVE: 19 0.10 INCH OR MORE: 6
MIN 32 OR BELOW: 0 0.50 INCH OR MORE: 2
MIN 0 OR BELOW: 0 1.00 INCH OR MORE: 1
[HDD (BASE 65) ]
TOTAL THIS MO. 0 CLEAR (SCALE 0-3) 23
DPTR FM NORMAL 0 PTCLDY (SCALE 4-7) 7
TOTAL FM JUL 1 2548 CLOUDY (SCALE 8-10) 0
DPTR FM NORMAL -311
[CDD (BASE 65) ]
TOTAL THIS MO. 437
DPTR FM NORMAL 14 [PRESSURE DATA]
TOTAL FM JAN 1 723 HIGHEST SLP 30.05 ON 27
DPTR FM NORMAL 8 LOWEST SLP 29.62 ON 14
[REMARKS]
#FINAL-06-23#