000
CXUS54 KLZK 011130
CF6HOT
PRELIMINARY LOCAL CLIMATOLOGICAL DATA (WS FORM: F-6)
STATION: HOT SPRINGS MEMORIAL FIELD
MONTH: JUNE
YEAR: 2022
LATITUDE: 34 28 N
LONGITUDE: 93 6 W
TEMPERATURE IN F: :PCPN: SNOW: WIND :SUNSHINE: SKY :PK WND
================================================================================
1 2 3 4 5 6A 6B 7 8 9 10 11 12 13 14 15 16 17 18
12Z AVG MX 2MIN
DY MAX MIN AVG DEP HDD CDD WTR SNW DPTH SPD SPD DIR MIN PSBL S-S WX SPD DR
================================================================================
1 92 70 81 5 0 16 0.02 M M 4.8 18 340 M M 2 13 32 340
2 74 64 69 -7 0 4 0.63 M M 2.8 14 60 M M 6 13 18 50
3 84 61 73 -3 0 8 0.00 M M 4.2 14 70 M M 0 17 80
4 85 58 72 -5 0 7 0.00 M M 2.4 9 130 M M 0 14 160
5 87 61 74 -3 0 9 0.00 M M 3.0 13 140 M M 1 18 140
6 87 66 77 0 0 12 0.24 M M 3.6 14 190 M M 5 13 21 320
7 80 68 74 -3 0 9 0.32 M M 2.5 32 230 M M 5 13 40 230
8 73 64 69 -9 0 4 1.13 M M 3.5 20 80 M M 6 123 31 320
9 86 64 75 -3 0 10 0.00 M M 3.2 10 90 M M 2 12 14 160
10 80 67 74 -4 0 9 1.86 M M 4.1 18 50 M M 5 13 27 160
11 88 65 77 -1 0 12 0.00 M M 3.0 10 180 M M 3 12 14 180
12 95 77 86 7 0 21 0.00 M M 5.9 14 230 M M 0 18 240
13 94 77 86 7 0 21 0.00 M M 5.6 14 240 M M 0 18 230
14 94 77 86 7 0 21 0.00 M M 7.2 14 230 M M 0 19 240
15 93 77 85 6 0 20 0.00 M M 6.9 15 200 M M 1 20 250
16 96 76 86 7 0 21 0.00 M M 3.6 12 260 M M 0 16 240
17 97 75 86 6 0 21 T M M 2.7 8 80 M M 1 1 10 260
18 97 76 87 7 0 22 T M M 2.6 18 110 M M 1 13 26 120
19 89 66 78 -2 0 13 0.00 M M 5.8 13 100 M M 0 17 90
20 93 62 78 -2 0 13 0.00 M M 4.0 12 140 M M 0 15 160
21 96 69 83 3 0 18 0.00 M M 2.6 10 230 M M 0 13 230
22 97 72 85 5 0 20 0.00 M M 2.6 8 260 M M 0 11 20
23 98 73 86 5 0 21 0.00 M M 3.7 12 50 M M 1 8 14 40
24 98 74 86 5 0 21 0.00 M M 4.2 10 200 M M 1 14 140
25 101 76 89 8 0 24 0.00 M M 4.2 12 250 M M 0 14 250
26 99 77 88 7 0 23 0.00 M M 4.4 16 20 M M 2 3 25 40
27 85 68 77 -4 0 12 0.00 M M 8.0 18 50 M M 4 24 50
28 88 62 75 -6 0 10 0.00 M M 5.2 17 70 M M 0 21 80
29 92 58 75 -6 0 10 0.00 M M 4.4 14 50 M M 0 19 50
30 95 67 81 -1 0 16 0.00 M M 4.6 12 150 M M 0 17 140
================================================================================
SM 2713 2067 0 448 4.20 M 125.3 M 46
================================================================================
AV 90.4 68.9 4.2 FASTST M M 2 MAX(MPH)
MISC ----> 32 230 40 230
================================================================================
NOTES:
# LAST OF SEVERAL OCCURRENCES
COLUMN 17 PEAK WIND IN M.P.H.
PRELIMINARY LOCAL CLIMATOLOGICAL DATA (WS FORM: F-6) , PAGE 2
STATION: HOT SPRINGS MEMORIAL FIELD
MONTH: JUNE
YEAR: 2022
LATITUDE: 34 28 N
LONGITUDE: 93 6 W
[TEMPERATURE DATA] [PRECIPITATION DATA] SYMBOLS USED IN COLUMN 16
AVERAGE MONTHLY: 79.7 TOTAL FOR MONTH: 4.20 1 = FOG OR MIST
DPTR FM NORMAL: 0.6 DPTR FM NORMAL: -0.34 2 = FOG REDUCING VISIBILITY
HIGHEST: 101 ON 25 GRTST 24HR 1.86 ON 10-10 TO 1/4 MILE OR LESS
LOWEST: 58 ON 29, 4 3 = THUNDER
SNOW, ICE PELLETS, HAIL 4 = ICE PELLETS
TOTAL MONTH: M 5 = HAIL
GRTST 24HR M ON M 6 = FREEZING RAIN OR DRIZZLE
GRTST DEPTH: M ON M 7 = DUSTSTORM OR SANDSTORM:
VSBY 1/2 MILE OR LESS
8 = SMOKE OR HAZE
[NO. OF DAYS WITH] [WEATHER - DAYS WITH] 9 = BLOWING SNOW
X = TORNADO
MAX 32 OR BELOW: 0 0.01 INCH OR MORE: 6
MAX 90 OR ABOVE: 17 0.10 INCH OR MORE: 5
MIN 32 OR BELOW: 0 0.50 INCH OR MORE: 3
MIN 0 OR BELOW: 0 1.00 INCH OR MORE: 2
[HDD (BASE 65) ]
TOTAL THIS MO. 0 CLEAR (SCALE 0-3) 24
DPTR FM NORMAL 0 PTCLDY (SCALE 4-7) 6
TOTAL FM JUL 1 2612 CLOUDY (SCALE 8-10) 0
DPTR FM NORMAL -247
[CDD (BASE 65) ]
TOTAL THIS MO. 448
DPTR FM NORMAL 25 [PRESSURE DATA]
TOTAL FM JAN 1 809 HIGHEST SLP 30.24 ON 27
DPTR FM NORMAL 94 LOWEST SLP 29.69 ON 6
[REMARKS]
#FINAL-06-22#