000
CXUS54 KHGX 011410
CF6HOU
PRELIMINARY LOCAL CLIMATOLOGICAL DATA (WS FORM: F-6)
STATION: HOUSTON/HOBBY AIRPORT
MONTH: SEPTEMBER
YEAR: 2021
LATITUDE: 29 38 N
LONGITUDE: 95 17 W
TEMPERATURE IN F: :PCPN: SNOW: WIND :SUNSHINE: SKY :PK WND
================================================================================
1 2 3 4 5 6A 6B 7 8 9 10 11 12 13 14 15 16 17 18
12Z AVG MX 2MIN
DY MAX MIN AVG DEP HDD CDD WTR SNW DPTH SPD SPD DIR MIN PSBL S-S WX SPD DR
================================================================================
1 97 82 90 6 0 25 0.61 0.0 0 5.4 20 110 M M 4 38 22 100
2 94 80 87 3 0 22 0.89 0.0 0 5.2 23 220 M M 4 3 31 230
3 93 77 85 2 0 20 0.32 0.0 0 4.6 18 230 M M 4 138 22 230
4 97 77 87 4 0 22 0.00 0.0 0 4.8 16 180 M M 3 19 180
5 96 79 88 5 0 23 0.00 0.0 0 6.5 14 260 M M 4 17 260
6 94 76 85 2 0 20 0.02 0.0 0 6.1 15 280 M M 8 3 19 320
7 94 75 85 2 0 20 0.00 0.0 0 5.7 14 30 M M 5 18 30
8 95 73 84 1 0 19 0.00 0.0 0 5.0 14 30 M M 5 19 10
9 96 74 85 3 0 20 0.00 0.0 0 6.7 15 50 M M 3 19 40
10 93 76 85 3 0 20 0.00 0.0 0 7.5 17 70 M M 3 21 50
11 91 69 80 -2 0 15 0.00 0.0 0 8.4 16 120 M M 3 26 60
12 92 75 84 2 0 19 0.13 0.0 0 8.7 22 150 M M 5 1 26 160
13 79 72 76 -6 0 11 2.11 0.0 0 12.8 38 110 M M 10 1 49 90
14 78 71 75 -7 0 10 1.71 0.0 0 16.1 45 90 M M 10 18 58 90
15 84 74 79 -2 0 14 0.02 0.0 0 10.1 20 350 M M 10 1 25 360
16 85 74 80 -1 0 15 0.00 0.0 0 7.5 14 30 M M 8 18 20
17 92 74 83 2 0 18 0.00 0.0 0 3.8 10 310 M M 5 14 10
18 95 75 85 4 0 20 0.02 0.0 0 3.9 21 360 M M 4 1 25 350
19 91 75 83 3 0 18 0.72 0.0 0 4.6 16 240 M M 4 18 250
20 95 77 86 6 0 21 0.00 0.0 0 6.5 17 160 M M 3 21 160
21 97 79 88 8 0 23 T 0.0 0 6.8 21 10 M M 4 18 26 10
22 85 67 76 -4 0 11 0.00 0.0 0 13.0 25 20 M M 5 32 10
23 84 63 74 -6 0 9 0.00 0.0 0 5.1 14 80 M M 1 18 60
24 85 64 75 -4 0 10 0.00 0.0 0 5.8 15 110 M M 1 19 100
25 88 64 76 -3 0 11 0.00 0.0 0 3.5 14 40 M M 3 17 30
26 87 66 77 -2 0 12 0.00 0.0 0 5.7 16 130 M M 4 20 120
27 91 73 82 3 0 17 T 0.0 0 6.7 18 140 M M 6 22 140
28 88 75 82 4 0 17 0.05 0.0 0 6.8 24 130 M M 8 13 28 130
29 86 69 78 0 0 13 0.95 0.0 0 7.7 30 310 M M 8 13 41 300
30 88 77 83 5 0 18 0.06 0.0 0 7.8 26 150 M M 7 32 150
================================================================================
SM 2710 2202 0 513 7.61 0.0 208.8 M 152
================================================================================
AV 90.3 73.4 7.0 FASTST M M 5 MAX(MPH)
MISC ----> 45 90 58 90
================================================================================
NOTES:
# LAST OF SEVERAL OCCURRENCES
COLUMN 17 PEAK WIND IN M.P.H.
PRELIMINARY LOCAL CLIMATOLOGICAL DATA (WS FORM: F-6) , PAGE 2
STATION: HOUSTON/HOBBY AIRPORT
MONTH: SEPTEMBER
YEAR: 2021
LATITUDE: 29 38 N
LONGITUDE: 95 17 W
[TEMPERATURE DATA] [PRECIPITATION DATA] SYMBOLS USED IN COLUMN 16
AVERAGE MONTHLY: 81.9 TOTAL FOR MONTH: 7.61 1 = FOG OR MIST
DPTR FM NORMAL: 0.8 DPTR FM NORMAL: 1.85 2 = FOG REDUCING VISIBILITY
HIGHEST: 97 ON 21, 4 GRTST 24HR 3.54 ON 13-14 TO 1/4 MILE OR LESS
LOWEST: 63 ON 23 3 = THUNDER
SNOW, ICE PELLETS, HAIL 4 = ICE PELLETS
TOTAL MONTH: 0.0 INCH 5 = HAIL
GRTST 24HR 0.0 6 = FREEZING RAIN OR DRIZZLE
GRTST DEPTH: 0 7 = DUSTSTORM OR SANDSTORM:
VSBY 1/2 MILE OR LESS
8 = SMOKE OR HAZE
[NO. OF DAYS WITH] [WEATHER - DAYS WITH] 9 = BLOWING SNOW
X = TORNADO
MAX 32 OR BELOW: 0 0.01 INCH OR MORE: 13
MAX 90 OR ABOVE: 18 0.10 INCH OR MORE: 8
MIN 32 OR BELOW: 0 0.50 INCH OR MORE: 6
MIN 0 OR BELOW: 0 1.00 INCH OR MORE: 2
[HDD (BASE 65) ]
TOTAL THIS MO. 0 CLEAR (SCALE 0-3) 6
DPTR FM NORMAL 0 PTCLDY (SCALE 4-7) 19
TOTAL FM JUL 1 0 CLOUDY (SCALE 8-10) 5
DPTR FM NORMAL 0
[CDD (BASE 65) ]
TOTAL THIS MO. 513
DPTR FM NORMAL 30 [PRESSURE DATA]
TOTAL FM JAN 1 3245 HIGHEST SLP 30.25 ON 22
DPTR FM NORMAL 267 LOWEST SLP 29.65 ON 14
[REMARKS]
#FINAL-09-21#