000
CXUS54 KHUN 050324
CF6HSV
PRELIMINARY LOCAL CLIMATOLOGICAL DATA (WS FORM: F-6)
STATION: HUNTSVILLE
MONTH: OCTOBER
YEAR: 2021
LATITUDE: 34 39 N
LONGITUDE: 86 46 W
TEMPERATURE IN F: :PCPN: SNOW: WIND :SUNSHINE: SKY :PK WND
================================================================================
1 2 3 4 5 6A 6B 7 8 9 10 11 12 13 14 15 16 17 18
12Z AVG MX 2MIN
DY MAX MIN AVG DEP HDD CDD WTR SNW DPTH SPD SPD DIR MIN PSBL S-S WX SPD DR
================================================================================
1 86 63 75 5 0 10 0.00 0.0 0 4.2 12 110 M M 3 1 13 100
2 80 64 72 2 0 7 0.15 0.0 0 6.4 12 200 M M 6 18 17 200
3 74 64 69 0 0 4 0.20 0.0 0 5.9 14 190 M M 8 13 19 200
4 81 63 72 3 0 7 T 0.0 0 2.3 8 170 M M 8 1 11 270
5 76 67 72 4 0 7 1.13 0.0 0 6.9 17 110 M M 9 13 25 100
6 78 63 71 3 0 6 0.89 0.0 0 5.1 17 100 M M 9 13 21 100
7 81 59 70 2 0 5 0.00 0.0 0 3.2 10 260 M M 4 12 13 270
8 83 60 72 5 0 7 0.00 0.0 0 2.0 8 260 M M 5 12 12 300
9 84 59 72 5 0 7 0.00 0.0 0 3.1 8 260 M M 3 12 11 130
10 83 62 73 7 0 8 0.00 0.0 0 4.9 12 170 M M 2 1 17 150
11 81 62 72 6 0 7 0.00 0.0 0 8.4 18 170 M M 4 1 24 160
12 83 66 75 9 0 10 0.00 0.0 0 5.8 10 220 M M 6 13 160
13 84 67 76 11 0 11 0.00 0.0 0 4.1 13 170 M M 6 17 160
14 84 63 74 9 0 9 0.00 0.0 0 3.6 10 160 M M 5 1 12 160
15 81 62 72 8 0 7 0.26 0.0 0 4.7 17 310 M M 6 1 23 310
16 68 46 57 -7 8 0 T 0.0 0 10.4 22 350 M M 3 1 30 310
17 70 42 56 -8 9 0 0.00 0.0 0 5.4 16 10 M M 0 26 30
18 73 39 56 -7 9 0 0.00 0.0 0 2.4 10 110 M M 1 1 14 140
19 75 43 59 -4 6 0 0.00 0.0 0 4.9 12 170 M M 4 15 170
20 80 50 65 3 0 0 0.00 0.0 0 5.4 13 200 M M 6 19 180
21 81 54 68 6 0 3 0.23 0.0 0 5.8 18 310 M M 6 13 24 310
22 69 47 58 -4 7 0 0.00 0.0 0 4.1 10 310 M M 4 12 13 310
23 74 45 60 -1 5 0 0.00 0.0 0 5.0 10 130 M M 2 12 13 100
24 78 53 66 5 0 1 0.00 0.0 0 7.0 15 160 M M 4 19 160
25 79 55 67 7 0 2 0.04 0.0 0 11.5 21 330 M M 7 1 30 320
26 67 46 57 -3 8 0 0.00 0.0 0 8.3 16 60 M M 6 22 10
27 72 42 57 -2 8 0 0.01 0.0 0 7.2 15 140 M M 4 22 150
28 67 53 60 1 5 0 0.32 0.0 0 11.5 26 120 M M 9 1 33 120
29 58 50 54 -5 11 0 0.10 0.0 0 6.0 14 220 M M 10 1 18 220
30 56 53 55 -3 10 0 0.03 0.0 0 8.3 16 270 M M 10 1 21 260
31 69 46 58 0 7 0 T 0.0 0 4.6 13 300 M M 6 15 320
================================================================================
SM 2355 1708 93 118 3.36 0.0 178.4 M 166
================================================================================
AV 76.0 55.1 5.8 FASTST M M 5 MAX(MPH)
MISC ----> 26 120 33 120
================================================================================
NOTES:
# LAST OF SEVERAL OCCURRENCES
COLUMN 17 PEAK WIND IN M.P.H.
PRELIMINARY LOCAL CLIMATOLOGICAL DATA (WS FORM: F-6) , PAGE 2
STATION: HUNTSVILLE
MONTH: OCTOBER
YEAR: 2021
LATITUDE: 34 39 N
LONGITUDE: 86 46 W
[TEMPERATURE DATA] [PRECIPITATION DATA] SYMBOLS USED IN COLUMN 16
AVERAGE MONTHLY: 65.5 TOTAL FOR MONTH: 3.36 1 = FOG OR MIST
DPTR FM NORMAL: 1.6 DPTR FM NORMAL: -0.20 2 = FOG REDUCING VISIBILITY
HIGHEST: 86 ON 1 GRTST 24HR 1.76 ON 5- 6 TO 1/4 MILE OR LESS
LOWEST: 39 ON 18 3 = THUNDER
SNOW, ICE PELLETS, HAIL 4 = ICE PELLETS
TOTAL MONTH: 0.0 INCH 5 = HAIL
GRTST 24HR 0.0 6 = FREEZING RAIN OR DRIZZLE
GRTST DEPTH: 0 7 = DUSTSTORM OR SANDSTORM:
VSBY 1/2 MILE OR LESS
8 = SMOKE OR HAZE
[NO. OF DAYS WITH] [WEATHER - DAYS WITH] 9 = BLOWING SNOW
X = TORNADO
MAX 32 OR BELOW: 0 0.01 INCH OR MORE: 11
MAX 90 OR ABOVE: 0 0.10 INCH OR MORE: 8
MIN 32 OR BELOW: 0 0.50 INCH OR MORE: 2
MIN 0 OR BELOW: 0 1.00 INCH OR MORE: 1
[HDD (BASE 65) ]
TOTAL THIS MO. 93 CLEAR (SCALE 0-3) 6
DPTR FM NORMAL -29 PTCLDY (SCALE 4-7) 19
TOTAL FM JUL 1 101 CLOUDY (SCALE 8-10) 6
DPTR FM NORMAL -28
[CDD (BASE 65) ]
TOTAL THIS MO. 118
DPTR FM NORMAL 30 [PRESSURE DATA]
TOTAL FM JAN 1 1810 HIGHEST SLP 30.27 ON 20
DPTR FM NORMAL -284 LOWEST SLP 29.43 ON 29
[REMARKS]
#FINAL-10-21#