000
CXUS53 KAPX 010730
CF6HTL
PRELIMINARY LOCAL CLIMATOLOGICAL DATA (WS FORM: F-6)
STATION: HOUGHTON LAKE MI
MONTH: JUNE
YEAR: 2021
LATITUDE: 44 22 N
LONGITUDE: 84 41 W
TEMPERATURE IN F: :PCPN: SNOW: WIND :SUNSHINE: SKY :PK WND
================================================================================
1 2 3 4 5 6A 6B 7 8 9 10 11 12 13 14 15 16 17 18
12Z AVG MX 2MIN
DY MAX MIN AVG DEP HDD CDD WTR SNW DPTH SPD SPD DIR MIN PSBL S-S WX SPD DR
================================================================================
1 76 44 60 0 5 0 0.00 0.0 0 4.5 9 270 M M 2 14 230
2 78 43 61 1 4 0 0.00 0.0 0 3.8 16 150 M M 2 1 23 150
3 82 45 64 3 1 0 0.02 0.0 0 6.1 23 280 M M 4 12 32 260
4 85 59 72 11 0 7 0.00 0.0 0 7.5 16 220 M M 4 24 210
5 88 70 79 18 0 14 0.00 0.0 0 11.2 17 240 M M 0 27 230
6 87 73 80 18 0 15 0.00 0.0 0 8.9 16 220 M M 0 27 220
7 84 70 77 15 0 12 0.20 0.0 0 6.5 13 190 M M 3 38 17 180
8 87 62 75 13 0 10 T 0.0 0 2.8 12 190 M M 3 123 16 180
9 90 60 75 13 0 10 0.00 0.0 0 5.7 17 10 M M 1 13 26 10
10 89 56 73 10 0 8 0.00 0.0 0 5.0 12 150 M M 1 17 190
11 86 57 72 9 0 7 2.10 0.0 0 7.5 22 60 M M 3 13 27 50
12 81 54 68 5 0 3 0.37 0.0 0 3.6 12 230 M M 5 13 19 230
13 81 57 69 5 0 4 0.00 0.0 0 8.0 21 350 M M 1 32 330
14 75 54 65 1 0 0 0.22 0.0 0 10.1 22 320 M M 4 13 32 360
15 75 51 63 -1 2 0 0.00 0.0 0 8.9 18 320 M M 0 25 340
16 76 43 60 -4 5 0 0.00 0.0 0 5.2 15 320 M M 0 23 300
17 82 41 62 -2 3 0 0.00 0.0 0 6.8 15 230 M M 0 24 240
18 85 58 72 7 0 7 T 0.0 0 9.1 23 250 M M 2 37 260
19 78 50 64 -1 1 0 0.00 0.0 0 5.7 17 270 M M 2 26 250
20 80 47 64 -1 1 0 0.02 0.0 0 4.0 9 240 M M 3 1 M M
21 68 41 55 -10 10 0 0.05 0.0 0 13.4 24 320 M M 8 46 300
22 62 35 49 -17 16 0 0.14 0.0 0 5.0 21 250 M M 5 13 31 250
23 74 38 56 -10 9 0 0.00 0.0 0 8.6 18 190 M M 4 1 26 220
24 68 61 65 -1 0 0 0.23 0.0 0 10.1 20 150 M M 7 13 30 150
25 74 64 69 3 0 4 0.01 0.0 0 6.0 14 170 M M 9 1 19 180
26 73 66 70 4 0 5 0.91 0.0 0 6.0 12 180 M M 10 12 20 170
27 78 63 71 5 0 6 0.04 0.0 0 9.7 16 240 M M 10 1 25 240
28 79 61 70 4 0 5 0.00 0.0 0 5.2 12 290 M M 8 1 15 300
29 77 68 73 6 0 8 0.50 0.0 0 5.8 15 300 M M 6 1 23 300
30 83 63 73 6 0 8 0.00 0.0 0 6.7 13 340 M M 5 18 350
================================================================================
SM 2381 1654 57 133 4.81 0.0 207.4 M 112
================================================================================
AV 79.4 55.1 6.9 FASTST M M 4 MAX(MPH)
MISC ----> 24 320 46 300
================================================================================
NOTES:
# LAST OF SEVERAL OCCURRENCES
COLUMN 17 PEAK WIND IN M.P.H.
PRELIMINARY LOCAL CLIMATOLOGICAL DATA (WS FORM: F-6) , PAGE 2
STATION: HOUGHTON LAKE MI
MONTH: JUNE
YEAR: 2021
LATITUDE: 44 22 N
LONGITUDE: 84 41 W
[TEMPERATURE DATA] [PRECIPITATION DATA] SYMBOLS USED IN COLUMN 16
AVERAGE MONTHLY: 67.3 TOTAL FOR MONTH: 4.81 1 = FOG OR MIST
DPTR FM NORMAL: 3.3 DPTR FM NORMAL: 1.59 2 = FOG REDUCING VISIBILITY
HIGHEST: 90 ON 9 GRTST 24HR 2.10 ON 11-11 TO 1/4 MILE OR LESS
LOWEST: 35 ON 22 3 = THUNDER
SNOW, ICE PELLETS, HAIL 4 = ICE PELLETS
TOTAL MONTH: 0.0 INCH 5 = HAIL
GRTST 24HR 0.0 6 = FREEZING RAIN OR DRIZZLE
GRTST DEPTH: 0 7 = DUSTSTORM OR SANDSTORM:
VSBY 1/2 MILE OR LESS
8 = SMOKE OR HAZE
[NO. OF DAYS WITH] [WEATHER - DAYS WITH] 9 = BLOWING SNOW
X = TORNADO
MAX 32 OR BELOW: 0 0.01 INCH OR MORE: 13
MAX 90 OR ABOVE: 1 0.10 INCH OR MORE: 8
MIN 32 OR BELOW: 0 0.50 INCH OR MORE: 3
MIN 0 OR BELOW: 0 1.00 INCH OR MORE: 1
[HDD (BASE 65) ]
TOTAL THIS MO. 57 CLEAR (SCALE 0-3) 14
DPTR FM NORMAL -45 PTCLDY (SCALE 4-7) 13
TOTAL FM JUL 1 7444 CLOUDY (SCALE 8-10) 3
DPTR FM NORMAL -454
[CDD (BASE 65) ]
TOTAL THIS MO. 133
DPTR FM NORMAL 64 [PRESSURE DATA]
TOTAL FM JAN 1 165 HIGHEST SLP 30.23 ON 1
DPTR FM NORMAL 75 LOWEST SLP 29.35 ON 21
[REMARKS]
#FINAL-06-21#