000
CXUS53 KIND 010700
CF6HUF
PRELIMINARY LOCAL CLIMATOLOGICAL DATA (WS FORM: F-6)
STATION: TERRE HAUTE IN
MONTH: JANUARY
YEAR: 2022
LATITUDE: 39 27 N
LONGITUDE: 87 18 W
TEMPERATURE IN F: :PCPN: SNOW: WIND :SUNSHINE: SKY :PK WND
================================================================================
1 2 3 4 5 6A 6B 7 8 9 10 11 12 13 14 15 16 17 18
12Z AVG MX 2MIN
DY MAX MIN AVG DEP HDD CDD WTR SNW DPTH SPD SPD DIR MIN PSBL S-S WX SPD DR
================================================================================
1 62 38 50 20 15 0 0.40 M M 8.8 16 210 M M 10 1 25 210
2 38 28 33 3 32 0 0.01 M M 11.2 17 360 M M 10 1 24 20
3 31 22 27 -2 38 0 0.00 M M 6.5 13 320 M M 5 19 340
4 39 22 31 2 34 0 0.00 M M 10.9 25 170 M M 2 1 36 180
5 39 16 28 -1 37 0 T M M 15.5 31 260 M M 2 43 240
6 17 7 12 -17 53 0 0.00 M M 10.4 17 310 M M 7 25 290
7 20 3 12 -17 53 0 0.00 M M 5.8 14 300 M M 3 21 310
8 40 15 28 -1 37 0 0.13 M M 12.3 23 180 M M 6 16 32 170
9 42 18 30 1 35 0 0.22 M M 11.1 21 330 M M 5 1 31 320
10 31 14 23 -6 42 0 0.00 M M 7.9 18 300 M M 2 27 300
11 35 12 24 -4 41 0 0.00 M M 9.5 21 190 M M 0 27 190
12 50 29 40 12 25 0 0.00 M M 8.1 18 220 M M 0 28 210
13 47 28 38 10 27 0 0.00 M M 6.5 14 330 M M 1 1 19 310
14 41 32 37 9 28 0 0.00 M M 6.5 13 100 M M 9 18 16 100
15 35 22 29 1 36 0 T M M 12.0 21 70 M M 4 1 27 70
16 36 16 26 -2 39 0 0.00 M M 7.5 15 320 M M 1 23 320
17 30 24 27 -1 38 0 0.02 M M 9.3 18 310 M M 10 1 27 300
18 46 18 32 4 33 0 0.00 M M 10.1 22 190 M M 4 31 190
19 43 18 31 3 34 0 0.00 M M 11.6 20 360 M M 4 29 10
20 25 11 18 -10 47 0 T M M 8.1 16 340 M M 4 23 340
21 27 12 20 -8 45 0 T M M 4.8 13 80 M M 5 1 18 120
22 35 12 24 -4 41 0 0.00 M M 8.0 20 250 M M 2 24 220
23 37 20 29 1 36 0 T M M 8.9 23 320 M M 7 32 300
24 42 19 31 3 34 0 T M M 11.3 17 330 M M 10 28 340
25 25 11 18 -11 47 0 0.00 M M 9.4 18 360 M M 1 27 330
26 22 1 12 -17 53 0 0.00 M M 5.2 14 340 M M 0 19 340
27 33 9 21 -8 44 0 T M M 7.1 15 200 M M 8 8 22 210
28 33 13 23 -6 42 0 T M M 6.6 20 360 M M 8 1 29 360
29 27 4 16 -13 49 0 0.00 M M 5.7 16 180 M M 3 21 170
30 36 15 26 -3 39 0 0.00 M M 7.1 18 300 M M 1 24 270
31 41 13 27 -2 38 0 0.00 M M 4.9 14 160 M M 1 18 17 160
================================================================================
SM 1105 522 1192 0 0.78 M 268.6 M 135
================================================================================
AV 35.6 16.8 8.7 FASTST M M 4 MAX(MPH)
MISC ----> 31 260 43 240
================================================================================
NOTES:
# LAST OF SEVERAL OCCURRENCES
COLUMN 17 PEAK WIND IN M.P.H.
PRELIMINARY LOCAL CLIMATOLOGICAL DATA (WS FORM: F-6) , PAGE 2
STATION: TERRE HAUTE IN
MONTH: JANUARY
YEAR: 2022
LATITUDE: 39 27 N
LONGITUDE: 87 18 W
[TEMPERATURE DATA] [PRECIPITATION DATA] SYMBOLS USED IN COLUMN 16
AVERAGE MONTHLY: 26.2 TOTAL FOR MONTH: 0.78 1 = FOG OR MIST
DPTR FM NORMAL: -2.5 DPTR FM NORMAL: -1.82 2 = FOG REDUCING VISIBILITY
HIGHEST: 62 ON 1 GRTST 24HR 0.94 ON 8- 9 TO 1/4 MILE OR LESS
LOWEST: 1 ON 26 3 = THUNDER
SNOW, ICE PELLETS, HAIL 4 = ICE PELLETS
TOTAL MONTH: M 5 = HAIL
GRTST 24HR M ON M 6 = FREEZING RAIN OR DRIZZLE
GRTST DEPTH: M ON M 7 = DUSTSTORM OR SANDSTORM:
VSBY 1/2 MILE OR LESS
8 = SMOKE OR HAZE
[NO. OF DAYS WITH] [WEATHER - DAYS WITH] 9 = BLOWING SNOW
X = TORNADO
MAX 32 OR BELOW: 10 0.01 INCH OR MORE: 5
MAX 90 OR ABOVE: 0 0.10 INCH OR MORE: 3
MIN 32 OR BELOW: 30 0.50 INCH OR MORE: 0
MIN 0 OR BELOW: 0 1.00 INCH OR MORE: 0
[HDD (BASE 65) ]
TOTAL THIS MO. 1192 CLEAR (SCALE 0-3) 14
DPTR FM NORMAL 67 PTCLDY (SCALE 4-7) 11
TOTAL FM JUL 1 2811 CLOUDY (SCALE 8-10) 6
DPTR FM NORMAL -353
[CDD (BASE 65) ]
TOTAL THIS MO. 0
DPTR FM NORMAL 0 [PRESSURE DATA]
TOTAL FM JAN 1 0 HIGHEST SLP M ON M
DPTR FM NORMAL 0 LOWEST SLP 29.61 ON 1
[REMARKS]
#FINAL-01-22#