000
CXUS54 KHGX 010719
CF6IAH
PRELIMINARY LOCAL CLIMATOLOGICAL DATA (WS FORM: F-6)
STATION: HOUSTON INTERCONTINENTAL
MONTH: MARCH
YEAR: 2020
LATITUDE: 29 58 N
LONGITUDE: 95 21 W
TEMPERATURE IN F: :PCPN: SNOW: WIND :SUNSHINE: SKY :PK WND
================================================================================
1 2 3 4 5 6A 6B 7 8 9 10 11 12 13 14 15 16 17 18
12Z AVG MX 2MIN
DY MAX MIN AVG DEP HDD CDD WTR SNW DPTH SPD SPD DIR MIN PSBL S-S WX SPD DR
================================================================================
1 72 62 67 8 0 2 0.04 0.0 0 11.5 22 160 M M 10 1 30 160
2 81 66 74 14 0 9 0.00 0.0 0 7.0 17 160 M M 10 18 23 160
3 84 68 76 16 0 11 0.00 0.0 0 7.3 17 120 M M 10 18 21 140
4 76 57 67 7 0 2 0.13 0.0 0 11.2 28 360 M M 10 128 37 20
5 75 55 65 5 0 0 0.00 0.0 0 11.9 22 350 M M 6 28 330
6 74 49 62 2 3 0 0.00 0.0 0 7.9 24 30 M M 5 29 30
7 62 42 52 -9 13 0 0.00 0.0 0 8.1 16 110 M M 7 21 110
8 73 46 60 -1 5 0 0.00 0.0 0 13.1 24 130 M M 5 29 130
9 74 62 68 7 0 3 T 0.0 0 8.5 17 180 M M 9 24 160
10 82 62 72 11 0 7 0.60 0.0 0 3.6 13 140 M M 8 18 17 140
11 83 59 71 9 0 6 0.00 0.0 0 6.4 15 190 M M 7 1 21 220
12 84 69 77 15 0 12 0.00 0.0 0 9.2 18 160 M M 9 24 150
13 83 70 77 15 0 12 0.00 0.0 0 10.7 22 140 M M 9 27 140
14 82 71 77 15 0 12 T 0.0 0 10.6 21 140 M M 10 24 150
15 84 65 75 12 0 10 T 0.0 0 7.0 17 140 M M 9 1 21 150
16 76 63 70 7 0 5 T 0.0 0 6.5 18 140 M M 10 128 23 150
17 85 69 77 14 0 12 T 0.0 0 10.1 23 150 M M 8 138 28 150
18 83 71 77 14 0 12 0.00 0.0 0 10.7 22 140 M M 8 26 150
19 85 74 80 17 0 15 0.00 0.0 0 12.8 23 150 M M 9 28 150
20 76 56 66 2 0 1 1.08 0.0 0 8.9 24 60 M M 10 13 29 60
21 61 54 58 -6 7 0 0.36 0.0 0 10.5 21 80 M M 10 1 25 90
22 78 58 68 4 0 3 0.01 0.0 0 7.8 14 70 M M 10 128 17 150
23 86 69 78 14 0 13 0.00 0.0 0 7.7 17 150 M M 9 1 25 160
24 88 71 80 16 0 15 0.00 0.0 0 8.0 22 250 M M 6 1 30 240
25 90 71 81 16 0 16 0.00 0.0 0 7.1 18 130 M M 5 22 150
26 88 68 78 13 0 13 0.00 0.0 0 8.8 21 160 M M 3 1 29 150
27 90 67 79 14 0 14 0.00 0.0 0 11.9 24 160 M M 7 1 31 150
28 81 58 70 5 0 5 0.04 0.0 0 7.2 17 330 M M 9 1 23 170
29 81 54 68 2 0 3 0.00 0.0 0 7.4 17 100 M M 7 22 50
30 83 64 74 8 0 9 0.02 0.0 0 8.6 22 150 M M 8 28 160
31 76 56 66 0 0 1 0.00 0.0 0 10.2 24 340 M M 6 32 350
================================================================================
SM 2476 1926 28 223 2.28 0.0 278.2 M 249
================================================================================
AV 79.9 62.1 9.0 FASTST M M 8 MAX(MPH)
MISC ----> # 28 360 # 37 20
================================================================================
NOTES:
# LAST OF SEVERAL OCCURRENCES
COLUMN 17 PEAK WIND IN M.P.H.
PRELIMINARY LOCAL CLIMATOLOGICAL DATA (WS FORM: F-6) , PAGE 2
STATION: HOUSTON INTERCONTINENTAL
MONTH: MARCH
YEAR: 2020
LATITUDE: 29 58 N
LONGITUDE: 95 21 W
[TEMPERATURE DATA] [PRECIPITATION DATA] SYMBOLS USED IN COLUMN 16
AVERAGE MONTHLY: 71.0 TOTAL FOR MONTH: 2.28 1 = FOG OR MIST
DPTR FM NORMAL: 8.3 DPTR FM NORMAL: -1.13 2 = FOG REDUCING VISIBILITY
HIGHEST: 90 ON 27,25 GRTST 24HR 1.08 ON 20-20 TO 1/4 MILE OR LESS
LOWEST: 42 ON 7 3 = THUNDER
SNOW, ICE PELLETS, HAIL 4 = ICE PELLETS
TOTAL MONTH: 0.0 INCH 5 = HAIL
GRTST 24HR 0.0 6 = FREEZING RAIN OR DRIZZLE
GRTST DEPTH: 0 7 = DUSTSTORM OR SANDSTORM:
VSBY 1/2 MILE OR LESS
8 = SMOKE OR HAZE
[NO. OF DAYS WITH] [WEATHER - DAYS WITH] 9 = BLOWING SNOW
X = TORNADO
MAX 32 OR BELOW: 0 0.01 INCH OR MORE: 8
MAX 90 OR ABOVE: 2 0.10 INCH OR MORE: 4
MIN 32 OR BELOW: 0 0.50 INCH OR MORE: 2
MIN 0 OR BELOW: 0 1.00 INCH OR MORE: 1
[HDD (BASE 65) ]
TOTAL THIS MO. 28 CLEAR (SCALE 0-3) 0
DPTR FM NORMAL -113 PTCLDY (SCALE 4-7) 13
TOTAL FM JUL 1 1010 CLOUDY (SCALE 8-10) 18
DPTR FM NORMAL -319
[CDD (BASE 65) ]
TOTAL THIS MO. 223
DPTR FM NORMAL 152 [PRESSURE DATA]
TOTAL FM JAN 1 277 HIGHEST SLP 30.50 ON 6
DPTR FM NORMAL 168 LOWEST SLP 29.68 ON 4
[REMARKS]
#FINAL-03-20#