000
CXUS53 KUNR 010930
CF6ICR
PRELIMINARY LOCAL CLIMATOLOGICAL DATA (WS FORM: F-6)
STATION: WINNER REGIONAL AIRPORT SD
MONTH: SEPTEMBER
YEAR: 2021
LATITUDE: 43 23 N
LONGITUDE: 99 50 W
TEMPERATURE IN F: :PCPN: SNOW: WIND :SUNSHINE: SKY :PK WND
================================================================================
1 2 3 4 5 6A 6B 7 8 9 10 11 12 13 14 15 16 17 18
12Z AVG MX 2MIN
DY MAX MIN AVG DEP HDD CDD WTR SNW DPTH SPD SPD DIR MIN PSBL S-S WX SPD DR
================================================================================
1 80 61 71 0 0 6 0.00 M M 15.3 26 140 M M 6 18 36 160
2 80 67 74 3 0 9 0.90 M M 15.8 36 160 M M 10 13 49 160
3 79 63 71 0 0 6 0.00 M M 8.7 20 340 M M 6 25 330
4 80 56 68 -2 0 3 0.00 M M 5.7 12 310 M M 3 18 19 280
5 86 61 74 4 0 9 0.00 M M 6.5 15 340 M M 0 20 270
6 96 61 79 9 0 14 0.00 M M 6.0 15 170 M M 0 21 170
7 81 54 68 -2 0 3 0.00 M M 10.0 22 310 M M 0 31 330
8 81 52 67 -2 0 2 0.00 M M 7.0 17 360 M M 0 22 350
9 84 51 68 -1 0 3 0.00 M M 12.7 22 160 M M 0 29 160
10 93 56 75 7 0 10 0.00 M M 6.8 15 160 M M 0 21 170
11 82 61 72 4 0 7 0.00 M M 8.1 14 40 M M 2 1 20 30
12 79 54 67 -1 0 2 0.01 M M 6.6 20 220 M M 2 28 230
13 76 55 66 -1 0 1 0.13 M M 8.5 23 350 M M 3 123 32 350
14 78 54 66 -1 0 1 0.02 M M 7.4 16 340 M M 1 12 21 350
15 86 58 72 5 0 7 T M M 17.7 35 190 M M 1 44 180
16 92 57 75 9 0 10 0.48 M M 18.3 29 200 M M 1 3 40 190
17 70 49 60 -6 5 0 0.00 M M 7.3 23 350 M M 1 33 350
18 90 53 72 7 0 7 0.00 M M 20.3 35 200 M M 0 47 190
19 90 67 79 14 0 14 0.00 M M 19.6 35 320 M M 0 48 320
20 70 51 61 -3 4 0 0.13 M M 13.1 32 310 M M 7 1 44 310
21 71 45 58 -6 7 0 0.00 M M 8.8 16 330 M M 3 25 330
22 82 45 64 0 1 0 0.00 M M 13.8 23 170 M M 0 32 170
23 88 54 71 8 0 6 0.00 M M 7.3 20 180 M M 0 30 160
24 70 48 59 -4 6 0 T M M 10.2 21 330 M M 2 30 320
25 85 46 66 4 0 1 0.00 M M 8.2 15 220 M M 0 21 220
26 94 59 77 15 0 12 0.00 M M 9.2 21 200 M M 0 28 210
27 94 50 72 11 0 7 0.00 M M 10.3 22 170 M M 0 31 160
28 98 65 82 21 0 17 0.00 M M 15.7 28 150 M M 0 40 140
29 79 54 67 7 0 2 0.22 M M 11.7 23 270 M M 4 1 30 160
30 58 52 55 -5 10 0 1.58 M M 9.7 17 310 M M 10 1 23 310
================================================================================
SM 2472 1659 33 159 3.47 M 326.3 M 62
================================================================================
AV 82.4 55.3 10.9 FASTST M M 2 MAX(MPH)
MISC ----> 36 160 49 160
================================================================================
NOTES:
# LAST OF SEVERAL OCCURRENCES
COLUMN 17 PEAK WIND IN M.P.H.
PRELIMINARY LOCAL CLIMATOLOGICAL DATA (WS FORM: F-6) , PAGE 2
STATION: WINNER REGIONAL AIRPORT SD
MONTH: SEPTEMBER
YEAR: 2021
LATITUDE: 43 23 N
LONGITUDE: 99 50 W
[TEMPERATURE DATA] [PRECIPITATION DATA] SYMBOLS USED IN COLUMN 16
AVERAGE MONTHLY: 68.9 TOTAL FOR MONTH: 3.47 1 = FOG OR MIST
DPTR FM NORMAL: 2.8 DPTR FM NORMAL: 1.66 2 = FOG REDUCING VISIBILITY
HIGHEST: 98 ON 28 GRTST 24HR 1.76 ON 29-30 TO 1/4 MILE OR LESS
LOWEST: 45 ON 22,21 3 = THUNDER
SNOW, ICE PELLETS, HAIL 4 = ICE PELLETS
TOTAL MONTH: M 5 = HAIL
GRTST 24HR M ON M 6 = FREEZING RAIN OR DRIZZLE
GRTST DEPTH: M ON M 7 = DUSTSTORM OR SANDSTORM:
VSBY 1/2 MILE OR LESS
8 = SMOKE OR HAZE
[NO. OF DAYS WITH] [WEATHER - DAYS WITH] 9 = BLOWING SNOW
X = TORNADO
MAX 32 OR BELOW: 0 0.01 INCH OR MORE: 8
MAX 90 OR ABOVE: 8 0.10 INCH OR MORE: 6
MIN 32 OR BELOW: 0 0.50 INCH OR MORE: 2
MIN 0 OR BELOW: 0 1.00 INCH OR MORE: 1
[HDD (BASE 65) ]
TOTAL THIS MO. 33 CLEAR (SCALE 0-3) 24
DPTR FM NORMAL -65 PTCLDY (SCALE 4-7) 4
TOTAL FM JUL 1 33 CLOUDY (SCALE 8-10) 2
DPTR FM NORMAL -74
[CDD (BASE 65) ]
TOTAL THIS MO. 159
DPTR FM NORMAL 28 [PRESSURE DATA]
TOTAL FM JAN 1 1288 HIGHEST SLP 30.41 ON 21
DPTR FM NORMAL 242 LOWEST SLP 29.50 ON 19
[REMARKS]
#FINAL-09-21#