000
CXUS55 KVEF 011051
CF6IGM
PRELIMINARY LOCAL CLIMATOLOGICAL DATA (WS FORM: F-6)
STATION: KINGMAN AZ
MONTH: JANUARY
YEAR: 2021
LATITUDE: 35 16 N
LONGITUDE: 113 57 W
TEMPERATURE IN F: :PCPN: SNOW: WIND :SUNSHINE: SKY :PK WND
================================================================================
1 2 3 4 5 6A 6B 7 8 9 10 11 12 13 14 15 16 17 18
12Z AVG MX 2MIN
DY MAX MIN AVG DEP HDD CDD WTR SNW DPTH SPD SPD DIR MIN PSBL S-S WX SPD DR
================================================================================
1 53 28 41 -1 24 0 0.00 M M 9.6 17 360 M M 0 25 10
2 56 26 41 -1 24 0 0.00 M M 6.6 16 270 M M 0 21 240
3 57 26 42 -1 23 0 0.00 M M 4.8 12 140 M M 0 13 150
4 61 29 45 2 20 0 0.00 M M 7.1 16 150 M M 0 22 260
5 62 28 45 2 20 0 0.00 M M 8.7 18 350 M M 0 23 360
6 61 26 44 1 21 0 0.00 M M 5.2 13 80 M M 0 14 100
7 60 27 44 1 21 0 0.00 M M 5.8 13 110 M M 0 17 30
8 56 27 42 -1 23 0 0.00 M M 5.8 12 360 M M 0 15 130
9 53 26 40 -3 25 0 0.00 M M 11.7 29 350 M M 0 35 10
10 53 25 39 -4 26 0 0.00 M M 8.8 14 30 M M 0 18 10
11 53 25 39 -4 26 0 0.00 M M 8.9 17 20 M M 0 25 20
12 58 25 42 -2 23 0 0.00 M M 5.8 14 120 M M 0 17 120
13 61 26 44 0 21 0 0.00 M M 4.8 15 30 M M 0 19 20
14 65 36 51 7 14 0 0.00 M M 11.3 26 360 M M 0 36 10
15 66 32 49 5 16 0 0.00 M M 7.4 16 10 M M 0 21 360
16 69 35 52 8 13 0 0.00 M M 11.7 31 360 M M 0 36 10
17 65 30 48 4 17 0 0.00 M M 5.2 13 120 M M 0 18 30
18 64 35 50 6 15 0 0.00 M M 9.9 21 10 M M 0 26 20
19 51 34 43 -1 22 0 0.03 M M 8.6 18 70 M M 5 23 60
20 57 36 47 3 18 0 0.01 M M 6.9 16 350 M M 6 22 350
21 64 38 51 7 14 0 0.00 M M 3.5 13 200 M M 7 14 200
22 58 36 47 3 18 0 T M M 16.4 38 220 M M 5 3 48 200
23 53 37 45 1 20 0 0.02 M M 9.6 40 210 M M 5 51 210
24 48 34 41 -4 24 0 0.09 M M 6.2 21 260 M M 8 1 29 240
25 39 29 34 -11 31 0 0.27 M M 11.1 31 210 M M 8 128 41 220
26 36 26 31 -14 34 0 0.04 M M 9.2 18 210 M M 10 1 23 210
27 44 30 37 -8 28 0 0.00 M M 9.8 22 120 M M 2 29 130
28 59 30 45 0 20 0 0.00 M M 5.6 29 120 M M 0 41 130
29 51 34 43 -2 22 0 0.20 M M 11.0 28 210 M M 5 13 36 250
30 53 31 42 -3 23 0 0.00 M M 6.7 16 140 M M 0 18 130
31 59 30 45 0 20 0 0.00 M M 5.6 14 30 M M 0 17 20
================================================================================
SM 1745 937 666 0 0.66 M 249.3 M 61
================================================================================
AV 56.3 30.2 8.0 FASTST M M 2 MAX(MPH)
MISC ----> 40 210 51 210
================================================================================
NOTES:
# LAST OF SEVERAL OCCURRENCES
COLUMN 17 PEAK WIND IN M.P.H.
PRELIMINARY LOCAL CLIMATOLOGICAL DATA (WS FORM: F-6) , PAGE 2
STATION: KINGMAN AZ
MONTH: JANUARY
YEAR: 2021
LATITUDE: 35 16 N
LONGITUDE: 113 57 W
[TEMPERATURE DATA] [PRECIPITATION DATA] SYMBOLS USED IN COLUMN 16
AVERAGE MONTHLY: 43.3 TOTAL FOR MONTH: 0.66 1 = FOG OR MIST
DPTR FM NORMAL: -0.5 DPTR FM NORMAL: -0.36 2 = FOG REDUCING VISIBILITY
HIGHEST: 69 ON 16 GRTST 24HR 0.27 ON 25-25 TO 1/4 MILE OR LESS
LOWEST: 25 ON 12,11 3 = THUNDER
SNOW, ICE PELLETS, HAIL 4 = ICE PELLETS
TOTAL MONTH: M 5 = HAIL
GRTST 24HR M ON M 6 = FREEZING RAIN OR DRIZZLE
GRTST DEPTH: M ON M 7 = DUSTSTORM OR SANDSTORM:
VSBY 1/2 MILE OR LESS
8 = SMOKE OR HAZE
[NO. OF DAYS WITH] [WEATHER - DAYS WITH] 9 = BLOWING SNOW
X = TORNADO
MAX 32 OR BELOW: 0 0.01 INCH OR MORE: 7
MAX 90 OR ABOVE: 0 0.10 INCH OR MORE: 2
MIN 32 OR BELOW: 21 0.50 INCH OR MORE: 0
MIN 0 OR BELOW: 0 1.00 INCH OR MORE: 0
[HDD (BASE 65) ]
TOTAL THIS MO. 666 CLEAR (SCALE 0-3) 22
DPTR FM NORMAL 10 PTCLDY (SCALE 4-7) 8
TOTAL FM JUL 1 1794 CLOUDY (SCALE 8-10) 1
DPTR FM NORMAL -110
[CDD (BASE 65) ]
TOTAL THIS MO. 0
DPTR FM NORMAL 0 [PRESSURE DATA]
TOTAL FM JAN 1 0 HIGHEST SLP 30.35 ON 12
DPTR FM NORMAL 0 LOWEST SLP 29.46 ON 25
[REMARKS]
#FINAL-01-21#