000
CXUS52 KILM 011123
CF6ILM
PRELIMINARY LOCAL CLIMATOLOGICAL DATA (WS FORM: F-6)
STATION: WILMINGTON NORTH CAROLINA
MONTH: MAY
YEAR: 2022
LATITUDE: 34 16 N
LONGITUDE: 77 55 W
TEMPERATURE IN F: :PCPN: SNOW: WIND :SUNSHINE: SKY :PK WND
================================================================================
1 2 3 4 5 6A 6B 7 8 9 10 11 12 13 14 15 16 17 18
12Z AVG MX 2MIN
DY MAX MIN AVG DEP HDD CDD WTR SNW DPTH SPD SPD DIR MIN PSBL S-S WX SPD DR
================================================================================
1 83 62 73 5 0 8 0.00 0.0 0 10.0 18 200 M M 0 26 210
2 87 67 77 9 0 12 0.00 0.0 0 8.9 21 210 M M 1 26 210
3 88 70 79 11 0 14 0.00 0.0 0 11.0 21 210 M M 1 26 210
4 86 71 79 11 0 14 0.00 0.0 0 11.1 21 200 M M 1 27 220
5 84 69 77 8 0 12 0.03 0.0 0 8.3 17 200 M M 6 3 26 200
6 88 69 79 10 0 14 0.00 0.0 0 12.7 24 210 M M 5 36 210
7 83 62 73 4 0 8 0.00 0.0 0 12.5 23 280 M M 6 3 31 260
8 62 51 57 -12 8 0 0.00 0.0 0 13.7 22 330 M M 10 8 28 340
9 73 47 60 -10 5 0 0.00 0.0 0 11.3 23 20 M M 3 28 10
10 75 51 63 -7 2 0 0.00 0.0 0 13.6 24 20 M M 6 32 20
11 78 57 68 -2 0 3 T 0.0 0 13.6 22 20 M M 7 29 30
12 77 62 70 0 0 5 0.21 0.0 0 13.3 24 60 M M 9 1 33 50
13 77 64 71 1 0 6 0.12 0.0 0 6.1 18 90 M M 7 13 26 90
14 79 62 71 0 0 6 T 0.0 0 4.5 14 320 M M 4 123 16 330
15 87 62 75 4 0 10 0.00 0.0 0 6.1 16 170 M M 1 1 20 160
16 87 69 78 7 0 13 0.31 0.0 0 10.9 26 250 M M 2 13 30 240
17 84 63 74 3 0 9 0.02 0.0 0 5.7 14 10 M M 2 1 18 20
18 87 63 75 3 0 10 0.00 0.0 0 6.9 15 170 M M 0 19 170
19 94 72 83 11 0 18 0.00 0.0 0 12.7 21 260 M M 1 27 200
20 95 76 86 14 0 21 0.00 0.0 0 12.5 20 200 M M 1 26 200
21 91 77 84 12 0 19 T 0.0 0 10.5 18 200 M M 3 25 200
22 87 73 80 8 0 15 0.02 0.0 0 9.0 21 220 M M 2 28 220
23 90 72 81 8 0 16 0.00 0.0 0 8.2 17 220 M M 1 22 220
24 88 71 80 7 0 15 T 0.0 0 9.0 18 220 M M 3 24 200
25 83 66 75 2 0 10 0.00 0.0 0 8.2 15 40 M M 8 1 23 350
26 83 64 74 1 0 9 0.00 0.0 0 5.6 14 160 M M 6 17 120
27 83 71 77 3 0 12 0.41 0.0 0 10.7 30 210 M M 4 13 39 200
28 87 72 80 6 0 15 0.00 0.0 0 6.7 14 120 M M 5 17 150
29 87 68 78 4 0 13 0.00 0.0 0 4.8 14 170 M M 2 12 18 160
30 86 68 77 3 0 12 0.00 0.0 0 5.1 14 130 M M 2 12 18 120
31 91 67 79 4 0 14 0.00 0.0 0 4.7 14 160 M M 2 12 18 170
================================================================================
SM 2610 2038 15 333 1.12 0.0 287.9 M 111
================================================================================
AV 84.2 65.7 9.3 FASTST M M 4 MAX(MPH)
MISC ----> 30 210 39 200
================================================================================
NOTES:
# LAST OF SEVERAL OCCURRENCES
COLUMN 17 PEAK WIND IN M.P.H.
PRELIMINARY LOCAL CLIMATOLOGICAL DATA (WS FORM: F-6) , PAGE 2
STATION: WILMINGTON NORTH CAROLINA
MONTH: MAY
YEAR: 2022
LATITUDE: 34 16 N
LONGITUDE: 77 55 W
[TEMPERATURE DATA] [PRECIPITATION DATA] SYMBOLS USED IN COLUMN 16
AVERAGE MONTHLY: 75.0 TOTAL FOR MONTH: 1.12 1 = FOG OR MIST
DPTR FM NORMAL: 3.9 DPTR FM NORMAL: -3.42 2 = FOG REDUCING VISIBILITY
HIGHEST: 95 ON 20 GRTST 24HR 0.41 ON 27-27 TO 1/4 MILE OR LESS
LOWEST: 47 ON 9 3 = THUNDER
SNOW, ICE PELLETS, HAIL 4 = ICE PELLETS
TOTAL MONTH: 0.0 INCH 5 = HAIL
GRTST 24HR 0.0 6 = FREEZING RAIN OR DRIZZLE
GRTST DEPTH: 0 7 = DUSTSTORM OR SANDSTORM:
VSBY 1/2 MILE OR LESS
8 = SMOKE OR HAZE
[NO. OF DAYS WITH] [WEATHER - DAYS WITH] 9 = BLOWING SNOW
X = TORNADO
MAX 32 OR BELOW: 0 0.01 INCH OR MORE: 7
MAX 90 OR ABOVE: 5 0.10 INCH OR MORE: 4
MIN 32 OR BELOW: 0 0.50 INCH OR MORE: 0
MIN 0 OR BELOW: 0 1.00 INCH OR MORE: 0
[HDD (BASE 65) ]
TOTAL THIS MO. 15 CLEAR (SCALE 0-3) 16
DPTR FM NORMAL -6 PTCLDY (SCALE 4-7) 12
TOTAL FM JUL 1 1888 CLOUDY (SCALE 8-10) 3
DPTR FM NORMAL -433
[CDD (BASE 65) ]
TOTAL THIS MO. 333
DPTR FM NORMAL 123 [PRESSURE DATA]
TOTAL FM JAN 1 471 HIGHEST SLP 30.25 ON 26
DPTR FM NORMAL 158 LOWEST SLP 29.51 ON 7
[REMARKS]
#FINAL-05-22#