000
CXUS53 KILX 010900
CF6ILX
PRELIMINARY LOCAL CLIMATOLOGICAL DATA (WS FORM: F-6)
STATION: LINCOLN IL
MONTH: OCTOBER
YEAR: 2022
LATITUDE: 40 9 N
LONGITUDE: 89 20 W
TEMPERATURE IN F: :PCPN: SNOW: WIND :SUNSHINE: SKY :PK WND
================================================================================
1 2 3 4 5 6A 6B 7 8 9 10 11 12 13 14 15 16 17 18
12Z AVG MX 2MIN
DY MAX MIN AVG DEP HDD CDD WTR SNW DPTH SPD SPD DIR MIN PSBL S-S WX SPD DR
================================================================================
1 75 41 58 -2 7 0 0.00 0.0 0 M M M M M M 1 M M
2 75 43 59 -1 6 0 0.00 0.0 0 M M M M M M M M
3 73 38 56 -4 9 0 0.00 0.0 0 M M M M M M M M
4 76 34 55 -4 10 0 0.00 0.0 0 M M M M M M M M
5 78 34 56 -3 9 0 T 0.0 0 M M M M M M M M
6 77 47 62 4 3 0 T 0.0 0 M M M M M M M M
7 60 37 49 -9 16 0 0.00 0.0 0 M M M M M M M M
8 60 30 45 -12 20 0 0.00 0.0 0 M M M M M M M M
9 73 30 52 -5 13 0 0.00 0.0 0 M M M M M M M M
10 78 36 57 1 8 0 0.00 0.0 0 M M M M M M M M
11 61 52 57 1 8 0 0.69 0.0 0 M M M M M M M M
12 67 47 57 1 8 0 0.15 0.0 0 M M M M M M 3 M M
13 59 35 47 -8 18 0 0.00 0.0 0 M M M M M M M M
14 64 33 49 -6 16 0 0.14 0.0 0 M M M M M M M M
15 58 35 47 -7 18 0 0.00 0.0 0 M M M M M M M M
16 61 37 49 -5 16 0 0.00 0.0 0 M M M M M M M M
17 48 33 41 -13 24 0 T T 0 M M M M M M M M
18 49 28 39 -14 26 0 0.00 0.0 0 M M M M M M M M
19 50 27 39 -14 26 0 0.00 0.0 0 M M M M M M M M
20 69 31 50 -2 15 0 0.00 0.0 0 M M M M M M M M
21 78 36 57 5 8 0 0.00 0.0 0 M M M M M M M M
22 80 46 63 11 2 0 0.00 0.0 0 M M M M M M M M
23 77 58 68 17 0 3 T 0.0 0 M M M M M M M M
24 76 59 68 17 0 3 0.11 0.0 0 M M M M M M M M
25 60 44 52 2 13 0 1.23 0.0 0 M M M M M M 1 M M
26 56 32 44 -6 21 0 0.01 0.0 0 M M M M M M M M
27 57 31 44 -6 21 0 0.00 0.0 0 M M M M M M M M
28 64 34 49 0 16 0 0.00 0.0 0 M M M M M M M M
29 68 32 50 1 15 0 0.00 0.0 0 M M M M M M M M
30 58 44 51 3 14 0 0.27 0.0 0 M M M M M M M M
31 61 39 50 2 15 0 0.76 0.0 0 M M M M M M 128 M M
================================================================================
SM 2046 1183 401 6 3.36 T M M M
================================================================================
AV 66.0 38.2 M FASTST M M M MAX(MPH)
MISC ----> M M M M
================================================================================
NOTES:
# LAST OF SEVERAL OCCURRENCES
COLUMN 17 PEAK WIND IN M.P.H.
PRELIMINARY LOCAL CLIMATOLOGICAL DATA (WS FORM: F-6) , PAGE 2
STATION: LINCOLN IL
MONTH: OCTOBER
YEAR: 2022
LATITUDE: 40 9 N
LONGITUDE: 89 20 W
[TEMPERATURE DATA] [PRECIPITATION DATA] SYMBOLS USED IN COLUMN 16
AVERAGE MONTHLY: 52.1 TOTAL FOR MONTH: 3.36 1 = FOG OR MIST
DPTR FM NORMAL: -2.0 DPTR FM NORMAL: -0.06 2 = FOG REDUCING VISIBILITY
HIGHEST: 80 ON 22 GRTST 24HR 1.23 ON 25-25 TO 1/4 MILE OR LESS
LOWEST: 27 ON 19 3 = THUNDER
SNOW, ICE PELLETS, HAIL 4 = ICE PELLETS
TOTAL MONTH: T 5 = HAIL
GRTST 24HR T ON 17-17 6 = FREEZING RAIN OR DRIZZLE
GRTST DEPTH: 0 7 = DUSTSTORM OR SANDSTORM:
VSBY 1/2 MILE OR LESS
8 = SMOKE OR HAZE
[NO. OF DAYS WITH] [WEATHER - DAYS WITH] 9 = BLOWING SNOW
X = TORNADO
MAX 32 OR BELOW: 0 0.01 INCH OR MORE: 8
MAX 90 OR ABOVE: 0 0.10 INCH OR MORE: 7
MIN 32 OR BELOW: 8 0.50 INCH OR MORE: 3
MIN 0 OR BELOW: 0 1.00 INCH OR MORE: 1
[HDD (BASE 65) ]
TOTAL THIS MO. 401 CLEAR (SCALE 0-3) 0
DPTR FM NORMAL 44 PTCLDY (SCALE 4-7) 0
TOTAL FM JUL 1 490 CLOUDY (SCALE 8-10) 31
DPTR FM NORMAL 47
[CDD (BASE 65) ]
TOTAL THIS MO. 6
DPTR FM NORMAL -11 [PRESSURE DATA]
TOTAL FM JAN 1 1022 HIGHEST SLP M ON M
DPTR FM NORMAL 9 LOWEST SLP M ON M
[REMARKS]
#FINAL-10-22#