000
CXUS53 KILX 010900
CF6ILX
PRELIMINARY LOCAL CLIMATOLOGICAL DATA (WS FORM: F-6)
STATION: LINCOLN IL
MONTH: APRIL
YEAR: 2021
LATITUDE: 40 9 N
LONGITUDE: 89 20 W
TEMPERATURE IN F: :PCPN: SNOW: WIND :SUNSHINE: SKY :PK WND
================================================================================
1 2 3 4 5 6A 6B 7 8 9 10 11 12 13 14 15 16 17 18
12Z AVG MX 2MIN
DY MAX MIN AVG DEP HDD CDD WTR SNW DPTH SPD SPD DIR MIN PSBL S-S WX SPD DR
================================================================================
1 44 23 34 -13 31 0 0.00 0.0 0 M M M M M M M M
2 53 21 37 -10 28 0 0.00 0.0 0 M M M M M M M M
3 72 35 54 6 11 0 0.00 0.0 0 M M M M M M M M
4 77 38 58 10 7 0 0.00 0.0 0 M M M M M M M M
5 79 46 63 15 2 0 0.00 0.0 0 M M M M M M M M
6 80 57 69 20 0 4 0.00 0.0 0 M M M M M M M M
7 79 55 67 18 0 2 0.25 0.0 0 M M M M M M 3 M M
8 62 51 57 7 8 0 0.13 0.0 0 M M M M M M M M
9 72 51 62 12 3 0 T 0.0 0 M M M M M M M M
10 63 47 55 5 10 0 0.31 0.0 0 M M M M M M 1 M M
11 54 46 50 -1 15 0 0.44 0.0 0 M M M M M M M M
12 61 41 51 0 14 0 0.00 0.0 0 M M M M M M M M
13 60 40 50 -1 15 0 0.00 0.0 0 M M M M M M M M
14 56 34 45 -7 20 0 0.00 0.0 0 M M M M M M M M
15 59 36 48 -4 17 0 0.00 0.0 0 M M M M M M M M
16 63 32 48 -5 17 0 0.00 0.0 0 M M M M M M M M
17 62 41 52 -1 13 0 0.02 0.0 0 M M M M M M M M
18 66 38 52 -1 13 0 0.00 0.0 0 M M M M M M M M
19 63 38 51 -3 14 0 0.00 M 0 M M M M M M M M
20 40 31 36 -18 29 0 0.28 0.6 0 M M M M M M 1 M M
21 49 28 39 -15 26 0 T 0.0 0 M M M M M M M M
22 57 29 43 -12 22 0 0.00 0.0 0 M M M M M M M M
23 56 40 48 -7 17 0 T 0.0 0 M M M M M M M M
24 60 46 53 -3 12 0 0.15 0.0 0 M M M M M M M M
25 63 39 51 -5 14 0 0.00 0.0 0 M M M M M M M M
26 80 41 61 5 4 0 0.00 0.0 0 M M M M M M M M
27 83 61 72 15 0 7 0.00 0.0 0 M M M M M M M M
28 74 61 68 11 0 3 0.42 0.0 0 M M M M M M M M
29 70 52 61 4 4 0 0.15 0.0 0 M M M M M M 1 M M
30 70 46 58 0 7 0 0.00 0.0 0 M M M M M M M M
================================================================================
SM 1927 1244 373 16 2.15 0.6 M M M
================================================================================
AV 64.2 41.5 M FASTST M M M MAX(MPH)
MISC ----> M M M M
================================================================================
NOTES:
# LAST OF SEVERAL OCCURRENCES
COLUMN 17 PEAK WIND IN M.P.H.
PRELIMINARY LOCAL CLIMATOLOGICAL DATA (WS FORM: F-6) , PAGE 2
STATION: LINCOLN IL
MONTH: APRIL
YEAR: 2021
LATITUDE: 40 9 N
LONGITUDE: 89 20 W
[TEMPERATURE DATA] [PRECIPITATION DATA] SYMBOLS USED IN COLUMN 16
AVERAGE MONTHLY: 52.9 TOTAL FOR MONTH: 2.15 1 = FOG OR MIST
DPTR FM NORMAL: 0.4 DPTR FM NORMAL: -1.46 2 = FOG REDUCING VISIBILITY
HIGHEST: 83 ON 27 GRTST 24HR 0.44 ON 11-11 TO 1/4 MILE OR LESS
LOWEST: 21 ON 2 3 = THUNDER
SNOW, ICE PELLETS, HAIL 4 = ICE PELLETS
TOTAL MONTH: 0.6 INCH 5 = HAIL
GRTST 24HR 0.6 ON 20-20 6 = FREEZING RAIN OR DRIZZLE
GRTST DEPTH: 0 7 = DUSTSTORM OR SANDSTORM:
VSBY 1/2 MILE OR LESS
8 = SMOKE OR HAZE
[NO. OF DAYS WITH] [WEATHER - DAYS WITH] 9 = BLOWING SNOW
X = TORNADO
MAX 32 OR BELOW: 0 0.01 INCH OR MORE: 9
MAX 90 OR ABOVE: 0 0.10 INCH OR MORE: 8
MIN 32 OR BELOW: 6 0.50 INCH OR MORE: 0
MIN 0 OR BELOW: 0 1.00 INCH OR MORE: 0
[HDD (BASE 65) ]
TOTAL THIS MO. 373 CLEAR (SCALE 0-3) 0
DPTR FM NORMAL -18 PTCLDY (SCALE 4-7) 0
TOTAL FM JUL 1 5359 CLOUDY (SCALE 8-10) 30
DPTR FM NORMAL -196
[CDD (BASE 65) ]
TOTAL THIS MO. 16
DPTR FM NORMAL 3 [PRESSURE DATA]
TOTAL FM JAN 1 16 HIGHEST SLP M ON M
DPTR FM NORMAL 1 LOWEST SLP M ON M
[REMARKS]
#FINAL-04-21#