000
CXUS55 KLBF 011410
CF6IML
PRELIMINARY LOCAL CLIMATOLOGICAL DATA (WS FORM: F-6)
STATION: IMPERIAL
MONTH: APRIL
YEAR: 2022
LATITUDE: 40 31 N
LONGITUDE: 101 37 W
TEMPERATURE IN F: :PCPN: SNOW: WIND :SUNSHINE: SKY :PK WND
================================================================================
1 2 3 4 5 6A 6B 7 8 9 10 11 12 13 14 15 16 17 18
12Z AVG MX 2MIN
DY MAX MIN AVG DEP HDD CDD WTR SNW DPTH SPD SPD DIR MIN PSBL S-S WX SPD DR
================================================================================
1 53 28 41 -5 24 0 0.00 M M 12.6 33 330 M M 2 42 330
2 66 22 44 -2 21 0 0.00 M M 10.3 22 170 M M 0 33 150
3 62 30 46 0 19 0 0.00 M M 15.9 31 340 M M 1 40 350
4 67 28 48 2 17 0 0.00 M M 15.2 31 210 M M 0 46 220
5 59 36 48 2 17 0 T M M 20.7 43 330 M M 4 61 330
6 51 35 43 -4 22 0 0.00 M M 25.5 48 320 M M 3 8 69 320
7 54 33 44 -3 21 0 0.00 M M 27.2 46 330 M M 3 65 340
8 60 26 43 -4 22 0 0.00 M M 11.6 26 340 M M 0 35 340
9 81 31 56 9 9 0 0.00 M M 11.5 33 30 M M 0 48 40
10 57 35 46 -2 19 0 0.00 M M 22.0 36 310 M M 2 56 320
11 66 28 47 -1 18 0 0.00 M M 19.1 33 150 M M 1 53 170
12 73 26 50 2 15 0 0.00 M M 24.5 39 330 M M 1 57 330
13 47 15 31 -17 34 0 0.00 M M 18.0 29 290 M M 1 45 290
14 60 19 40 -8 25 0 0.00 M M 9.3 24 270 M M 1 40 260
15 51 20 36 -12 29 0 0.00 M M 11.2 17 50 M M 0 25 70
16 52 16 34 -15 31 0 0.00 M M 11.7 28 130 M M 1 48 150
17 70 30 50 1 15 0 0.00 M M 14.1 21 30 M M 5 54 320
18 59 25 42 -7 23 0 0.00 M M 9.4 23 150 M M 1 35 150
19 79 36 58 9 7 0 0.00 M M 22.3 32 160 M M 1 47 140
20 73 41 57 7 8 0 0.00 M M 12.3 33 350 M M 2 44 360
21 79 34 57 7 8 0 0.00 M M 17.3 38 130 M M 2 1 68 140
22 96 50 73 23 0 8 0.02 M M 23.9 53 160 M M 4 1238 76 170
23 57 41 49 -1 16 0 T M M 23.7 37 260 M M 3 3 53 290
24 60 29 45 -6 20 0 0.00 M M 24.8 39 320 M M 0 60 320
25 62 27 45 -6 20 0 0.00 M M 9.3 20 340 M M 0 30 340
26 80 29 55 4 10 0 0.00 M M 12.5 32 200 M M 0 46 200
27 78 41 60 8 5 0 0.00 M M 10.9 20 200 M M 0 26 70
28 81 41 61 9 4 0 0.00 M M 11.8 22 110 M M 0 35 130
29 65 47 56 4 9 0 0.06 M M 20.6 41 10 M M 6 3 57 10
30 64 40 52 -1 13 0 T M M 25.0 44 320 M M 6 60 310
================================================================================
SM 1962 939 501 8 0.08 M 504.2 M 50
================================================================================
AV 65.4 31.3 16.8 FASTST M M 2 MAX(MPH)
MISC ----> 53 160 76 170
================================================================================
NOTES:
# LAST OF SEVERAL OCCURRENCES
COLUMN 17 PEAK WIND IN M.P.H.
PRELIMINARY LOCAL CLIMATOLOGICAL DATA (WS FORM: F-6) , PAGE 2
STATION: IMPERIAL
MONTH: APRIL
YEAR: 2022
LATITUDE: 40 31 N
LONGITUDE: 101 37 W
[TEMPERATURE DATA] [PRECIPITATION DATA] SYMBOLS USED IN COLUMN 16
AVERAGE MONTHLY: 48.4 TOTAL FOR MONTH: 0.08 1 = FOG OR MIST
DPTR FM NORMAL: -0.5 DPTR FM NORMAL: -1.71 2 = FOG REDUCING VISIBILITY
HIGHEST: 96 ON 22 GRTST 24HR 0.06 ON 29-29 TO 1/4 MILE OR LESS
LOWEST: 15 ON 13 3 = THUNDER
SNOW, ICE PELLETS, HAIL 4 = ICE PELLETS
TOTAL MONTH: M 5 = HAIL
GRTST 24HR M ON M 6 = FREEZING RAIN OR DRIZZLE
GRTST DEPTH: M ON M 7 = DUSTSTORM OR SANDSTORM:
VSBY 1/2 MILE OR LESS
8 = SMOKE OR HAZE
[NO. OF DAYS WITH] [WEATHER - DAYS WITH] 9 = BLOWING SNOW
X = TORNADO
MAX 32 OR BELOW: 0 0.01 INCH OR MORE: 2
MAX 90 OR ABOVE: 1 0.10 INCH OR MORE: 0
MIN 32 OR BELOW: 17 0.50 INCH OR MORE: 0
MIN 0 OR BELOW: 0 1.00 INCH OR MORE: 0
[HDD (BASE 65) ]
TOTAL THIS MO. 501 CLEAR (SCALE 0-3) 23
DPTR FM NORMAL 13 PTCLDY (SCALE 4-7) 7
TOTAL FM JUL 1 5379 CLOUDY (SCALE 8-10) 0
DPTR FM NORMAL -337
[CDD (BASE 65) ]
TOTAL THIS MO. 8
DPTR FM NORMAL 6 [PRESSURE DATA]
TOTAL FM JAN 1 8 HIGHEST SLP 30.47 ON 18
DPTR FM NORMAL 6 LOWEST SLP 29.10 ON 12
[REMARKS]
#FINAL-04-22#