000
CXUS55 KLBF 011410
CF6IML
PRELIMINARY LOCAL CLIMATOLOGICAL DATA (WS FORM: F-6)
STATION: IMPERIAL
MONTH: MAY
YEAR: 2021
LATITUDE: 40 31 N
LONGITUDE: 101 37 W
TEMPERATURE IN F: :PCPN: SNOW: WIND :SUNSHINE: SKY :PK WND
================================================================================
1 2 3 4 5 6A 6B 7 8 9 10 11 12 13 14 15 16 17 18
12Z AVG MX 2MIN
DY MAX MIN AVG DEP HDD CDD WTR SNW DPTH SPD SPD DIR MIN PSBL S-S WX SPD DR
================================================================================
1 90 49 70 17 0 5 0.00 M M 7.7 16 260 M M 0 25 300
2 79 51 65 12 0 0 0.17 M M 16.4 32 360 M M 4 3 55 340
3 55 43 49 -5 16 0 0.00 M M 19.3 28 10 M M 8 43 10
4 64 42 53 -1 12 0 0.00 M M 6.6 16 140 M M 6 24 210
5 71 41 56 1 9 0 0.00 M M 11.9 24 350 M M 2 33 320
6 70 38 54 -1 11 0 0.00 M M 6.3 12 130 M M 3 18 180
7 79 40 60 5 5 0 0.00 M M 13.6 25 110 M M 0 39 130
8 70 46 58 2 7 0 0.00 M M 17.3 31 10 M M 4 43 40
9 60 36 48 -8 17 0 0.00 M M 11.0 28 350 M M 4 36 340
10 53 39 46 -11 19 0 0.14 M M 7.8 16 160 M M 8 24 120
11 54 41 48 -9 17 0 0.07 M M 5.3 14 170 M M 9 18 170
12 60 33 47 -11 18 0 0.04 M M 10.3 22 190 M M 4 1 36 260
13 77 41 59 1 6 0 0.00 M M 13.4 29 170 M M 2 38 230
14 73 45 59 1 6 0 0.02 M M 10.7 20 80 M M 2 3 31 60
15 72 46 59 0 6 0 0.03 M M 8.0 20 160 M M 8 12 25 160
16 77 56 67 8 0 2 0.04 M M 10.1 22 30 M M 8 13 32 50
17 61 56 59 -1 6 0 2.86 M M 8.7 21 100 M M 10 13 35 100
18 72 56 64 4 1 0 0.18 M M 11.4 18 140 M M 7 1 31 140
19 76 52 64 3 1 0 0.09 M M 9.6 18 150 M M 3 3 29 280
20 78 55 67 6 0 2 0.00 M M 19.7 32 170 M M 3 8 50 140
21 86 62 74 12 0 9 0.00 M M 24.3 36 170 M M 2 55 150
22 79 62 71 9 0 6 0.03 M M 13.8 29 140 M M 6 3 42 140
23 80 53 67 4 0 2 0.01 M M 19.6 38 150 M M 6 3 55 150
24 73 48 61 -2 4 0 0.00 M M 5.7 13 140 M M 6 12 20 190
25 82 54 68 4 0 3 0.00 M M 7.5 20 300 M M 2 1 30 310
26 80 53 67 3 0 2 0.21 M M 13.9 31 320 M M 4 13 44 140
27 75 44 60 -4 5 0 0.00 M M 15.5 25 330 M M 2 35 330
28 66 43 55 -10 10 0 0.00 M M 12.6 22 130 M M 5 38 130
29 68 46 57 -8 8 0 0.11 M M 14.0 25 180 M M 10 1 40 140
30 57 54 56 -10 9 0 0.75 M M 7.3 16 90 M M 10 1 21 60
31 71 48 60 -6 5 0 0.00 M M 6.8 15 80 M M 4 12 23 70
================================================================================
SM 2208 1473 198 31 4.75 M 366.1 M 152
================================================================================
AV 71.2 47.5 11.8 FASTST M M 5 MAX(MPH)
MISC ----> 38 150 55 340
================================================================================
NOTES:
# LAST OF SEVERAL OCCURRENCES
COLUMN 17 PEAK WIND IN M.P.H.
PRELIMINARY LOCAL CLIMATOLOGICAL DATA (WS FORM: F-6) , PAGE 2
STATION: IMPERIAL
MONTH: MAY
YEAR: 2021
LATITUDE: 40 31 N
LONGITUDE: 101 37 W
[TEMPERATURE DATA] [PRECIPITATION DATA] SYMBOLS USED IN COLUMN 16
AVERAGE MONTHLY: 59.4 TOTAL FOR MONTH: 4.75 1 = FOG OR MIST
DPTR FM NORMAL: 0.0 DPTR FM NORMAL: 1.83 2 = FOG REDUCING VISIBILITY
HIGHEST: 90 ON 1 GRTST 24HR 2.88 ON 16-17 TO 1/4 MILE OR LESS
LOWEST: 33 ON 12 3 = THUNDER
SNOW, ICE PELLETS, HAIL 4 = ICE PELLETS
TOTAL MONTH: M 5 = HAIL
GRTST 24HR M ON M 6 = FREEZING RAIN OR DRIZZLE
GRTST DEPTH: M ON M 7 = DUSTSTORM OR SANDSTORM:
VSBY 1/2 MILE OR LESS
8 = SMOKE OR HAZE
[NO. OF DAYS WITH] [WEATHER - DAYS WITH] 9 = BLOWING SNOW
X = TORNADO
MAX 32 OR BELOW: 0 0.01 INCH OR MORE: 15
MAX 90 OR ABOVE: 1 0.10 INCH OR MORE: 7
MIN 32 OR BELOW: 0 0.50 INCH OR MORE: 2
MIN 0 OR BELOW: 0 1.00 INCH OR MORE: 1
[HDD (BASE 65) ]
TOTAL THIS MO. 198 CLEAR (SCALE 0-3) 11
DPTR FM NORMAL -20 PTCLDY (SCALE 4-7) 15
TOTAL FM JUL 1 6007 CLOUDY (SCALE 8-10) 5
DPTR FM NORMAL 72
[CDD (BASE 65) ]
TOTAL THIS MO. 31
DPTR FM NORMAL -14 [PRESSURE DATA]
TOTAL FM JAN 1 31 HIGHEST SLP 30.39 ON 12
DPTR FM NORMAL -16 LOWEST SLP 29.39 ON 2
[REMARKS]
#FINAL-05-21#