000
CXUS55 KLBF 011458
CF6IML
PRELIMINARY LOCAL CLIMATOLOGICAL DATA (WS FORM: F-6)
STATION: IMPERIAL
MONTH: MAY
YEAR: 2020
LATITUDE: 40 31 N
LONGITUDE: 101 37 W
TEMPERATURE IN F: :PCPN: SNOW: WIND :SUNSHINE: SKY :PK WND
================================================================================
1 2 3 4 5 6A 6B 7 8 9 10 11 12 13 14 15 16 17 18
12Z AVG MX 2MIN
DY MAX MIN AVG DEP HDD CDD WTR SNW DPTH SPD SPD DIR MIN PSBL S-S WX SPD DR
================================================================================
1 85 54 70 16 0 5 T M M 12.3 24 340 M M 1 33 20
2 66 50 58 4 7 0 0.25 M M 11.9 23 160 M M 7 32 170
3 76 42 59 4 6 0 0.30 M M 11.7 32 80 M M 3 13 42 80
4 62 42 52 -3 13 0 0.40 M M 13.4 28 350 M M 6 13 36 340
5 69 40 55 -1 10 0 0.00 M M 10.7162 320 M M 0 30 320
6 65 37 51 -5 14 0 0.00 M M 8.1 18 130 M M 0 25 150
7 69 42 56 0 9 0 0.00 M M 18.6 33 340 M M 1 44 340
8 60 41 51 -6 14 0 0.00 M M 10.8 26 360 M M 4 33 360
9 63 33 48 -9 17 0 0.00 M M 13.0 30 350 M M 5 42 340
10 61 33 47 -11 18 0 0.00 M M 5.7 25 70 M M 6 34 70
11 40 29 35 -23 30 0 0.01 M M 15.3 25 140 M M 8 32 140
12 44 35 40 -18 25 0 0.00 M M 16.8 24 160 M M 10 1 32 140
13 67 43 55 -4 10 0 0.00 M M 11.3 21 160 M M 6 12 27 150
14 76 47 62 3 3 0 T M M 9.2 18 340 M M 3 1 28 350
15 72 50 61 1 4 0 0.86 M M 10.9 20 20 M M 8 35 20
16 68 48 58 -2 7 0 0.20 M M 11.0 22 320 M M 4 33 340
17 70 44 57 -3 8 0 0.00 M M 9.7 14 350 M M 1 21 350
18 74 43 59 -2 6 0 0.00 M M 9.2 20 150 M M 0 26 140
19 79 48 64 3 1 0 0.00 M M 16.2 26 130 M M 1 1 40 140
20 78 53 66 4 0 1 0.00 M M 20.5 33 150 M M 2 46 160
21 69 56 63 1 2 0 0.01 M M 8.4 16 120 M M 9 1 21 120
22 75 54 65 3 0 0 0.00 M M 7.8 16 140 M M 4 21 140
23 77 48 63 1 2 0 0.00 M M 16.4 29 160 M M 3 39 170
24 71 50 61 -2 4 0 0.04 M M 17.2 28 330 M M 7 38 340
25 69 43 56 -7 9 0 0.02 M M 12.7 22 340 M M 6 31 340
26 79 42 61 -3 4 0 0.00 M M 6.7 17 330 M M 0 26 330
27 85 46 66 2 0 1 0.00 M M 5.5 18 40 M M 0 24 50
28 79 53 66 2 0 1 0.02 M M 8.5 16 70 M M 7 22 70
29 85 49 67 3 0 2 T M M 13.6 24 130 M M 2 43 140
30 82 57 70 5 0 5 0.03 M M 13.0 25 80 M M 1 3 35 130
31 95 56 76 11 0 11 0.00 M M 9.8 24 180 M M 0 36 170
================================================================================
SM 2210 1408 223 26 2.14 M 365.9 M 115
================================================================================
AV 71.3 45.4 11.8 FASTST M M 4 MAX(MPH)
MISC ----> #162 320 # 46 160
================================================================================
NOTES:
# LAST OF SEVERAL OCCURRENCES
COLUMN 17 PEAK WIND IN M.P.H.
PRELIMINARY LOCAL CLIMATOLOGICAL DATA (WS FORM: F-6) , PAGE 2
STATION: IMPERIAL
MONTH: MAY
YEAR: 2020
LATITUDE: 40 31 N
LONGITUDE: 101 37 W
[TEMPERATURE DATA] [PRECIPITATION DATA] SYMBOLS USED IN COLUMN 16
AVERAGE MONTHLY: 58.4 TOTAL FOR MONTH: 2.14 1 = FOG OR MIST
DPTR FM NORMAL: -1.4 DPTR FM NORMAL: -0.83 2 = FOG REDUCING VISIBILITY
HIGHEST: 95 ON 31 GRTST 24HR 0.86 ON 15-15 TO 1/4 MILE OR LESS
LOWEST: 29 ON 11 3 = THUNDER
SNOW, ICE PELLETS, HAIL 4 = ICE PELLETS
TOTAL MONTH: M 5 = HAIL
GRTST 24HR M ON M 6 = FREEZING RAIN OR DRIZZLE
GRTST DEPTH: M ON M 7 = DUSTSTORM OR SANDSTORM:
VSBY 1/2 MILE OR LESS
8 = SMOKE OR HAZE
[NO. OF DAYS WITH] [WEATHER - DAYS WITH] 9 = BLOWING SNOW
X = TORNADO
MAX 32 OR BELOW: 0 0.01 INCH OR MORE: 11
MAX 90 OR ABOVE: 1 0.10 INCH OR MORE: 5
MIN 32 OR BELOW: 1 0.50 INCH OR MORE: 1
MIN 0 OR BELOW: 0 1.00 INCH OR MORE: 0
[HDD (BASE 65) ]
TOTAL THIS MO. 223 CLEAR (SCALE 0-3) 14
DPTR FM NORMAL 21 PTCLDY (SCALE 4-7) 14
TOTAL FM JUL 1 5938 CLOUDY (SCALE 8-10) 3
DPTR FM NORMAL -129
[CDD (BASE 65) ]
TOTAL THIS MO. 26
DPTR FM NORMAL -17 [PRESSURE DATA]
TOTAL FM JAN 1 26 HIGHEST SLP 30.42 ON 8
DPTR FM NORMAL -18 LOWEST SLP 29.57 ON 23
[REMARKS]
#FINAL-05-20#