000
CXUS54 KFWD 010731
CF6INJ
PRELIMINARY LOCAL CLIMATOLOGICAL DATA (WS FORM: F-6)
STATION: HILLSBORO
MONTH: APRIL
YEAR: 2021
LATITUDE: 32 0 N
LONGITUDE: 97 6 W
TEMPERATURE IN F: :PCPN: SNOW: WIND :SUNSHINE: SKY :PK WND
================================================================================
1 2 3 4 5 6A 6B 7 8 9 10 11 12 13 14 15 16 17 18
12Z AVG MX 2MIN
DY MAX MIN AVG DEP HDD CDD WTR SNW DPTH SPD SPD DIR MIN PSBL S-S WX SPD DR
================================================================================
1 67 38 53 -9 12 0 0.00 M M 5.8 12 50 M M 0 M M
2 68 45 57 -5 8 0 0.00 M M 9.2 13 130 M M 3 22 130
3 67 54 61 -1 4 0 0.00 M M 9.5 14 140 M M 10 22 140
4 74 56 65 3 0 0 0.00 M M 8.3 13 150 M M 6 20 180
5 78 56 67 4 0 2 0.00 M M 11.0 16 150 M M 4 1 22 150
6 82 64 73 10 0 8 0.00 M M 18.9 26 160 M M 7 37 160
7 80 49 65 2 0 0 0.00 M M 15.1 23 170 M M 4 32 160
8 83 44 64 0 1 0 0.00 M M 5.3 16 170 M M 2 22 170
9 87 63 75 11 0 10 0.00 M M 15.3 25 330 M M 4 32 330
10 73 46 60 -4 5 0 0.00 M M 9.6 20 330 M M 0 26 330
11 84 44 64 0 1 0 0.00 M M 7.6 15 170 M M 0 22 170
12 82 59 71 7 0 6 0.00 0.0 M 7.6 13 170 M M 1 17 150
13 78 57 68 3 0 3 0.00 M M 9.3 20 350 M M 8 28 330
14 77 60 69 4 0 4 0.00 M M 10.8 17 50 M M 6 21 10
15 63 56 60 -5 5 0 0.92 M M 8.6 14 30 M M 10 3 29 100
16 64 54 59 -6 6 0 0.24 M M 8.9 18 320 M M 10 13 25 10
17 59 48 54 -12 11 0 0.00 M M 12.0 22 340 M M 6 30 340
18 67 41 54 -12 11 0 0.00 M M 6.3 15 340 M M 1 21 340
19 72 39 56 -10 9 0 0.00 M M 2.9 8 210 M M 0 M M
20 67 42 55 -11 10 0 0.00 M M 10.3 20 350 M M 0 29 320
21 60 33 47 -20 18 0 0.00 M M 3.9 10 30 M M 6 8 18 40
22 64 46 55 -12 10 0 M M M 7.3 13 110 M M 10 8 20 100
23 69 61 65 -2 0 0 0.93 M M 7.2 13 140 M M 10 13 20 120
24 75 55 65 -2 0 0 M M M 9.2 15 340 M M 5 12 20 320
25 81 49 65 -3 0 0 0.00 M M 9.4 14 150 M M 0 1 20 180
26 80 64 72 4 0 7 0.00 M M 14.2 22 140 M M 3 30 140
27 76 69 73 5 0 8 M M M 14.2 20 130 M M 9 26 130
28 83 73 78 10 0 13 0.00 M M 12.1 24 160 M M 10 13 31 170
29 75 66 71 2 0 6 M M M 10.2 20 360 M M 10 13 24 220
30 69 63 66 -3 0 1 0.00 M M 9.6 15 20 M M 10 1 22 20
================================================================================
SM 2204 1594 111 68 2.09 0.0 289.8 M 155
================================================================================
AV 73.5 53.1 9.7 FASTST M M 5 MAX(MPH)
MISC ----> 26 160 37 160
================================================================================
NOTES:
# LAST OF SEVERAL OCCURRENCES
COLUMN 17 PEAK WIND IN M.P.H.
PRELIMINARY LOCAL CLIMATOLOGICAL DATA (WS FORM: F-6) , PAGE 2
STATION: HILLSBORO
MONTH: APRIL
YEAR: 2021
LATITUDE: 32 0 N
LONGITUDE: 97 6 W
[TEMPERATURE DATA] [PRECIPITATION DATA] SYMBOLS USED IN COLUMN 16
AVERAGE MONTHLY: 63.3 TOTAL FOR MONTH: 2.09 1 = FOG OR MIST
DPTR FM NORMAL: -2.0 DPTR FM NORMAL: -0.86 2 = FOG REDUCING VISIBILITY
HIGHEST: 87 ON 9 GRTST 24HR 0.93 ON 23-23 TO 1/4 MILE OR LESS
LOWEST: 33 ON 21 3 = THUNDER
SNOW, ICE PELLETS, HAIL 4 = ICE PELLETS
TOTAL MONTH: 0.0 INCH 5 = HAIL
GRTST 24HR 0.0 6 = FREEZING RAIN OR DRIZZLE
GRTST DEPTH: M ON M 7 = DUSTSTORM OR SANDSTORM:
VSBY 1/2 MILE OR LESS
8 = SMOKE OR HAZE
[NO. OF DAYS WITH] [WEATHER - DAYS WITH] 9 = BLOWING SNOW
X = TORNADO
MAX 32 OR BELOW: 0 0.01 INCH OR MORE: 3
MAX 90 OR ABOVE: 0 0.10 INCH OR MORE: 3
MIN 32 OR BELOW: 0 0.50 INCH OR MORE: 2
MIN 0 OR BELOW: 0 1.00 INCH OR MORE: 0
[HDD (BASE 65) ]
TOTAL THIS MO. 111 CLEAR (SCALE 0-3) 11
DPTR FM NORMAL 23 PTCLDY (SCALE 4-7) 10
TOTAL FM JUL 1 2225 CLOUDY (SCALE 8-10) 9
DPTR FM NORMAL 21
[CDD (BASE 65) ]
TOTAL THIS MO. 68
DPTR FM NORMAL -29 [PRESSURE DATA]
TOTAL FM JAN 1 105 HIGHEST SLP M ON M
DPTR FM NORMAL -29 LOWEST SLP M ON M
[REMARKS]
#FINAL-04-21#