000
CXUS54 KFWD 010832
CF6INJ
PRELIMINARY LOCAL CLIMATOLOGICAL DATA (WS FORM: F-6)
STATION: HILLSBORO
MONTH: DECEMBER
YEAR: 2023
LATITUDE: 32 0 N
LONGITUDE: 97 6 W
TEMPERATURE IN F: :PCPN: SNOW: WIND :SUNSHINE: SKY :PK WND
================================================================================
1 2 3 4 5 6A 6B 7 8 9 10 11 12 13 14 15 16 17 18
12Z AVG MX 2MIN
DY MAX MIN AVG DEP HDD CDD WTR SNW DPTH SPD SPD DIR MIN PSBL S-S WX SPD DR
================================================================================
1 64 42 53 2 12 0 0.00 M M 6.0 12 320 M M 0 17 320
2 71 42 57 7 8 0 0.00 M M 4.5 12 320 M M 1 M M
3 72 34 53 3 12 0 0.00 M M 4.3 20 210 M M 0 26 210
4 67 32 50 0 15 0 0.00 M M 2.9 16 360 M M 0 24 360
5 73 36 55 5 10 0 0.00 M M 3.5 10 60 M M 0 8 M M
6 68 38 53 4 12 0 0.00 M M 6.8 12 70 M M 0 M M
7 71 46 59 10 6 0 0.00 M M 13.5 23 180 M M 2 32 180
8 78 62 70 21 0 5 0.00 M M 14.5 22 190 M M 4 29 190
9 66 42 54 5 11 0 0.00 M M 12.9 22 350 M M 2 12 26 340
10 55 28 42 -6 23 0 0.00 M M 4.8 13 330 M M 0 20 320
11 66 30 48 0 17 0 0.00 M M 6.5 10 190 M M 0 M M
12 68 39 54 6 11 0 0.00 M M 6.7 10 120 M M 2 M M
13 56 46 51 3 14 0 0.00 M M 7.5 12 80 M M 8 M M
14 68 44 56 8 9 0 0.00 M M 9.9 17 90 M M 5 21 90
15 58 44 51 4 14 0 0.51 M M 7.1 15 140 M M 9 1 21 270
16 61 34 48 1 17 0 0.00 M M 4.4 14 330 M M 0 20 320
17 72 31 52 5 13 0 0.00 M M 2.9 12 220 M M 0 M M
18 65 38 52 5 13 0 0.00 M M 7.9 15 360 M M 0 24 350
19 65 38 52 5 13 0 0.00 M M 10.9 15 120 M M 0 20 120
20 70 46 58 11 7 0 0.00 M M 9.1 17 160 M M 5 21 160
21 61 57 59 12 6 0 0.51 M M 7.4 13 120 M M 10 M M
22 69 57 63 16 2 0 0.00 M M 6.9 13 140 M M 8 12 M M
23 65 59 62 15 3 0 0.00 M M 9.1 21 140 M M 10 12 29 140
24 67 46 57 11 8 0 M M M 9.4 21 140 M M 7 3 30 0
25 51 31 41 -5 24 0 0.00 M M 10.8 21 330 M M 0 30 320
26 56 29 43 -3 22 0 0.00 M M 5.8 17 190 M M 2 20 190
27 55 31 43 -3 22 0 0.00 M M 5.2 15 320 M M 0 21 340
28 52 32 42 -4 23 0 M M M 5.4 14 340 M M 6 20 340
29 57 28 43 -3 22 0 0.00 M M 6.5 16 290 M M 0 20 270
30 66 28 47 1 18 0 0.00 M M 3.8 9 210 M M 0 M M
31 72 37 55 9 10 0 0.00 M M 5.0 10 20 M M 0 M M
================================================================================
SM 2005 1227 397 5 1.02 M 222.0 M 81
================================================================================
AV 64.7 39.6 7.2 FASTST M M 3 MAX(MPH)
MISC ----> 23 180 32 180
================================================================================
NOTES:
# LAST OF SEVERAL OCCURRENCES
COLUMN 17 PEAK WIND IN M.P.H.
PRELIMINARY LOCAL CLIMATOLOGICAL DATA (WS FORM: F-6) , PAGE 2
STATION: HILLSBORO
MONTH: DECEMBER
YEAR: 2023
LATITUDE: 32 0 N
LONGITUDE: 97 6 W
[TEMPERATURE DATA] [PRECIPITATION DATA] SYMBOLS USED IN COLUMN 16
AVERAGE MONTHLY: 52.1 TOTAL FOR MONTH: 1.02 1 = FOG OR MIST
DPTR FM NORMAL: 4.3 DPTR FM NORMAL: -2.07 2 = FOG REDUCING VISIBILITY
HIGHEST: 78 ON 8 GRTST 24HR 0.51 ON 15-15 TO 1/4 MILE OR LESS
LOWEST: 28 ON 30,29 3 = THUNDER
SNOW, ICE PELLETS, HAIL 4 = ICE PELLETS
TOTAL MONTH: M 5 = HAIL
GRTST 24HR M ON M 6 = FREEZING RAIN OR DRIZZLE
GRTST DEPTH: M ON M 7 = DUSTSTORM OR SANDSTORM:
VSBY 1/2 MILE OR LESS
8 = SMOKE OR HAZE
[NO. OF DAYS WITH] [WEATHER - DAYS WITH] 9 = BLOWING SNOW
X = TORNADO
MAX 32 OR BELOW: 0 0.01 INCH OR MORE: 2
MAX 90 OR ABOVE: 0 0.10 INCH OR MORE: 2
MIN 32 OR BELOW: 10 0.50 INCH OR MORE: 2
MIN 0 OR BELOW: 0 1.00 INCH OR MORE: 0
[HDD (BASE 65) ]
TOTAL THIS MO. 397 CLEAR (SCALE 0-3) 21
DPTR FM NORMAL -143 PTCLDY (SCALE 4-7) 6
TOTAL FM JUL 1 690 CLOUDY (SCALE 8-10) 4
DPTR FM NORMAL -198
[CDD (BASE 65) ]
TOTAL THIS MO. 5
DPTR FM NORMAL 0 [PRESSURE DATA]
TOTAL FM JAN 1 3533 HIGHEST SLP M ON M
DPTR FM NORMAL 990 LOWEST SLP M ON M
[REMARKS]
#FINAL-12-23#