685
CXUS56 KFGZ 010900
CF6INW
PRELIMINARY LOCAL CLIMATOLOGICAL DATA (WS FORM: F-6)
STATION: WINSLOW AZ AIRPORT
MONTH: OCTOBER
YEAR: 2020
LATITUDE: 35 1 N
LONGITUDE: 110 44 W
TEMPERATURE IN F: :PCPN: SNOW: WIND :SUNSHINE: SKY :PK WND
================================================================================
1 2 3 4 5 6A 6B 7 8 9 10 11 12 13 14 15 16 17 18
12Z AVG MX 2MIN
DY MAX MIN AVG DEP HDD CDD WTR SNW DPTH SPD SPD DIR MIN PSBL S-S WX SPD DR
================================================================================
1 89 39 64 2 1 0 0.00 M M 3.8 9 220 M M 0 13 360
2 88 37 63 1 2 0 0.00 M M 4.0 13 300 M M 0 16 300
3 88 35 62 0 3 0 0.00 M M 3.5 10 330 M M 0 8 17 340
4 90 38 64 3 1 0 0.00 M M 4.6 12 220 M M 0 18 70
5 90 41 66 5 0 1 0.00 M M 5.6 13 250 M M 0 17 360
6 88 36 62 2 3 0 0.00 M M 3.6 12 220 M M 0 14 40
7 90 36 63 3 2 0 0.00 M M 5.5 13 220 M M 0 16 220
8 90 44 67 7 0 2 0.00 M M 8.7 24 210 M M 0 29 210
9 86 44 65 6 0 0 0.00 M M 6.1 16 160 M M 0 19 140
10 85 44 65 6 0 0 0.00 M M 9.8 23 210 M M 0 29 200
11 84 44 64 6 1 0 0.00 M M 9.3 26 250 M M 0 32 240
12 82 37 60 2 5 0 0.00 M M 3.5 9 20 M M 0 12 50
13 87 39 63 6 2 0 0.00 M M 4.5 12 10 M M 0 17 20
14 89 37 63 6 2 0 0.00 M M 6.5 15 230 M M 0 18 220
15 86 42 64 7 1 0 0.00 M M 6.5 16 350 M M 0 22 330
16 79 38 59 3 6 0 0.00 M M 4.1 10 230 M M 0 13 310
17 85 32 59 3 6 0 0.00 M M 4.2 12 250 M M 0 14 250
18 88 39 64 8 1 0 0.00 M M 5.9 15 250 M M 0 19 250
19 84 38 61 6 4 0 0.00 M M 4.2 13 230 M M 0 15 230
20 83 34 59 4 6 0 0.00 M M 3.9 9 110 M M 0 12 20
21 84 39 62 8 3 0 0.00 M M 8.8 21 250 M M 0 25 260
22 83 39 61 7 4 0 0.00 M M 9.6 22 260 M M 0 27 270
23 82 40 61 7 4 0 0.00 M M 8.9 21 250 M M 0 27 270
24 81 45 63 10 2 0 0.00 M M 10.4 26 230 M M 0 32 230
25 77 50 64 11 1 0 0.00 M M 16.7 38 220 M M 2 3 49 210
26 50 24 37 -15 28 0 0.16 M M 12.8 26 320 M M 8 1 34 330
27 45 22 34 -18 31 0 0.00 M M 6.6 15 310 M M 5 19 310
28 57 19 38 -14 27 0 0.00 0.0 0 4.6 12 300 M M 1 128 16 330
29 66 26 46 -5 19 0 0.00 M 0 4.0 9 110 M M 0 8 13 100
30 70 26 48 -3 17 0 0.00 0.0 0 3.1 9 230 M M 0 18 11 50
31 73 29 51 1 14 0 0.00 M 0 2.7 9 200 M M 0 11 130
================================================================================
SM 2499 1133 196 3 0.16 0.0 196.0 M 16
================================================================================
AV 80.6 36.6 6.3 FASTST M M 1 MAX(MPH)
MISC ----> # 38 220 # 49 210
================================================================================
NOTES:
# LAST OF SEVERAL OCCURRENCES
COLUMN 17 PEAK WIND IN M.P.H.
PRELIMINARY LOCAL CLIMATOLOGICAL DATA (WS FORM: F-6) , PAGE 2
STATION: WINSLOW AZ AIRPORT
MONTH: OCTOBER
YEAR: 2020
LATITUDE: 35 1 N
LONGITUDE: 110 44 W
[TEMPERATURE DATA] [PRECIPITATION DATA] SYMBOLS USED IN COLUMN 16
AVERAGE MONTHLY: 58.6 TOTAL FOR MONTH: 0.16 1 = FOG OR MIST
DPTR FM NORMAL: 2.3 DPTR FM NORMAL: -0.37 2 = FOG REDUCING VISIBILITY
HIGHEST: 90 ON 8, 7 GRTST 24HR 0.16 ON 26-26 TO 1/4 MILE OR LESS
LOWEST: 19 ON 28 3 = THUNDER
SNOW, ICE PELLETS, HAIL 4 = ICE PELLETS
TOTAL MONTH: 0.0 INCH 5 = HAIL
GRTST 24HR 0.0 6 = FREEZING RAIN OR DRIZZLE
GRTST DEPTH: 0 7 = DUSTSTORM OR SANDSTORM:
VSBY 1/2 MILE OR LESS
8 = SMOKE OR HAZE
[NO. OF DAYS WITH] [WEATHER - DAYS WITH] 9 = BLOWING SNOW
X = TORNADO
MAX 32 OR BELOW: 0 0.01 INCH OR MORE: 1
MAX 90 OR ABOVE: 4 0.10 INCH OR MORE: 1
MIN 32 OR BELOW: 7 0.50 INCH OR MORE: 0
MIN 0 OR BELOW: 0 1.00 INCH OR MORE: 0
[HDD (BASE 65) ]
TOTAL THIS MO. 196 CLEAR (SCALE 0-3) 29
DPTR FM NORMAL -79 PTCLDY (SCALE 4-7) 1
TOTAL FM JUL 1 234 CLOUDY (SCALE 8-10) 1
DPTR FM NORMAL -72
[CDD (BASE 65) ]
TOTAL THIS MO. 3
DPTR FM NORMAL -4 [PRESSURE DATA]
TOTAL FM JAN 1 1616 HIGHEST SLP M ON M
DPTR FM NORMAL 408 LOWEST SLP 29.53 ON 25
[REMARKS]
#FINAL-10-20#