000
CXUS55 KFGZ 011530
CLMINW
CLIMATE REPORT
NATIONAL WEATHER SERVICE FLAGSTAFF AZ
830 AM MST MON APR 01 2024
...................................
...THE WINSLOW AZ AIRPORT CLIMATE SUMMARY FOR THE MONTH OF MARCH 2024...
CLIMATE NORMAL PERIOD 1991 TO 2020
CLIMATE RECORD PERIOD 1915 TO 2024
WEATHER OBSERVED NORMAL DEPART LAST YEAR`S
VALUE DATE(S) VALUE FROM VALUE DATE(S)
NORMAL
................................................................
TEMPERATURE (F)
RECORD
HIGH 85 03/28/2015
03/10/1989
03/30/1971
LOW -2 03/03/2002
HIGHEST 71 71 03/29
LOWEST 25 20 03/18
AVG. MAXIMUM 61.3 64.5 -3.2 59.6
AVG. MINIMUM 34.2 31.8 2.4 30.5
MEAN 47.7 48.2 -0.5 45.1
DAYS MAX >= 90 0 0.0 0.0 0
DAYS MAX <= 32 0 0.0 0.0 0
DAYS MIN <= 32 9 18.0 -9.0 21
DAYS MIN <= 0 0 0.0 0.0 0
PRECIPITATION (INCHES)
RECORD
MAXIMUM 2.07 1973
MINIMUM 0.00 1997
TOTALS 1.86 0.49 1.37 0.41
DAILY AVG. 0.06 0.02 0.04 0.01
DAYS >= .01 12 4.0 8.0 6
DAYS >= .10 7 1.5 5.5 1
DAYS >= .50 1 0.1 0.9 0
DAYS >= 1.00 0 0.0 0.0 0
GREATEST
24 HR. TOTAL 0.51 03/13 TO 03/13 0.21
DEGREE DAYS
HEATING TOTAL 526 522 4 611
SINCE 7/1 3547 3908 -361 MM
COOLING TOTAL 0 0 0 0
SINCE 1/1 0 0 0 MM
................................................................
WIND (MPH)
AVERAGE WIND SPEED 9.9
HIGHEST WIND SPEED/DIRECTION 52/220 DATE 03/02
HIGHEST GUST SPEED/DIRECTION 72/220 DATE 03/02
SKY COVER
POSSIBLE SUNSHINE (PERCENT) MM
AVERAGE SKY COVER 0.30
NUMBER OF DAYS FAIR 19
NUMBER OF DAYS PC 9
NUMBER OF DAYS CLOUDY 3
AVERAGE RH (PERCENT) 53
WEATHER CONDITIONS. NUMBER OF DAYS WITH
THUNDERSTORM 7 MIXED PRECIP 0
HEAVY RAIN 2 RAIN 4
LIGHT RAIN 13 FREEZING RAIN 0
LT FREEZING RAIN 0 HAIL 0
HEAVY SNOW 0 SNOW 0
LIGHT SNOW 2 SLEET 0
FOG 8 FOG W/VIS <= 1/4 MILE 1
HAZE 2
- INDICATES NEGATIVE NUMBERS.
R INDICATES RECORD WAS SET OR TIED.
MM INDICATES DATA IS MISSING.
T INDICATES TRACE AMOUNT.
$$