000
CXUS55 KFGZ 011806
CLMINW
CLIMATE REPORT
NATIONAL WEATHER SERVICE FLAGSTAFF AZ
1106 AM MST SAT APR 01 2023
...................................
...THE WINSLOW AZ AIRPORT CLIMATE SUMMARY FOR THE MONTH OF MARCH 2023...
CLIMATE NORMAL PERIOD 1991 TO 2020
CLIMATE RECORD PERIOD 1915 TO 2023
WEATHER OBSERVED NORMAL DEPART LAST YEAR`S
VALUE DATE(S) VALUE FROM VALUE DATE(S)
NORMAL
................................................................
TEMPERATURE (F)
RECORD
HIGH 85 03/28/2015
03/10/1989
03/30/1971
LOW -2 03/03/2002
HIGHEST 71 84 03/26
LOWEST 20 7 03/11
AVG. MAXIMUM 59.6 64.5 -4.9 63.6
AVG. MINIMUM 30.5 31.8 -1.3 28.5
MEAN 45.1 48.2 -3.1 46.1
DAYS MAX >= 90 0 0.0 0.0 0
DAYS MAX <= 32 0 0.0 0.0 0
DAYS MIN <= 32 21 18.0 3.0 22
DAYS MIN <= 0 0 0.0 0.0 0
PRECIPITATION (INCHES)
RECORD
MAXIMUM 2.07 1973
MINIMUM 0.00 1997
TOTALS 0.41 0.49 -0.08 0.47
DAILY AVG. 0.01 0.02 -0.01 0.02
DAYS >= .01 6 4.0 2.0 6
DAYS >= .10 1 1.5 -0.5 1
DAYS >= .50 0 0.1 -0.1 0
DAYS >= 1.00 0 0.0 0.0 0
GREATEST
24 HR. TOTAL 0.21 03/21 TO 03/22 0.38
DEGREE DAYS
HEATING TOTAL 611 522 89 578
SINCE 7/1 4078 3908 170 MM
COOLING TOTAL 0 0 0 0
SINCE 1/1 0 0 0 MM
................................................................
WIND (MPH)
AVERAGE WIND SPEED 10.6
HIGHEST WIND SPEED/DIRECTION 40/220 DATE 03/30
HIGHEST GUST SPEED/DIRECTION 54/250 DATE 03/30
SKY COVER
POSSIBLE SUNSHINE (PERCENT) MM
AVERAGE SKY COVER 0.28
NUMBER OF DAYS FAIR 17
NUMBER OF DAYS PC 13
NUMBER OF DAYS CLOUDY 1
AVERAGE RH (PERCENT) 49
WEATHER CONDITIONS. NUMBER OF DAYS WITH
THUNDERSTORM 0 MIXED PRECIP 0
HEAVY RAIN 0 RAIN 0
LIGHT RAIN 10 FREEZING RAIN 0
LT FREEZING RAIN 0 HAIL 0
HEAVY SNOW 0 SNOW 0
LIGHT SNOW 3 SLEET 0
FOG 4 FOG W/VIS <= 1/4 MILE 0
HAZE 0
- INDICATES NEGATIVE NUMBERS.
R INDICATES RECORD WAS SET OR TIED.
MM INDICATES DATA IS MISSING.
T INDICATES TRACE AMOUNT.
$$