000
CXUS55 KFGZ 011211
CLMINW
CLIMATE REPORT
NATIONAL WEATHER SERVICE FLAGSTAFF AZ
511 AM MST FRI DEC 01 2023
...................................
...THE WINSLOW AZ AIRPORT CLIMATE SUMMARY FOR THE MONTH OF NOVEMBER 2023...
CLIMATE NORMAL PERIOD 1991 TO 2020
CLIMATE RECORD PERIOD 1915 TO 2023
WEATHER OBSERVED NORMAL DEPART LAST YEAR`S
VALUE DATE(S) VALUE FROM VALUE DATE(S)
NORMAL
................................................................
TEMPERATURE (F)
RECORD
HIGH 83 11/05/2023
LOW -9 11/29/1919
HIGHEST 83R 73 11/06
LOWEST 17 11 11/17
AVG. MAXIMUM 62.3 60.3 2.0 56.4
AVG. MINIMUM 30.7 28.9 1.8 23.6
MEAN 46.5 44.6 1.9 40.0
DAYS MAX >= 90 0 0.0 0.0 0
DAYS MAX <= 32 0 0.1 -0.1 0
DAYS MIN <= 32 16 21.7 -5.7 25
DAYS MIN <= 0 0 0.0 0.0 0
PRECIPITATION (INCHES)
RECORD
MAXIMUM 2.54 2013
MINIMUM 0.00 2017
TOTALS 0.42 0.48 -0.06 0.06
DAILY AVG. 0.01 0.02 -0.01 0.00
DAYS >= .01 3 3.2 -0.2 2
DAYS >= .10 2 1.4 0.6 0
DAYS >= .50 0 0.2 -0.2 0
DAYS >= 1.00 0 0.0 0.0 0
GREATEST
24 HR. TOTAL 0.23 11/18 TO 11/18 0.06
DEGREE DAYS
HEATING TOTAL 548 612 -64 741
SINCE 7/1 733 890 -157 MM
COOLING TOTAL 0 0 0 0
SINCE 1/1 1400 1329 71 MM
................................................................
WIND (MPH)
AVERAGE WIND SPEED 6.2
HIGHEST WIND SPEED/DIRECTION 35/270 DATE 11/19
HIGHEST GUST SPEED/DIRECTION 45/290 DATE 11/19
SKY COVER
POSSIBLE SUNSHINE (PERCENT) MM
AVERAGE SKY COVER 0.13
NUMBER OF DAYS FAIR 25
NUMBER OF DAYS PC 4
NUMBER OF DAYS CLOUDY 1
AVERAGE RH (PERCENT) 47
WEATHER CONDITIONS. NUMBER OF DAYS WITH
THUNDERSTORM 1 MIXED PRECIP 0
HEAVY RAIN 0 RAIN 1
LIGHT RAIN 5 FREEZING RAIN 0
LT FREEZING RAIN 0 HAIL 0
HEAVY SNOW 0 SNOW 0
LIGHT SNOW 0 SLEET 0
FOG 1 FOG W/VIS <= 1/4 MILE 0
HAZE 4
- INDICATES NEGATIVE NUMBERS.
R INDICATES RECORD WAS SET OR TIED.
MM INDICATES DATA IS MISSING.
T INDICATES TRACE AMOUNT.
$$