000
CDUS43 KDVN 290924
CLIIOW


CLIMATE REPORT
NATIONAL WEATHER SERVICE QUAD CITIES IA IL
423 AM CDT THU SEP 29 2016


...................................

...THE IOWA CITY IA CLIMATE SUMMARY FOR SEPTEMBER 28 2016...

CLIMATE NORMAL PERIOD 1981 TO 2010
CLIMATE RECORD PERIOD 9999 TO 9999


WEATHER ITEM   OBSERVED TIME   RECORD YEAR NORMAL DEPARTURE LAST
                VALUE   (LST)  VALUE       VALUE  FROM      YEAR
                                                  NORMAL
..................................................................
TEMPERATURE (F)
 YESTERDAY
  MAXIMUM         65    439 PM  MM      MM  71     -6       82
  MINIMUM         52    709 AM  MM      MM  47      5       55
  AVERAGE         59                        59      0       69

PRECIPITATION (IN)
  YESTERDAY        T            MM      MM   0.09  -0.09     0.00
  MONTH TO DATE    2.83                      3.21  -0.38     3.32
  SINCE SEP 1      2.83                      3.21  -0.38     3.32
  SINCE JAN 1     28.47                     29.36  -0.89    25.32

DEGREE DAYS
 HEATING
  YESTERDAY        6                         7     -1        0
  MONTH TO DATE   15                        89    -74       32
  SINCE SEP 1     15                        89    -74       32
  SINCE JUL 1     17                        97    -80       45

 COOLING
  YESTERDAY        0                         1     -1        4
  MONTH TO DATE  180                        76    104      188
  SINCE SEP 1    180                        76    104      188
  SINCE JAN 1   1156                       898    258      932
..................................................................


WIND (MPH)
  HIGHEST WIND SPEED    21   HIGHEST WIND DIRECTION     N (350)
  HIGHEST GUST SPEED    25   HIGHEST GUST DIRECTION     N (360)
  AVERAGE WIND SPEED    10.4


SKY COVER
  POSSIBLE SUNSHINE  MM
  AVERAGE SKY COVER 0.7


WEATHER CONDITIONS
 THE FOLLOWING WEATHER WAS RECORDED YESTERDAY.
  LIGHT RAIN


RELATIVE HUMIDITY (PERCENT)
 HIGHEST    86          1000 PM
 LOWEST     52           500 PM
 AVERAGE    69

..........................................................


THE IOWA CITY IA CLIMATE NORMALS FOR TODAY
                         NORMAL    RECORD    YEAR
 MAXIMUM TEMPERATURE (F)   71        MM        MM
 MINIMUM TEMPERATURE (F)   47        MM        MM


SUNRISE AND SUNSET
SEPTEMBER 29 2016.....SUNRISE   701 AM CDT   SUNSET   650 PM CDT
SEPTEMBER 30 2016.....SUNRISE   703 AM CDT   SUNSET   649 PM CDT


-  INDICATES NEGATIVE NUMBERS.
R  INDICATES RECORD WAS SET OR TIED.
MM INDICATES DATA IS MISSING.
T  INDICATES TRACE AMOUNT.




$$
