000
CDUS43 KDVN 282133
CLIIOW


CLIMATE REPORT
NATIONAL WEATHER SERVICE QUAD CITIES IA IL
433 PM CDT TUE JUN 28 2016


...................................

...THE IOWA CITY IA CLIMATE SUMMARY FOR JUNE 28 2016...
VALID TODAY AS OF 0400 PM LOCAL TIME.

CLIMATE NORMAL PERIOD 1981 TO 2010
CLIMATE RECORD PERIOD 9999 TO 9999


WEATHER ITEM   OBSERVED TIME   RECORD YEAR NORMAL DEPARTURE LAST
                VALUE   (LST)  VALUE       VALUE  FROM      YEAR
                                                  NORMAL
..................................................................
TEMPERATURE (F)
 TODAY
  MAXIMUM         77    256 PM  MM      MM  84     -7       74
  MINIMUM         63    439 AM  MM      MM  64     -1       59
  AVERAGE         70                        74     -4       67

PRECIPITATION (IN)
  TODAY            0.00         MM      MM   0.18  -0.18     0.41
  MONTH TO DATE    5.45                      4.26   1.19     5.57
  SINCE JUN 1      5.45                      4.26   1.19     5.57
  SINCE JAN 1     14.06                     16.35  -2.29    15.42

DEGREE DAYS
 HEATING
  TODAY            0                         0      0        0
  MONTH TO DATE    2                        14    -12        7
  SINCE JUN 1      2                        14    -12        7
  SINCE JUL 1   5468                      6375   -907     6728

 COOLING
  TODAY            5                         9     -4        2
  MONTH TO DATE  284                       192     92      187
  SINCE JUN 1    284                       192     92      187
  SINCE JAN 1    356                       253    103      250
..................................................................


WIND (MPH)
  HIGHEST WIND SPEED    15   HIGHEST WIND DIRECTION     N (360)
  HIGHEST GUST SPEED    19   HIGHEST GUST DIRECTION     N (20)
  AVERAGE WIND SPEED     8.5


SKY COVER
  POSSIBLE SUNSHINE  MM
  AVERAGE SKY COVER 0.1


WEATHER CONDITIONS
 THE FOLLOWING WEATHER WAS RECORDED TODAY.
  NO SIGNIFICANT WEATHER WAS OBSERVED.


RELATIVE HUMIDITY (PERCENT)
 HIGHEST    81           200 AM
 LOWEST     50           300 PM
 AVERAGE    66

..........................................................


THE IOWA CITY IA CLIMATE NORMALS FOR TOMORROW
                         NORMAL    RECORD    YEAR
 MAXIMUM TEMPERATURE (F)   84        MM        MM
 MINIMUM TEMPERATURE (F)   64        MM        MM


SUNRISE AND SUNSET
JUNE 28 2016..........SUNRISE   535 AM CDT   SUNSET   845 PM CDT
JUNE 29 2016..........SUNRISE   535 AM CDT   SUNSET   844 PM CDT


-  INDICATES NEGATIVE NUMBERS.
R  INDICATES RECORD WAS SET OR TIED.
MM INDICATES DATA IS MISSING.
T  INDICATES TRACE AMOUNT.




$$
