000
CDUS43 KDVN 300909
CLIIOW


CLIMATE REPORT
NATIONAL WEATHER SERVICE QUAD CITIES IA IL
408 AM CDT SAT JUL 30 2016


...................................

...THE IOWA CITY IA CLIMATE SUMMARY FOR JULY 29 2016...

CLIMATE NORMAL PERIOD 1981 TO 2010
CLIMATE RECORD PERIOD 9999 TO 9999


WEATHER ITEM   OBSERVED TIME   RECORD YEAR NORMAL DEPARTURE LAST
                VALUE   (LST)  VALUE       VALUE  FROM      YEAR
                                                  NORMAL
..................................................................
TEMPERATURE (F)
 YESTERDAY
  MAXIMUM         79    315 PM  MM      MM  84     -5       84
  MINIMUM         67    503 AM  MM      MM  65      2       65
  AVERAGE         73                        74     -1       75

PRECIPITATION (IN)
  YESTERDAY        T            MM      MM   0.13  -0.13     0.11
  MONTH TO DATE    3.34                      4.70  -1.36     2.68
  SINCE JUN 1     10.00                      9.31   0.69     8.56
  SINCE JAN 1     18.61                     21.40  -2.79    18.41

DEGREE DAYS
 HEATING
  YESTERDAY        0                         0      0        0
  MONTH TO DATE    2                         0      2        2
  SINCE JUN 1      4                        17    -13        9
  SINCE JUL 1      2                         0      2        2

 COOLING
  YESTERDAY        8                        10     -2       10
  MONTH TO DATE  283                       290     -7      261
  SINCE JUN 1    571                       501     70      461
  SINCE JAN 1    643                       562     81      524
..................................................................


WIND (MPH)
  HIGHEST WIND SPEED    15   HIGHEST WIND DIRECTION     N (20)
  HIGHEST GUST SPEED    19   HIGHEST GUST DIRECTION     N (10)
  AVERAGE WIND SPEED     7.6


SKY COVER
  POSSIBLE SUNSHINE  MM
  AVERAGE SKY COVER 0.9


WEATHER CONDITIONS
 THE FOLLOWING WEATHER WAS RECORDED YESTERDAY.
  LIGHT RAIN
  FOG


RELATIVE HUMIDITY (PERCENT)
 HIGHEST    90          1200 AM
 LOWEST     71           100 PM
 AVERAGE    81

..........................................................


THE IOWA CITY IA CLIMATE NORMALS FOR TODAY
                         NORMAL    RECORD    YEAR
 MAXIMUM TEMPERATURE (F)   84        MM        MM
 MINIMUM TEMPERATURE (F)   65        MM        MM


SUNRISE AND SUNSET
JULY 30 2016..........SUNRISE   559 AM CDT   SUNSET   825 PM CDT
JULY 31 2016..........SUNRISE   600 AM CDT   SUNSET   824 PM CDT


-  INDICATES NEGATIVE NUMBERS.
R  INDICATES RECORD WAS SET OR TIED.
MM INDICATES DATA IS MISSING.
T  INDICATES TRACE AMOUNT.




$$
