000
CDUS43 KDVN 240919
CLIIOW


CLIMATE REPORT
NATIONAL WEATHER SERVICE QUAD CITIES IA IL
416 AM CDT TUE MAY 24 2016


...................................

...THE IOWA CITY IA CLIMATE SUMMARY FOR MAY 23 2016...

CLIMATE NORMAL PERIOD 1981 TO 2010
CLIMATE RECORD PERIOD 9999 TO 9999


WEATHER ITEM   OBSERVED TIME   RECORD YEAR NORMAL DEPARTURE LAST
                VALUE   (LST)  VALUE       VALUE  FROM      YEAR
                                                  NORMAL
..................................................................
TEMPERATURE (F)
 YESTERDAY
  MAXIMUM         85    341 PM  MM      MM  75     10       78
  MINIMUM         54    215 AM  MM      MM  54      0       53
  AVERAGE         70                        64      6       66

PRECIPITATION (IN)
  YESTERDAY        0.00         MM      MM   0.15  -0.15     0.00
  MONTH TO DATE    2.21                      3.23  -1.02     3.26
  SINCE MAR 1      6.41                      8.95  -2.54     6.89
  SINCE JAN 1      7.16                     11.11  -3.95     8.47

DEGREE DAYS
 HEATING
  YESTERDAY        0                         4     -4        0
  MONTH TO DATE  173                       148     25      117
  SINCE MAR 1   1255                      1391   -136     1345
  SINCE JUL 1   5466                      6341   -875     6710

 COOLING
  YESTERDAY        5                         3      2        1
  MONTH TO DATE    6                        30    -24       35
  SINCE MAR 1     12                        34    -22       35
  SINCE JAN 1     12                        34    -22       35
..................................................................


WIND (MPH)
  HIGHEST WIND SPEED    22   HIGHEST WIND DIRECTION     S (180)
  HIGHEST GUST SPEED    28   HIGHEST GUST DIRECTION     S (200)
  AVERAGE WIND SPEED     8.0


SKY COVER
  POSSIBLE SUNSHINE  MM
  AVERAGE SKY COVER 0.0


WEATHER CONDITIONS
 THE FOLLOWING WEATHER WAS RECORDED YESTERDAY.
  NO SIGNIFICANT WEATHER WAS OBSERVED.


RELATIVE HUMIDITY (PERCENT)
 HIGHEST    83           200 AM
 LOWEST     27           100 PM
 AVERAGE    55

..........................................................


THE IOWA CITY IA CLIMATE NORMALS FOR TODAY
                         NORMAL    RECORD    YEAR
 MAXIMUM TEMPERATURE (F)   75        MM        MM
 MINIMUM TEMPERATURE (F)   54        MM        MM


SUNRISE AND SUNSET
MAY 24 2016...........SUNRISE   539 AM CDT   SUNSET   828 PM CDT
MAY 25 2016...........SUNRISE   538 AM CDT   SUNSET   829 PM CDT


-  INDICATES NEGATIVE NUMBERS.
R  INDICATES RECORD WAS SET OR TIED.
MM INDICATES DATA IS MISSING.
T  INDICATES TRACE AMOUNT.




$$
