000
CDUS43 KDVN 071018
CLIIOW


CLIMATE REPORT
NATIONAL WEATHER SERVICE QUAD CITIES IA IL
416 AM CST WED DEC 7 2016


...................................

...THE IOWA CITY IA CLIMATE SUMMARY FOR DECEMBER 6 2016...

CLIMATE NORMAL PERIOD 1981 TO 2010
CLIMATE RECORD PERIOD 9999 TO 9999


WEATHER ITEM   OBSERVED TIME   RECORD YEAR NORMAL DEPARTURE LAST
                VALUE   (LST)  VALUE       VALUE  FROM      YEAR
                                                  NORMAL
..................................................................
TEMPERATURE (F)
 YESTERDAY
  MAXIMUM         36    734 AM  MM      MM  36      0       40
  MINIMUM         25   1159 PM  MM      MM  20      5       27
  AVERAGE         31                        28      3       34

PRECIPITATION (IN)
  YESTERDAY        0.00         MM      MM   0.07  -0.07     0.01
  MONTH TO DATE    0.38                      0.42  -0.04     0.03
  SINCE DEC 1      0.38                      0.42  -0.04     0.03
  SINCE JAN 1     32.09                     35.18  -3.09    34.33

DEGREE DAYS
 HEATING
  YESTERDAY       34                        37     -3       31
  MONTH TO DATE  180                       213    -33      180
  SINCE DEC 1    180                       213    -33      180
  SINCE JUL 1    982                      1520   -538     1230

 COOLING
  YESTERDAY        0                         0      0        0
  MONTH TO DATE    0                         0      0        0
  SINCE DEC 1      0                         0      0        0
  SINCE JAN 1   1192                       912    280      934
..................................................................


WIND (MPH)
  HIGHEST WIND SPEED    23   HIGHEST WIND DIRECTION     W (280)
  HIGHEST GUST SPEED    29   HIGHEST GUST DIRECTION     W (280)
  AVERAGE WIND SPEED    10.2


SKY COVER
  POSSIBLE SUNSHINE  MM
  AVERAGE SKY COVER 0.5


WEATHER CONDITIONS
 THE FOLLOWING WEATHER WAS RECORDED YESTERDAY.
  FOG


RELATIVE HUMIDITY (PERCENT)
 HIGHEST    92           500 AM
 LOWEST     59           300 PM
 AVERAGE    76

..........................................................


THE IOWA CITY IA CLIMATE NORMALS FOR TODAY
                         NORMAL    RECORD    YEAR
 MAXIMUM TEMPERATURE (F)   36        MM        MM
 MINIMUM TEMPERATURE (F)   20        MM        MM


SUNRISE AND SUNSET
DECEMBER  7 2016......SUNRISE   720 AM CST   SUNSET   436 PM CST
DECEMBER  8 2016......SUNRISE   721 AM CST   SUNSET   436 PM CST


-  INDICATES NEGATIVE NUMBERS.
R  INDICATES RECORD WAS SET OR TIED.
MM INDICATES DATA IS MISSING.
T  INDICATES TRACE AMOUNT.




$$
