000
CDUS43 KDVN 252122
CLIIOW


CLIMATE REPORT
NATIONAL WEATHER SERVICE QUAD CITIES IA IL
421 PM CDT SAT OCT 25 2014


...................................

...THE IOWA CITY IA CLIMATE SUMMARY FOR OCTOBER 25 2014...
VALID TODAY AS OF 0400 PM LOCAL TIME.

CLIMATE NORMAL PERIOD 1981 TO 2010
CLIMATE RECORD PERIOD 9999 TO 9999


WEATHER ITEM   OBSERVED TIME   RECORD YEAR NORMAL DEPARTURE LAST
                VALUE   (LST)  VALUE       VALUE  FROM      YEAR
                                                  NORMAL
..................................................................
TEMPERATURE (F)
 TODAY
  MAXIMUM         70    259 PM  MM      MM  59     11       55
  MINIMUM         45    512 AM  MM      MM  39      6       23
  AVERAGE         58                        49      9       39

PRECIPITATION (IN)
  TODAY            0.00         MM      MM   0.09  -0.09     0.00
  MONTH TO DATE    2.94                      2.30   0.64     1.77
  SINCE SEP 1      8.81                      5.69   3.12     3.70
  SINCE JAN 1     36.24                     31.84   4.40    31.96

DEGREE DAYS
 HEATING
  TODAY            7                        16     -9       26
  MONTH TO DATE  320                       307     13      321
  SINCE SEP 1    441                       411     30      378
  SINCE JUL 1    453                       419     34      387

 COOLING
  TODAY            0                         0      0        0
  MONTH TO DATE    0                        10    -10       23
  SINCE SEP 1     62                        90    -28      196
  SINCE JAN 1    778                       912   -134     1064
..................................................................


WIND (MPH)
  HIGHEST WIND SPEED    16   HIGHEST WIND DIRECTION    NW (330)
  HIGHEST GUST SPEED    22   HIGHEST GUST DIRECTION    NW (310)
  AVERAGE WIND SPEED     5.8


SKY COVER
  POSSIBLE SUNSHINE  MM
  AVERAGE SKY COVER 0.4


WEATHER CONDITIONS
 THE FOLLOWING WEATHER WAS RECORDED TODAY.
  FOG
  FOG W/VISIBILITY <= 1/4 MILE


RELATIVE HUMIDITY (PERCENT)
 HIGHEST   100          1200 AM
 LOWEST     28           300 PM
 AVERAGE    64

..........................................................


THE IOWA CITY IA CLIMATE NORMALS FOR TOMORROW
                         NORMAL    RECORD    YEAR
 MAXIMUM TEMPERATURE (F)   58        MM        MM
 MINIMUM TEMPERATURE (F)   38        MM        MM


SUNRISE AND SUNSET
OCTOBER 25 2014.......SUNRISE   730 AM CDT   SUNSET   610 PM CDT
OCTOBER 26 2014.......SUNRISE   731 AM CDT   SUNSET   609 PM CDT


-  INDICATES NEGATIVE NUMBERS.
R  INDICATES RECORD WAS SET OR TIED.
MM INDICATES DATA IS MISSING.
T  INDICATES TRACE AMOUNT.




$$
