000
CDUS43 KDVN 010919
CLIIOW


CLIMATE REPORT
NATIONAL WEATHER SERVICE QUAD CITIES IA IL
417 AM CDT WED APR 1 2015


...................................

...THE IOWA CITY IA CLIMATE SUMMARY FOR MARCH 31 2015...

CLIMATE NORMAL PERIOD 1981 TO 2010
CLIMATE RECORD PERIOD 9999 TO 9999


WEATHER ITEM   OBSERVED TIME   RECORD YEAR NORMAL DEPARTURE LAST
                VALUE   (LST)  VALUE       VALUE  FROM      YEAR
                                                  NORMAL
..................................................................
TEMPERATURE (F)
 YESTERDAY
  MAXIMUM         71    319 PM  MM      MM  56     15       69
  MINIMUM         37    548 AM  MM      MM  35      2       33
  AVERAGE         54                        46      8       51

PRECIPITATION (IN)
  YESTERDAY        0.00         MM      MM   0.07  -0.07     0.05
  MONTH TO DATE    0.53                      2.22  -1.69     0.63
  SINCE MAR 1      0.53                      2.22  -1.69     0.63
  SINCE JAN 1      2.11                      4.38  -2.27     2.46

DEGREE DAYS
 HEATING
  YESTERDAY       11                        19     -8       14
  MONTH TO DATE  844                       817     27     1043
  SINCE MAR 1    844                       817     27     1043
  SINCE JUL 1   6209                      5767    442     6836

 COOLING
  YESTERDAY        0                         0      0        0
  MONTH TO DATE    0                         0      0        0
  SINCE MAR 1      0                         0      0        0
  SINCE JAN 1      0                         0      0        0
..................................................................


WIND (MPH)
  HIGHEST WIND SPEED    21   HIGHEST WIND DIRECTION    NW (310)
  HIGHEST GUST SPEED    28   HIGHEST GUST DIRECTION    NW (320)
  AVERAGE WIND SPEED     8.2


SKY COVER
  POSSIBLE SUNSHINE  MM
  AVERAGE SKY COVER 0.0


WEATHER CONDITIONS
 THE FOLLOWING WEATHER WAS RECORDED YESTERDAY.
  NO SIGNIFICANT WEATHER WAS OBSERVED.


RELATIVE HUMIDITY (PERCENT)
 HIGHEST    85           600 AM
 LOWEST     22           200 PM
 AVERAGE    54

..........................................................


THE IOWA CITY IA CLIMATE NORMALS FOR TODAY
                         NORMAL    RECORD    YEAR
 MAXIMUM TEMPERATURE (F)   57        MM        MM
 MINIMUM TEMPERATURE (F)   35        MM        MM


SUNRISE AND SUNSET
APRIL  1 2015.........SUNRISE   650 AM CDT   SUNSET   731 PM CDT
APRIL  2 2015.........SUNRISE   648 AM CDT   SUNSET   732 PM CDT


-  INDICATES NEGATIVE NUMBERS.
R  INDICATES RECORD WAS SET OR TIED.
MM INDICATES DATA IS MISSING.
T  INDICATES TRACE AMOUNT.




$$
