000
CDUS43 KDVN 180906
CLIIOW


CLIMATE REPORT
NATIONAL WEATHER SERVICE QUAD CITIES IA IL
405 AM CDT FRI APR 18 2014


...................................

...THE IOWA CITY IA CLIMATE SUMMARY FOR APRIL 17 2014...

CLIMATE NORMAL PERIOD 1981 TO 2010
CLIMATE RECORD PERIOD 9999 TO 9999


WEATHER ITEM   OBSERVED TIME   RECORD YEAR NORMAL DEPARTURE LAST
                VALUE   (LST)  VALUE       VALUE  FROM      YEAR
                                                  NORMAL
..................................................................
TEMPERATURE (F)
 YESTERDAY
  MAXIMUM         52    413 PM  MM      MM  62    -10       53
  MINIMUM         36    558 AM  MM      MM  41     -5       41
  AVERAGE         44                        52     -8       47

PRECIPITATION (IN)
  YESTERDAY        0.00         MM      MM   0.13  -0.13     3.98
  MONTH TO DATE    2.25                      1.65   0.60     7.49
  SINCE MAR 1      2.88                      3.87  -0.99     9.92
  SINCE JAN 1      4.71                      6.03  -1.32    12.37

DEGREE DAYS
 HEATING
  YESTERDAY       21                        14      7       18
  MONTH TO DATE  324                       278     46      330
  SINCE MAR 1   1367                      1095    272     1384
  SINCE JUL 1   7160                      6045   1115     6070

 COOLING
  YESTERDAY        0                         0      0        0
  MONTH TO DATE    2                         0      2        0
  SINCE MAR 1      2                         0      2        0
  SINCE JAN 1      2                         0      2        0
..................................................................


WIND (MPH)
  HIGHEST WIND SPEED    24   HIGHEST WIND DIRECTION     W (280)
  HIGHEST GUST SPEED    32   HIGHEST GUST DIRECTION     W (280)
  AVERAGE WIND SPEED    11.3


SKY COVER
  POSSIBLE SUNSHINE  MM
  AVERAGE SKY COVER 0.4


WEATHER CONDITIONS
 THE FOLLOWING WEATHER WAS RECORDED YESTERDAY.
  NO SIGNIFICANT WEATHER WAS OBSERVED.


RELATIVE HUMIDITY (PERCENT)
 HIGHEST    89           600 AM
 LOWEST     46          1200 AM
 AVERAGE    68

..........................................................


THE IOWA CITY IA CLIMATE NORMALS FOR TODAY
                         NORMAL    RECORD    YEAR
 MAXIMUM TEMPERATURE (F)   63        MM        MM
 MINIMUM TEMPERATURE (F)   41        MM        MM


SUNRISE AND SUNSET
APRIL 18 2014.........SUNRISE   622 AM CDT   SUNSET   750 PM CDT
APRIL 19 2014.........SUNRISE   620 AM CDT   SUNSET   751 PM CDT


-  INDICATES NEGATIVE NUMBERS.
R  INDICATES RECORD WAS SET OR TIED.
MM INDICATES DATA IS MISSING.
T  INDICATES TRACE AMOUNT.




$$
