000
CDUS43 KDVN 050941
CLIIOW


CLIMATE REPORT
NATIONAL WEATHER SERVICE QUAD CITIES IA IL
441 AM CDT TUE MAY 5 2015


...................................

...THE IOWA CITY IA CLIMATE SUMMARY FOR MAY 4 2015...

CLIMATE NORMAL PERIOD 1981 TO 2010
CLIMATE RECORD PERIOD 9999 TO 9999


WEATHER ITEM   OBSERVED TIME   RECORD YEAR NORMAL DEPARTURE LAST
                VALUE   (LST)  VALUE       VALUE  FROM      YEAR
                                                  NORMAL
..................................................................
TEMPERATURE (F)
 YESTERDAY
  MAXIMUM         74    157 PM  MM      MM  68      6       61
  MINIMUM         59    610 AM  MM      MM  46     13       45
  AVERAGE         67                        57     10       53

PRECIPITATION (IN)
  YESTERDAY        1.45         MM      MM   0.15   1.30      T
  MONTH TO DATE    1.69                      0.60   1.09     0.02
  SINCE MAR 1      5.32                      6.32  -1.00     6.47
  SINCE JAN 1      6.90                      8.48  -1.58     8.30

DEGREE DAYS
 HEATING
  YESTERDAY        0                         9     -9       12
  MONTH TO DATE   16                        36    -20       49
  SINCE MAR 1   1244                      1279    -35     1568
  SINCE JUL 1   6609                      6229    380     7361

 COOLING
  YESTERDAY        2                         1      1        0
  MONTH TO DATE    6                         1      5        0
  SINCE MAR 1      6                         5      1        3
  SINCE JAN 1      6                         5      1        3
..................................................................


WIND (MPH)
  HIGHEST WIND SPEED    16   HIGHEST WIND DIRECTION    NE (40)
  HIGHEST GUST SPEED    22   HIGHEST GUST DIRECTION     E (80)
  AVERAGE WIND SPEED     8.8


SKY COVER
  POSSIBLE SUNSHINE  MM
  AVERAGE SKY COVER 0.8


WEATHER CONDITIONS
 THE FOLLOWING WEATHER WAS RECORDED YESTERDAY.
  THUNDERSTORM
  HEAVY RAIN
  RAIN
  LIGHT RAIN
  FOG


RELATIVE HUMIDITY (PERCENT)
 HIGHEST    97           700 AM
 LOWEST     68           200 PM
 AVERAGE    83

..........................................................


THE IOWA CITY IA CLIMATE NORMALS FOR TODAY
                         NORMAL    RECORD    YEAR
 MAXIMUM TEMPERATURE (F)   68        MM        MM
 MINIMUM TEMPERATURE (F)   47        MM        MM


SUNRISE AND SUNSET
MAY  5 2015...........SUNRISE   558 AM CDT   SUNSET   808 PM CDT
MAY  6 2015...........SUNRISE   557 AM CDT   SUNSET   809 PM CDT


-  INDICATES NEGATIVE NUMBERS.
R  INDICATES RECORD WAS SET OR TIED.
MM INDICATES DATA IS MISSING.
T  INDICATES TRACE AMOUNT.




$$
