000
CDUS43 KDVN 220920
CLIIOW


CLIMATE REPORT
NATIONAL WEATHER SERVICE QUAD CITIES IA IL
420 AM CDT FRI AUG 22 2014


...................................

...THE IOWA CITY IA CLIMATE SUMMARY FOR AUGUST 21 2014...

CLIMATE NORMAL PERIOD 1981 TO 2010
CLIMATE RECORD PERIOD 9999 TO 9999


WEATHER ITEM   OBSERVED TIME   RECORD YEAR NORMAL DEPARTURE LAST
                VALUE   (LST)  VALUE       VALUE  FROM      YEAR
                                                  NORMAL
..................................................................
TEMPERATURE (F)
 YESTERDAY
  MAXIMUM         82    521 PM  MM      MM  82      0       91
  MINIMUM         70    140 AM  MM      MM  62      8       67
  AVERAGE         76                        72      4       79

PRECIPITATION (IN)
  YESTERDAY        0.14         MM      MM   0.15  -0.01     0.00
  MONTH TO DATE    0.95                      3.03  -2.08     0.04
  SINCE JUN 1     13.71                     12.59   1.12     6.98
  SINCE JAN 1     24.76                     24.68   0.08    28.22

DEGREE DAYS
 HEATING
  YESTERDAY        0                         0      0        0
  MONTH TO DATE    0                         0      0        1
  SINCE JUN 1     16                        19     -3       30
  SINCE JUL 1     12                         2     10        9

 COOLING
  YESTERDAY       11                         7      4       14
  MONTH TO DATE  140                       180    -40      140
  SINCE JUN 1    518                       697   -179      622
  SINCE JAN 1    607                       758   -151      709
..................................................................


WIND (MPH)
  HIGHEST WIND SPEED    15   HIGHEST WIND DIRECTION    SE (150)
  HIGHEST GUST SPEED    19   HIGHEST GUST DIRECTION    SE (150)
  AVERAGE WIND SPEED     3.9


SKY COVER
  POSSIBLE SUNSHINE  MM
  AVERAGE SKY COVER 0.5


WEATHER CONDITIONS
 THE FOLLOWING WEATHER WAS RECORDED YESTERDAY.
  THUNDERSTORM
  HEAVY RAIN
  LIGHT RAIN
  FOG
  FOG W/VISIBILITY <= 1/4 MILE
  HAZE


RELATIVE HUMIDITY (PERCENT)
 HIGHEST   100          1200 AM
 LOWEST     79          1000 AM
 AVERAGE    90

..........................................................


THE IOWA CITY IA CLIMATE NORMALS FOR TODAY
                         NORMAL    RECORD    YEAR
 MAXIMUM TEMPERATURE (F)   82        MM        MM
 MINIMUM TEMPERATURE (F)   62        MM        MM


SUNRISE AND SUNSET
AUGUST 22 2014........SUNRISE   622 AM CDT   SUNSET   755 PM CDT
AUGUST 23 2014........SUNRISE   623 AM CDT   SUNSET   754 PM CDT


-  INDICATES NEGATIVE NUMBERS.
R  INDICATES RECORD WAS SET OR TIED.
MM INDICATES DATA IS MISSING.
T  INDICATES TRACE AMOUNT.




$$
