000
CXUS53 KDVN 011128
CLMIOW
CLIMATE REPORT
NATIONAL WEATHER SERVICE QUAD CITIES IA IL
628 AM CDT MON MAY 01 2023
...................................
...THE IOWA CITY IA CLIMATE SUMMARY FOR THE MONTH OF APRIL 2023...
CLIMATE NORMAL PERIOD 1991 TO 2020
CLIMATE RECORD PERIOD 9999 TO 9999
WEATHER OBSERVED NORMAL DEPART LAST YEAR`S
VALUE DATE(S) VALUE FROM VALUE
NORMAL
..............................................................
TEMPERATURE (F)
HIGHEST 84 04/14 66 18
LOWEST 24 04/06 35 -11
AVG. MAXIMUM 65.1 62.6 2.5
AVG. MINIMUM 36.7 40.1 -3.4
MEAN 50.9 51.4 -0.5
DAYS MAX >= 90 0
DAYS MAX <= 32 0
DAYS MIN <= 32 10
DAYS MIN <= 0 0
PRECIPITATION (INCHES)
TOTALS 1.48 3.76 -2.28
DAILY AVG. 0.05 0.13 -0.08
DAYS >= .01 5
DAYS >= .10 3
DAYS >= .50 2
DAYS >= 1.00 0
GREATEST
24 HR. TOTAL 0.77 04/15 TO 04/16
DEGREE DAYS
HEATING TOTAL 420 416 4
SINCE 7/1 5807 5952 -145
COOLING TOTAL 3 6 -3
SINCE 1/1 3 8 -5
..............................................................
WIND (MPH)
AVERAGE WIND SPEED 10.3
HIGHEST WIND SPEED/DIRECTION 35/270 DATE 04/20
HIGHEST GUST SPEED/DIRECTION 54/300 DATE 04/17
SKY COVER
POSSIBLE SUNSHINE (PERCENT) MM
AVERAGE SKY COVER 0.36
NUMBER OF DAYS FAIR 15
NUMBER OF DAYS PC 9
NUMBER OF DAYS CLOUDY 6
AVERAGE RH (PERCENT) 59
WEATHER CONDITIONS. NUMBER OF DAYS WITH
THUNDERSTORM 6 HAIL 0
SLEET 0 FOG 7
FOG W/VIS <= 1/4 MILE 0 HAZE 4
- INDICATES NEGATIVE NUMBERS.
R INDICATES RECORD WAS SET OR TIED.
MM INDICATES DATA IS MISSING.
T INDICATES TRACE AMOUNT.
$$