000
CXUS53 KDVN 011430
CLSIOW


CLIMATE REPORT
NATIONAL WEATHER SERVICE QUAD CITIES IA IL
930 AM CDT WED JUN 1 2016

...................................

...THE IOWA CITY IA CLIMATE SUMMARY FOR THE SEASON, FROM
3/1/2016 TO 5/31/2016...

CLIMATE NORMAL PERIOD 1981 TO 2010
CLIMATE RECORD PERIOD 9999 TO 9999

WEATHER         OBSERVED          NORMAL  DEPART
                 VALUE   DATE(S)  VALUE   FROM
                                          NORMAL
................................................
TEMPERATURE (F)
HIGHEST            86   05/30        77       9
                        05/26
LOWEST             11   03/02        23     -12
AVG. MAXIMUM     62.6              60.6     2.0
AVG. MINIMUM     41.1              40.1     1.0
MEAN             51.9              50.3     1.6
DAYS MAX >= 90      0
DAYS MAX <= 32      1
DAYS MIN <= 32     23
DAYS MIN <= 0       0

PRECIPITATION (INCHES)
TOTALS           7.86              9.93   -2.07
DAILY AVG.       0.09              0.11   -0.02
DAYS >= .01        38
DAYS >= .10        19
DAYS >= .50         5
DAYS >= 1.00        1
GREATEST
 24 HR. TOTAL    1.59   05/09 TO 05/10

DEGREE_DAYS
HEATING TOTAL    1255              1411    -156
 SINCE 7/1       5466              6361    -895
COOLING TOTAL      72                61      11
 SINCE 1/1         72                61      11
.................................................

WIND (MPH)
AVERAGE WIND SPEED              8.9
HIGHEST WIND SPEED/DIRECTION    40/270    DATE  04/03
HIGHEST GUST SPEED/DIRECTION    70/280    DATE  04/03

SKY COVER
POSSIBLE SUNSHINE (PERCENT)   MM
AVERAGE SKY COVER           0.40
NUMBER OF DAYS FAIR           44
NUMBER OF DAYS PC             24
NUMBER OF DAYS CLOUDY         24

AVERAGE RH (PERCENT)     68

WEATHER CONDITIONS. NUMBER OF DAYS WITH
THUNDERSTORM             15     HAIL                       0
SLEET                     0     FOG                       38
FOG W/VIS <= 1/4 MILE     4     HAZE                       8

-  INDICATES NEGATIVE NUMBERS.
R  INDICATES RECORD WAS SET OR TIED.
MM INDICATES DATA IS MISSING.
T  INDICATES TRACE AMOUNT.

$$
