000
CXUS55 KPSR 011005
CF6IPL
PRELIMINARY LOCAL CLIMATOLOGICAL DATA (WS FORM: F-6)
STATION: IMPERIAL CA
MONTH: JULY
YEAR: 2023
LATITUDE: 32 50 N
LONGITUDE: 115 35 W
TEMPERATURE IN F: :PCPN: SNOW: WIND :SUNSHINE: SKY :PK WND
================================================================================
1 2 3 4 5 6A 6B 7 8 9 10 11 12 13 14 15 16 17 18
12Z AVG MX 2MIN
DY MAX MIN AVG DEP HDD CDD WTR SNW DPTH SPD SPD DIR MIN PSBL S-S WX SPD DR
================================================================================
1 113 76 95 4 0 30 0.00 M M 5.3 12 260 M M 0 15 240
2 114 76 95 4 0 30 0.00 M M 7.9 16 130 M M 0 22 120
3 114 76 95 3 0 30 0.00 M M 7.5 17 270 M M 0 28 270
4 113 78 96 4 0 31 0.00 M M 13.1 28 250 M M 0 36 260
5 106 71 89 -3 0 24 0.00 0.0 0 8.9 17 280 M M 1 25 280
6 109 74 92 0 0 27 0.00 0.0 0 13.3 29 260 M M 0 8 42 260
7 108 78 93 1 0 28 0.00 M M 11.5 22 280 M M 0 31 280
8 106 70 88 -4 0 23 0.00 M M 6.7 14 290 M M 0 21 270
9 105 74 90 -2 0 25 0.00 0.0 0 5.3 15 130 M M 0 21 140
10 107 77 92 -1 0 27 0.00 0.0 0 6.0 15 140 M M 0 20 130
11 110 83 97 4 0 32 0.00 M M 8.6 23 270 M M 0 32 260
12 113 85 99 6 0 34 0.00 M M 13.2 24 250 M M 0 34 270
13 113 86 100 7 0 35 0.00 M M 8.8 21 250 M M 1 29 250
14 112 84 98 5 0 33 0.00 M M 6.1 12 280 M M 1 16 110
15 116 85 101 8 0 36 0.00 M M 5.9 14 160 M M 2 18 140
16 115 88 102 9 0 37 0.00 M M 10.2 22 140 M M 0 29 150
17 114 86 100 6 0 35 0.00 M M 7.7 21 130 M M 2 8 26 140
18 117 88 103 9 0 38 0.00 M M 9.1 25 260 M M 2 33 260
19 115 84 100 6 0 35 0.00 M M 6.9 18 230 M M 2 29 170
20 118 85 102 8 0 37 0.00 M M 6.1 15 250 M M 2 20 260
21 M 87 M M M M 0.00 M M 8.9 12 120 M M 0 35 150
22 M M M M M M 0.00 M M M M M M M M M M
23 M M M M M M M M M M M M M M M M M
24 M M M M M M 0.00 M M M M M M M M M M
25 115 87 101 7 0 36 0.00 M M 8.3 22 150 M M 4 34 150
26 115 88 102 8 0 37 0.00 M M 8.8 18 120 M M 3 24 170
27 113 85 99 5 0 34 0.00 M M 7.5 20 120 M M 1 25 120
28 113 86 100 6 0 35 0.00 M M 8.4 20 140 M M 2 24 140
29 113 88 101 7 0 36 0.00 M M 8.4 17 160 M M 2 21 150
30 111 88 100 6 0 35 0.00 M M 7.3 25 160 M M 2 34 160
31 M M M M M M M M M M 41 130 M M 5 38 66 130
================================================================================
SM 2918 2213 0 840 0.00 0.0 225.7 M 32
================================================================================
AV112.2 82.0 8.4 FASTST M M 1 MAX(MPH)
MISC ----> 41 130 66 130
================================================================================
NOTES:
# LAST OF SEVERAL OCCURRENCES
COLUMN 17 PEAK WIND IN M.P.H.
PRELIMINARY LOCAL CLIMATOLOGICAL DATA (WS FORM: F-6) , PAGE 2
STATION: IMPERIAL CA
MONTH: JULY
YEAR: 2023
LATITUDE: 32 50 N
LONGITUDE: 115 35 W
[TEMPERATURE DATA] [PRECIPITATION DATA] SYMBOLS USED IN COLUMN 16
AVERAGE MONTHLY: 97.1 TOTAL FOR MONTH: 0.00 1 = FOG OR MIST
DPTR FM NORMAL: 4.0 DPTR FM NORMAL: -0.11 2 = FOG REDUCING VISIBILITY
HIGHEST: 118 ON 20 GRTST 24HR T ON 6- 6 TO 1/4 MILE OR LESS
LOWEST: 70 ON 8 3 = THUNDER
SNOW, ICE PELLETS, HAIL 4 = ICE PELLETS
TOTAL MONTH: 0.0 INCH 5 = HAIL
GRTST 24HR 0.0 6 = FREEZING RAIN OR DRIZZLE
GRTST DEPTH: 0 7 = DUSTSTORM OR SANDSTORM:
VSBY 1/2 MILE OR LESS
8 = SMOKE OR HAZE
[NO. OF DAYS WITH] [WEATHER - DAYS WITH] 9 = BLOWING SNOW
X = TORNADO
MAX 32 OR BELOW: 0 0.01 INCH OR MORE: 0
MAX 90 OR ABOVE: 26 0.10 INCH OR MORE: 0
MIN 32 OR BELOW: 0 0.50 INCH OR MORE: 0
MIN 0 OR BELOW: 0 1.00 INCH OR MORE: 0
[HDD (BASE 65) ]
TOTAL THIS MO. 0 CLEAR (SCALE 0-3) 26
DPTR FM NORMAL 0 PTCLDY (SCALE 4-7) 2
TOTAL FM JUL 1 0 CLOUDY (SCALE 8-10) 3
DPTR FM NORMAL 0
[CDD (BASE 65) ]
TOTAL THIS MO. 840
DPTR FM NORMAL -31 [PRESSURE DATA]
TOTAL FM JAN 1 2046 HIGHEST SLP M ON M
DPTR FM NORMAL -182 LOWEST SLP 29.56 ON 7
[REMARKS]
#FINAL-07-23#