000
CXUS51 KCTP 010900
CF6IPT
PRELIMINARY LOCAL CLIMATOLOGICAL DATA (WS FORM: F-6)
STATION: WILLIAMSPORT PA
MONTH: FEBRUARY
YEAR: 2023
LATITUDE: 41 15 N
LONGITUDE: 76 55 W
TEMPERATURE IN F: :PCPN: SNOW: WIND :SUNSHINE: SKY :PK WND
================================================================================
1 2 3 4 5 6A 6B 7 8 9 10 11 12 13 14 15 16 17 18
12Z AVG MX 2MIN
DY MAX MIN AVG DEP HDD CDD WTR SNW DPTH SPD SPD DIR MIN PSBL S-S WX SPD DR
================================================================================
1 34 19 27 -1 38 0 0.00 0.0 0 5.4 16 250 M M 1 19 250
2 40 17 29 1 36 0 0.00 0.0 0 3.8 16 240 M M 0 20 250
3 35 11 23 -5 42 0 T T 0 18.3 32 280 M M 7 8 45 300
4 26 4 15 -13 50 0 0.00 0.0 0 7.8 20 150 M M 4 31 140
5 44 20 32 4 33 0 0.00 0.0 0 4.9 15 70 M M 2 18 70
6 43 26 35 7 30 0 0.00 0.0 0 4.7 16 330 M M 9 22 320
7 43 19 31 3 34 0 0.01 0.0 0 3.7 16 60 M M 3 1 25 70
8 52 28 40 11 25 0 0.00 0.0 0 3.8 13 240 M M 3 18 18 250
9 58 27 43 14 22 0 0.03 0.0 0 7.3 24 160 M M 7 16 32 140
10 56 37 47 18 18 0 T 0.0 0 13.3 25 260 M M 8 1 37 270
11 44 27 36 7 29 0 0.00 0.0 0 7.2 26 290 M M 4 35 300
12 47 22 35 6 30 0 0.00 0.0 0 1.0 6 200 M M 0 7 180
13 57 24 41 11 24 0 0.00 0.0 0 8.7 24 280 M M 1 34 280
14 55 30 43 13 22 0 0.00 0.0 0 6.4 16 290 M M 0 20 300
15 72 40 56 26 9 0 0.00 0.0 0 9.5 22 230 M M 3 30 180
16 55 36 46 16 19 0 0.10 0.0 0 1.2 8 60 M M 1 M M
17 54 28 41 11 24 0 0.06 0.0 0 14.7 29 260 M M 10 41 260
18 45 21 33 2 32 0 0.00 0.0 0 8.1 21 310 M M 1 29 310
19 53 27 40 9 25 0 0.00 0.0 0 6.0 23 170 M M 0 32 160
20 61 30 46 15 19 0 0.01 0.0 0 5.2 23 250 M M 7 32 270
21 50 29 40 8 25 0 0.20 0.0 0 6.5 32 270 M M 9 1 42 270
22 37 25 31 -1 34 0 0.43 0.7 0 7.5 21 60 M M 8 16 27 70
23 58 37 48 16 17 0 0.02 0.0 0 5.1 15 60 M M 10 18 20 360
24 56 24 40 8 25 0 0.00 0.0 0 15.9 30 300 M M 2 42 300
25 35 21 28 -5 37 0 0.04 1.2 0 3.3 12 150 M M 4 15 140
26 54 18 36 3 29 0 0.00 0.0 T 7.8 29 290 M M 1 42 300
27 44 26 35 2 30 0 0.38 1.3 0 9.6 23 110 M M 4 14 34 120
28 47 29 38 5 27 0 0.05 0.0 1 6.7 17 90 M M 6 1 24 90
================================================================================
SM 1355 702 785 0 1.33 3.2 203.4 M 115
================================================================================
AV 48.4 25.1 7.3 FASTST M M 4 MAX(MPH)
MISC ----> # 32 280 45 300
================================================================================
NOTES:
# LAST OF SEVERAL OCCURRENCES
COLUMN 17 PEAK WIND IN M.P.H.
PRELIMINARY LOCAL CLIMATOLOGICAL DATA (WS FORM: F-6) , PAGE 2
STATION: WILLIAMSPORT PA
MONTH: FEBRUARY
YEAR: 2023
LATITUDE: 41 15 N
LONGITUDE: 76 55 W
[TEMPERATURE DATA] [PRECIPITATION DATA] SYMBOLS USED IN COLUMN 16
AVERAGE MONTHLY: 36.7 TOTAL FOR MONTH: 1.33 1 = FOG OR MIST
DPTR FM NORMAL: 6.6 DPTR FM NORMAL: -0.98 2 = FOG REDUCING VISIBILITY
HIGHEST: 72 ON 15 GRTST 24HR 0.43 ON 22-22 TO 1/4 MILE OR LESS
LOWEST: 4 ON 4 3 = THUNDER
SNOW, ICE PELLETS, HAIL 4 = ICE PELLETS
TOTAL MONTH: 3.2 INCHES 5 = HAIL
GRTST 24HR 1.3 ON 27-27 6 = FREEZING RAIN OR DRIZZLE
GRTST DEPTH: 1 ON 28 7 = DUSTSTORM OR SANDSTORM:
VSBY 1/2 MILE OR LESS
8 = SMOKE OR HAZE
[NO. OF DAYS WITH] [WEATHER - DAYS WITH] 9 = BLOWING SNOW
X = TORNADO
MAX 32 OR BELOW: 1 0.01 INCH OR MORE: 11
MAX 90 OR ABOVE: 0 0.10 INCH OR MORE: 4
MIN 32 OR BELOW: 24 0.50 INCH OR MORE: 0
MIN 0 OR BELOW: 0 1.00 INCH OR MORE: 0
[HDD (BASE 65) ]
TOTAL THIS MO. 785 CLEAR (SCALE 0-3) 14
DPTR FM NORMAL -192 PTCLDY (SCALE 4-7) 10
TOTAL FM JUL 1 3722 CLOUDY (SCALE 8-10) 4
DPTR FM NORMAL -584
[CDD (BASE 65) ]
TOTAL THIS MO. 0
DPTR FM NORMAL 0 [PRESSURE DATA]
TOTAL FM JAN 1 0 HIGHEST SLP M ON M
DPTR FM NORMAL 0 LOWEST SLP 29.54 ON 17
[REMARKS]
#FINAL-02-23#